000
CXUS51 KOKX 011424
CF6JFK
PRELIMINARY LOCAL CLIMATOLOGICAL DATA (WS FORM: F-6)
STATION: KENNEDY NY
MONTH: JULY
YEAR: 2023
LATITUDE: 40 39 N
LONGITUDE: 73 47 W
TEMPERATURE IN F: :PCPN: SNOW: WIND :SUNSHINE: SKY :PK WND
================================================================================
1 2 3 4 5 6A 6B 7 8 9 10 11 12 13 14 15 16 17 18
12Z AVG MX 2MIN
DY MAX MIN AVG DEP HDD CDD WTR SNW DPTH SPD SPD DIR MIN PSBL S-S WX SPD DR
================================================================================
1 80 65 73 -2 0 8 0.00 0.0 0 8.6 16 170 M M 6 1 20 180
2 84 69 77 2 0 12 0.47 0.0 0 9.7 17 180 M M 9 138 21 170
3 87 73 80 5 0 15 0.18 0.0 0 9.3 16 180 M M 7 138 20 180
4 82 72 77 2 0 12 0.14 0.0 0 5.7 17 190 M M 7 138 22 210
5 88 70 79 4 0 14 0.00 0.0 0 7.4 16 190 M M 3 18 20 200
6 84 71 78 2 0 13 0.00 0.0 0 7.6 14 150 M M 2 17 190
7 84 74 79 3 0 14 0.00 0.0 0 6.5 14 170 M M 7 17 150
8 84 73 79 3 0 14 0.00 0.0 M 6.8 13 170 M M 7 16 160
9 81 74 78 2 0 13 0.53 0.0 0 10.0 18 150 M M 9 1 24 160
10 87 71 79 3 0 14 T 0.0 M 9.9 18 340 M M 7 23 330
11 86 70 78 2 0 13 0.00 0.0 0 10.6 17 200 M M 2 21 210
12 90 72 81 5 0 16 0.00 0.0 0 9.8 20 180 M M 4 23 180
13 85 72 79 3 0 14 0.00 0.0 0 14.5 28 180 M M 5 36 170
14 84 71 78 2 0 13 0.12 0.0 0 10.4 22 270 M M 8 3 26 270
15 86 72 79 3 0 14 0.00 0.0 0 8.6 21 180 M M 7 25 180
16 81 74 78 2 0 13 0.45 0.0 0 9.3 23 180 M M 9 13 27 180
17 88 74 81 5 0 16 0.00 0.0 0 9.4 20 180 M M 6 1 24 180
18 83 70 77 0 0 12 1.39 0.0 0 8.9 23 250 M M 7 13 26 250
19 78 70 74 -3 0 9 0.12 0.0 0 5.3 18 200 M M 6 18 21 200
20 84 70 77 0 0 12 0.00 0.0 0 7.3 13 180 M M 5 18 17 160
21 83 73 78 1 0 13 0.04 0.0 0 10.8 17 320 M M 5 13 22 180
22 86 70 78 1 0 13 0.00 0.0 0 8.9 16 20 M M 5 22 360
23 86 68 77 0 0 12 0.00 0.0 0 9.5 20 200 M M 3 23 190
24 83 71 77 0 0 12 0.00 0.0 0 10.2 18 170 M M 5 8 22 170
25 84 69 77 0 0 12 0.24 0.0 0 7.3 30 240 M M 5 13 36 240
26 84 68 76 -1 0 11 0.00 0.0 0 10.7 20 190 M M 4 24 180
27 92 73 83 7 0 18 0.02 0.0 0 12.2 24 240 M M 7 13 29 240
28 91 76 84 8 0 19 0.04 0.0 0 7.4 20 240 M M 5 3 23 190
29 90 70 80 4 0 15 0.64 0.0 0 14.3 33 270 M M 7 3 43 270
30 81 66 74 -2 0 9 0.00 0.0 0 12.5 23 350 M M 5 30 350
31 83 64 74 -2 0 9 0.00 0.0 0 9.8 22 200 M M 4 25 200
================================================================================
SM 2629 2195 0 404 4.38 0.0 289.2 M 178
================================================================================
AV 84.8 70.8 9.3 FASTST M M 6 MAX(MPH)
MISC ----> 33 270 43 270
================================================================================
NOTES:
# LAST OF SEVERAL OCCURRENCES
COLUMN 17 PEAK WIND IN M.P.H.
PRELIMINARY LOCAL CLIMATOLOGICAL DATA (WS FORM: F-6) , PAGE 2
STATION: KENNEDY NY
MONTH: JULY
YEAR: 2023
LATITUDE: 40 39 N
LONGITUDE: 73 47 W
[TEMPERATURE DATA] [PRECIPITATION DATA] SYMBOLS USED IN COLUMN 16
AVERAGE MONTHLY: 77.8 TOTAL FOR MONTH: 4.38 1 = FOG OR MIST
DPTR FM NORMAL: 1.7 DPTR FM NORMAL: 0.52 2 = FOG REDUCING VISIBILITY
HIGHEST: 92 ON 27 GRTST 24HR 1.39 ON 18-18 TO 1/4 MILE OR LESS
LOWEST: 64 ON 31 3 = THUNDER
SNOW, ICE PELLETS, HAIL 4 = ICE PELLETS
TOTAL MONTH: 0.0 INCH 5 = HAIL
GRTST 24HR 0.0 6 = FREEZING RAIN OR DRIZZLE
GRTST DEPTH: 0 7 = DUSTSTORM OR SANDSTORM:
VSBY 1/2 MILE OR LESS
8 = SMOKE OR HAZE
[NO. OF DAYS WITH] [WEATHER - DAYS WITH] 9 = BLOWING SNOW
X = TORNADO
MAX 32 OR BELOW: 0 0.01 INCH OR MORE: 13
MAX 90 OR ABOVE: 4 0.10 INCH OR MORE: 10
MIN 32 OR BELOW: 0 0.50 INCH OR MORE: 3
MIN 0 OR BELOW: 0 1.00 INCH OR MORE: 1
[HDD (BASE 65) ]
TOTAL THIS MO. 0 CLEAR (SCALE 0-3) 3
DPTR FM NORMAL 0 PTCLDY (SCALE 4-7) 25
TOTAL FM JUL 1 0 CLOUDY (SCALE 8-10) 3
DPTR FM NORMAL 0
[CDD (BASE 65) ]
TOTAL THIS MO. 404
DPTR FM NORMAL 58 [PRESSURE DATA]
TOTAL FM JAN 1 565 HIGHEST SLP M ON M
DPTR FM NORMAL 10 LOWEST SLP 29.71 ON 10
[REMARKS]
#FINAL-07-23#