000
CXUS51 KOKX 011010
CF6JFK
PRELIMINARY LOCAL CLIMATOLOGICAL DATA (WS FORM: F-6)
STATION: KENNEDY NY
MONTH: NOVEMBER
YEAR: 2022
LATITUDE: 40 39 N
LONGITUDE: 73 47 W
TEMPERATURE IN F: :PCPN: SNOW: WIND :SUNSHINE: SKY :PK WND
================================================================================
1 2 3 4 5 6A 6B 7 8 9 10 11 12 13 14 15 16 17 18
12Z AVG MX 2MIN
DY MAX MIN AVG DEP HDD CDD WTR SNW DPTH SPD SPD DIR MIN PSBL S-S WX SPD DR
================================================================================
1 70 59 65 13 0 0 0.21 0.0 0 8.9 16 290 M M 7 1 20 320
2 72 50 61 10 4 0 0.00 0.0 0 5.9 20 20 M M 2 24 20
3 66 46 56 5 9 0 0.00 0.0 0 3.9 10 140 M M 1 13 150
4 68 47 58 8 7 0 0.00 0.0 0 4.8 12 190 M M 6 128 15 190
5 73 60 67 17 0 2 0.00 0.0 0 11.6 22 170 M M 7 27 170
6 70 64 67 17 0 2 0.00 0.0 M 14.3 20 180 M M 8 25 190
7 80 55 68 18 0 3 0.00 0.0 0 13.8 29 340 M M 4 32 340
8 60 46 53 4 12 0 0.00 0.0 0 15.2 24 360 M M 3 32 360
9 53 39 46 -3 19 0 0.00 0.0 0 7.8 21 20 M M 1 28 30
10 64 42 53 5 12 0 0.00 0.0 0 5.7 13 230 M M 3 15 220
11 68 56 62 14 3 0 0.51 0.0 0 12.5 29 180 M M 10 1 39 170
12 72 60 66 18 0 1 0.06 0.0 0 14.6 29 180 M M 7 1 36 190
13 61 42 52 4 13 0 0.09 0.0 0 14.7 25 300 M M 8 33 290
14 47 35 41 -6 24 0 0.00 0.0 0 12.9 24 310 M M 2 29 310
15 46 33 40 -7 25 0 0.43 0.0 0 11.2 23 40 M M 7 1 30 40
16 53 41 47 0 18 0 0.20 0.0 0 17.3 26 60 M M 8 1 32 290
17 47 38 43 -3 22 0 0.00 0.0 0 17.6 29 260 M M 6 37 260
18 46 35 41 -5 24 0 0.01 T 0 17.5 35 230 M M 4 1 45 260
19 41 32 37 -9 28 0 0.00 0.0 0 13.8 24 250 M M 2 29 250
20 44 30 37 -8 28 0 0.00 0.0 0 18.3 30 300 M M 3 37 270
21 42 28 35 -10 30 0 0.00 0.0 0 14.3 28 230 M M 2 34 220
22 50 37 44 -1 21 0 0.00 0.0 0 10.3 20 250 M M 1 23 250
23 57 34 46 2 19 0 0.00 0.0 0 7.8 17 320 M M 0 21 320
24 53 33 43 -1 22 0 0.00 0.0 0 6.5 15 200 M M 4 20 200
25 55 44 50 6 15 0 0.02 0.0 0 14.9 33 330 M M 8 41 320
26 57 43 50 6 15 0 0.00 0.0 0 13.7 29 310 M M 3 36 300
27 60 42 51 8 14 0 0.56 0.0 0 12.5 25 260 M M 8 1 35 260
28 56 41 49 6 16 0 T 0.0 0 16.6 26 320 M M 3 8 31 320
29 44 34 39 -4 26 0 0.00 0.0 0 4.5 13 350 M M 6 15 350
30 58 35 47 5 18 0 0.34 0.0 0 18.6 37 190 M M 9 1 47 180
================================================================================
SM 1733 1281 444 8 2.43 T 362.0 M 143
================================================================================
AV 57.8 42.7 12.1 FASTST M M 5 MAX(MPH)
MISC ----> 37 190 47 180
================================================================================
NOTES:
# LAST OF SEVERAL OCCURRENCES
COLUMN 17 PEAK WIND IN M.P.H.
PRELIMINARY LOCAL CLIMATOLOGICAL DATA (WS FORM: F-6) , PAGE 2
STATION: KENNEDY NY
MONTH: NOVEMBER
YEAR: 2022
LATITUDE: 40 39 N
LONGITUDE: 73 47 W
[TEMPERATURE DATA] [PRECIPITATION DATA] SYMBOLS USED IN COLUMN 16
AVERAGE MONTHLY: 50.2 TOTAL FOR MONTH: 2.43 1 = FOG OR MIST
DPTR FM NORMAL: 3.4 DPTR FM NORMAL: -0.64 2 = FOG REDUCING VISIBILITY
HIGHEST: 80 ON 7 GRTST 24HR 0.63 ON 15-16 TO 1/4 MILE OR LESS
LOWEST: 28 ON 21 3 = THUNDER
SNOW, ICE PELLETS, HAIL 4 = ICE PELLETS
TOTAL MONTH: T 5 = HAIL
GRTST 24HR T ON 18-18 6 = FREEZING RAIN OR DRIZZLE
GRTST DEPTH: 0 7 = DUSTSTORM OR SANDSTORM:
VSBY 1/2 MILE OR LESS
8 = SMOKE OR HAZE
[NO. OF DAYS WITH] [WEATHER - DAYS WITH] 9 = BLOWING SNOW
X = TORNADO
MAX 32 OR BELOW: 0 0.01 INCH OR MORE: 10
MAX 90 OR ABOVE: 0 0.10 INCH OR MORE: 6
MIN 32 OR BELOW: 3 0.50 INCH OR MORE: 2
MIN 0 OR BELOW: 0 1.00 INCH OR MORE: 0
[HDD (BASE 65) ]
TOTAL THIS MO. 444 CLEAR (SCALE 0-3) 12
DPTR FM NORMAL -102 PTCLDY (SCALE 4-7) 15
TOTAL FM JUL 1 705 CLOUDY (SCALE 8-10) 3
DPTR FM NORMAL -131
[CDD (BASE 65) ]
TOTAL THIS MO. 8
DPTR FM NORMAL 8 [PRESSURE DATA]
TOTAL FM JAN 1 1305 HIGHEST SLP M ON M
DPTR FM NORMAL 289 LOWEST SLP 29.37 ON 27
[REMARKS]
#FINAL-11-22#