000
CXUS51 KOKX 061227
CF6JFK
PRELIMINARY LOCAL CLIMATOLOGICAL DATA (WS FORM: F-6)
STATION: KENNEDY NY
MONTH: JANUARY
YEAR: 2022
LATITUDE: 40 39 N
LONGITUDE: 73 47 W
TEMPERATURE IN F: :PCPN: SNOW: WIND :SUNSHINE: SKY :PK WND
================================================================================
1 2 3 4 5 6A 6B 7 8 9 10 11 12 13 14 15 16 17 18
12Z AVG MX 2MIN
DY MAX MIN AVG DEP HDD CDD WTR SNW DPTH SPD SPD DIR MIN PSBL S-S WX SPD DR
================================================================================
1 53 48 51 16 14 0 1.22 0.0 0 6.2 15 190 M M 10 12 18 200
2 59 38 49 15 16 0 0.03 0.0 0 10.8 24 330 M M 10 12 30 320
3 39 22 31 -3 34 0 0.00 0.0 0 18.2 30 350 M M 8 37 360
4 33 19 26 -8 39 0 0.00 0.0 0 10.3 22 330 M M 4 26 330
5 46 30 38 4 27 0 0.29 T 0 10.2 16 250 M M 9 1 20 230
6 41 34 38 4 27 0 0.00 0.0 0 11.2 23 270 M M 8 29 270
7 35 25 30 -4 35 0 0.31 6.2 6 18.1 30 290 M M 7 1 38 290
8 31 21 26 -7 39 0 0.00 0.0 5 13.2 29 320 M M 2 36 310
9 41 29 35 2 30 0 0.12 0.0 3 15.1 25 210 M M 8 1 30 210
10 41 25 33 0 32 0 0.00 0.0 0 18.0 29 320 M M 6 35 320
11 25 14 20 -13 45 0 T T 0 14.6 30 320 M M 2 38 330
12 41 15 28 -5 37 0 0.00 0.0 0 13.2 26 220 M M 6 32 220
13 49 28 39 6 26 0 0.00 0.0 0 4.1 10 360 M M 8 12 350
14 45 21 33 0 32 0 0.00 0.0 0 20.0 37 340 M M 7 48 360
15 21 11 16 -17 49 0 0.00 0.0 0 18.0 29 330 M M 5 35 320
16 42 9 26 -6 39 0 0.53 0.1 0 12.4 32 80 M M 6 1 41 90
17 46 35 41 9 24 0 0.92 T 0 25.4 43 70 M M 10 1 56 70
18 39 24 32 0 33 0 0.00 0.0 0 18.3 32 300 M M 5 42 290
19 50 22 36 4 29 0 0.00 0.0 0 12.6 28 210 M M 6 33 210
20 45 21 33 1 32 0 0.25 0.1 0 13.9 25 360 M M 9 1 30 350
21 24 14 19 -13 46 0 0.00 0.0 0 16.1 26 360 M M 7 31 360
22 32 14 23 -9 42 0 0.00 0.0 0 10.3 18 20 M M 5 24 20
23 37 24 31 -1 34 0 T 0.1 0 10.1 17 230 M M 7 23 230
24 38 28 33 1 32 0 T 0.1 0 8.2 20 190 M M 9 24 200
25 44 29 37 5 28 0 0.00 0.0 0 11.2 21 200 M M 7 8 25 200
26 29 18 24 -8 41 0 0.00 0.0 0 14.0 25 330 M M 2 30 310
27 32 13 23 -9 42 0 0.00 0.0 0 9.2 17 200 M M 4 20 220
28 35 29 32 0 33 0 0.12 1.9 0 7.7 21 20 M M 10 18 26 20
29 29 12 21 -11 44 0 0.58 9.3 5 25.4 37 330 M M 10 1289 46 320
30 25 12 19 -13 46 0 0.00 0.0 10 13.8 30 310 M M 4 8 36 320
31 32 16 24 -8 41 0 0.00 0.0 9 4.4 9 360 M M 6 12 360
================================================================================
SM 1179 700 1068 0 4.37 17.8 414.2 M 207
================================================================================
AV 38.0 22.6 13.4 FASTST M M 7 MAX(MPH)
MISC ----> 43 70 56 70
================================================================================
NOTES:
# LAST OF SEVERAL OCCURRENCES
COLUMN 17 PEAK WIND IN M.P.H.
PRELIMINARY LOCAL CLIMATOLOGICAL DATA (WS FORM: F-6) , PAGE 2
STATION: KENNEDY NY
MONTH: JANUARY
YEAR: 2022
LATITUDE: 40 39 N
LONGITUDE: 73 47 W
[TEMPERATURE DATA] [PRECIPITATION DATA] SYMBOLS USED IN COLUMN 16
AVERAGE MONTHLY: 30.3 TOTAL FOR MONTH: 4.37 1 = FOG OR MIST
DPTR FM NORMAL: -2.5 DPTR FM NORMAL: 1.14 2 = FOG REDUCING VISIBILITY
HIGHEST: 59 ON 2 GRTST 24HR 1.69 ON 16-17 TO 1/4 MILE OR LESS
LOWEST: 9 ON 16 3 = THUNDER
SNOW, ICE PELLETS, HAIL 4 = ICE PELLETS
TOTAL MONTH: 17.8 INCHES 5 = HAIL
GRTST 24HR 9.3 ON 29-29 6 = FREEZING RAIN OR DRIZZLE
GRTST DEPTH: 10 ON 30 7 = DUSTSTORM OR SANDSTORM:
VSBY 1/2 MILE OR LESS
8 = SMOKE OR HAZE
[NO. OF DAYS WITH] [WEATHER - DAYS WITH] 9 = BLOWING SNOW
X = TORNADO
MAX 32 OR BELOW: 10 0.01 INCH OR MORE: 10
MAX 90 OR ABOVE: 0 0.10 INCH OR MORE: 9
MIN 32 OR BELOW: 27 0.50 INCH OR MORE: 4
MIN 0 OR BELOW: 0 1.00 INCH OR MORE: 1
[HDD (BASE 65) ]
TOTAL THIS MO. 1068 CLEAR (SCALE 0-3) 3
DPTR FM NORMAL 72 PTCLDY (SCALE 4-7) 19
TOTAL FM JUL 1 2385 CLOUDY (SCALE 8-10) 9
DPTR FM NORMAL -278
[CDD (BASE 65) ]
TOTAL THIS MO. 0
DPTR FM NORMAL 0 [PRESSURE DATA]
TOTAL FM JAN 1 0 HIGHEST SLP 30.62 ON 8
DPTR FM NORMAL 0 LOWEST SLP 29.11 ON 17
[REMARKS]
#FINAL-01-22#