000
CXUS53 KJKL 041436
CLMJKL
CLIMATE REPORT
NATIONAL WEATHER SERVICE JACKSON KY
1036 AM EDT TUE JUL 04 2023
...................................
...THE JACKSON KY CLIMATE SUMMARY FOR THE MONTH OF JUNE 2023...
CLIMATE NORMAL PERIOD 1991 TO 2020
CLIMATE RECORD PERIOD 1981 TO 2023
WEATHER OBSERVED NORMAL DEPART LAST YEAR`S
VALUE DATE(S) VALUE FROM VALUE DATE(S)
NORMAL
................................................................
TEMPERATURE (F)
RECORD
HIGH 104 06/29/2012
LOW 44 06/07/1998
06/01/1993
06/10/1988
HIGHEST 88 06/03 90 -2 95 06/16
06/22
LOWEST 50 06/08 50 0 53 06/19
06/09
AVG. MAXIMUM 79.4 82.2 -2.8 85.4
AVG. MINIMUM 60.1 62.9 -2.8 64.5
MEAN 69.8 72.6 -2.8 74.9
DAYS MAX >= 90 0 1.9 -1.9 9
DAYS MAX <= 32 0 0.0 0.0 0
DAYS MIN <= 32 0 0.0 0.0 0
DAYS MIN <= 0 0 0.0 0.0 0
PRECIPITATION (INCHES)
RECORD
MAXIMUM 9.15 1997
MINIMUM 1.37 1988
TOTALS 3.64 5.25 -1.61 3.43
DAILY AVG. 0.12 0.17 -0.05 0.11
DAYS >= .01 11 12.7 -1.7 10
DAYS >= .10 8 8.9 -0.9 5
DAYS >= .50 2 4.1 -2.1 4
DAYS >= 1.00 1 1.3 -0.3 1
GREATEST
24 HR. TOTAL 1.55 06/11 TO 06/12 1.66
SNOWFALL (INCHES)
RECORDS
TOTAL MM MM
TOTALS 0.0 0.0 0.0 0.0
SINCE 7/1 3.4 23.4 -20.0 22.1
SNOWDEPTH AVG. 0 0
DAYS >= 1.0 0 0.0 0.0 0
GREATEST
SNOW DEPTH 0 0
24 HR TOTAL 0.0 0.0
DEGREE DAYS
HEATING TOTAL 7 9 -2 0
SINCE 7/1 3436 4064 -628 3577
COOLING TOTAL 157 235 -78 308
SINCE 1/1 264 394 -130 498
................................................................
WIND (MPH)
AVERAGE WIND SPEED 1.7
HIGHEST WIND SPEED/DIRECTION 18/150 DATE 06/26
HIGHEST GUST SPEED/DIRECTION 32/190 DATE 06/26
SKY COVER
POSSIBLE SUNSHINE (PERCENT) MM
AVERAGE SKY COVER 0.34
NUMBER OF DAYS FAIR 16
NUMBER OF DAYS PC 8
NUMBER OF DAYS CLOUDY 6
AVERAGE RH (PERCENT) 71
WEATHER CONDITIONS. NUMBER OF DAYS WITH
THUNDERSTORM 6 MIXED PRECIP 0
HEAVY RAIN 7 RAIN 7
LIGHT RAIN 13 FREEZING RAIN 0
LT FREEZING RAIN 0 HAIL 0
HEAVY SNOW 0 SNOW 0
LIGHT SNOW 0 SLEET 0
FOG 19 FOG W/VIS <= 1/4 MILE 4
HAZE 8
- INDICATES NEGATIVE NUMBERS.
R INDICATES RECORD WAS SET OR TIED.
MM INDICATES DATA IS MISSING.
T INDICATES TRACE AMOUNT.
$$
CARICO