000
CXUS53 KSGF 010710
CF6JLN
PRELIMINARY LOCAL CLIMATOLOGICAL DATA (WS FORM: F-6)
STATION: JOPLIN MO
MONTH: AUGUST
YEAR: 2022
LATITUDE: 37 10 N
LONGITUDE: 94 30 W
TEMPERATURE IN F: :PCPN: SNOW: WIND :SUNSHINE: SKY :PK WND
================================================================================
1 2 3 4 5 6A 6B 7 8 9 10 11 12 13 14 15 16 17 18
12Z AVG MX 2MIN
DY MAX MIN AVG DEP HDD CDD WTR SNW DPTH SPD SPD DIR MIN PSBL S-S WX SPD DR
================================================================================
1 99 74 87 7 0 22 0.00 M M 13.6 28 230 M M 1 40 210
2 101 76 89 9 0 24 0.00 M M 12.6 21 210 M M 1 27 170
3 102 80 91 11 0 26 0.01 M M 14.0 24 200 M M 0 34 210
4 94 72 83 3 0 18 0.27 M M 10.2 23 170 M M 4 13 33 60
5 100 74 87 7 0 22 0.05 M M 7.1 15 220 M M 2 19 200
6 99 78 89 9 0 24 0.00 M M 11.4 23 200 M M 2 30 200
7 97 79 88 8 0 23 0.00 M M 12.2 20 190 M M 2 28 200
8 101 74 88 8 0 23 0.12 M M 10.4 21 240 M M 3 13 33 220
9 90 71 81 1 0 16 0.65 M M 3.6 21 190 M M 7 13 26 190
10 93 70 82 2 0 17 0.00 M M 5.4 15 20 M M 2 21 40
11 93 65 79 -1 0 14 0.00 M M 6.8 16 40 M M 0 21 20
12 94 64 79 -1 0 14 0.00 M M 5.2 13 110 M M 0 19 150
13 95 70 83 3 0 18 0.00 M M 7.7 14 190 M M 1 21 180
14 100 72 86 6 0 21 0.00 M M 8.2 17 240 M M 0 23 240
15 100 70 85 5 0 20 0.00 M M 7.0 18 170 M M 1 23 200
16 88 70 79 0 0 14 1.39 M M 12.0 21 360 M M 6 13 30 60
17 79 65 72 -7 0 7 T M M 6.2 17 80 M M 8 1 26 80
18 87 63 75 -4 0 10 0.00 M M 2.6 9 110 M M 3 1 16 310
19 90 65 78 -1 0 13 0.00 M M 7.2 15 180 M M 2 19 180
20 93 70 82 3 0 17 0.05 M M 7.3 18 310 M M 5 13 25 220
21 87 69 78 0 0 13 0.00 M M 4.9 13 20 M M 5 16 30
22 88 66 77 -1 0 12 0.00 M M 6.8 16 20 M M 2 28 20
23 90 64 77 -1 0 12 0.00 M M 5.7 13 70 M M 4 25 110
24 91 64 78 0 0 13 0.00 M M 4.0 12 110 M M 3 21 110
25 93 63 78 0 0 13 0.00 M M 2.3 10 120 M M 0 1 14 80
26 95 67 81 3 0 16 0.41 M M 3.3 24 100 M M 2 13 40 120
27 92 71 82 5 0 17 0.00 M M 8.7 16 180 M M 2 22 170
28 92 70 81 4 0 16 1.90 M M 12.3 26 220 M M 4 123 32 230
29 89 68 79 2 0 14 0.02 M M 9.4 18 190 M M 5 3 25 200
30 92 67 80 4 0 15 0.00 M M 3.8 15 10 M M 1 21 10
31 90 61 76 0 0 11 0.00 M M 3.0 10 40 M M 1 13 20
================================================================================
SM 2894 2152 0 515 4.87 M 234.9 M 79
================================================================================
AV 93.4 69.4 7.6 FASTST M M 3 MAX(MPH)
MISC ----> 28 230 # 40 210
================================================================================
NOTES:
# LAST OF SEVERAL OCCURRENCES
COLUMN 17 PEAK WIND IN M.P.H.
PRELIMINARY LOCAL CLIMATOLOGICAL DATA (WS FORM: F-6) , PAGE 2
STATION: JOPLIN MO
MONTH: AUGUST
YEAR: 2022
LATITUDE: 37 10 N
LONGITUDE: 94 30 W
[TEMPERATURE DATA] [PRECIPITATION DATA] SYMBOLS USED IN COLUMN 16
AVERAGE MONTHLY: 81.4 TOTAL FOR MONTH: 4.87 1 = FOG OR MIST
DPTR FM NORMAL: 2.4 DPTR FM NORMAL: 1.51 2 = FOG REDUCING VISIBILITY
HIGHEST: 102 ON 3 GRTST 24HR 1.90 ON 28-28 TO 1/4 MILE OR LESS
LOWEST: 61 ON 31 3 = THUNDER
SNOW, ICE PELLETS, HAIL 4 = ICE PELLETS
TOTAL MONTH: M 5 = HAIL
GRTST 24HR M ON M 6 = FREEZING RAIN OR DRIZZLE
GRTST DEPTH: M ON M 7 = DUSTSTORM OR SANDSTORM:
VSBY 1/2 MILE OR LESS
8 = SMOKE OR HAZE
[NO. OF DAYS WITH] [WEATHER - DAYS WITH] 9 = BLOWING SNOW
X = TORNADO
MAX 32 OR BELOW: 0 0.01 INCH OR MORE: 10
MAX 90 OR ABOVE: 25 0.10 INCH OR MORE: 6
MIN 32 OR BELOW: 0 0.50 INCH OR MORE: 3
MIN 0 OR BELOW: 0 1.00 INCH OR MORE: 2
[HDD (BASE 65) ]
TOTAL THIS MO. 0 CLEAR (SCALE 0-3) 21
DPTR FM NORMAL -1 PTCLDY (SCALE 4-7) 10
TOTAL FM JUL 1 0 CLOUDY (SCALE 8-10) 0
DPTR FM NORMAL 0
[CDD (BASE 65) ]
TOTAL THIS MO. 515
DPTR FM NORMAL 82 [PRESSURE DATA]
TOTAL FM JAN 1 1772 HIGHEST SLP M ON M
DPTR FM NORMAL 383 LOWEST SLP 29.72 ON 28
[REMARKS]
#FINAL-08-22#