000
CXUS53 KSGF 010710
CF6JLN
PRELIMINARY LOCAL CLIMATOLOGICAL DATA (WS FORM: F-6)
STATION: JOPLIN MO
MONTH: JUNE
YEAR: 2021
LATITUDE: 37 10 N
LONGITUDE: 94 30 W
TEMPERATURE IN F: :PCPN: SNOW: WIND :SUNSHINE: SKY :PK WND
================================================================================
1 2 3 4 5 6A 6B 7 8 9 10 11 12 13 14 15 16 17 18
12Z AVG MX 2MIN
DY MAX MIN AVG DEP HDD CDD WTR SNW DPTH SPD SPD DIR MIN PSBL S-S WX SPD DR
================================================================================
1 65 58 62 -10 3 0 0.32 M M 6.6 12 50 M M 10 1 18 70
2 73 56 65 -7 0 0 0.00 M M 4.6 12 360 M M 7 1 16 350
3 81 53 67 -5 0 2 0.00 M M 2.8 8 150 M M 2 1 12 220
4 83 59 71 -2 0 6 0.00 M M 6.4 14 220 M M 2 21 180
5 83 63 73 0 0 8 0.00 M M 7.5 14 150 M M 1 19 140
6 82 66 74 1 0 9 T M M 7.6 15 170 M M 4 20 160
7 83 64 74 0 0 9 T M M 6.3 21 200 M M 2 8 27 210
8 86 66 76 2 0 11 0.02 M M 2.9 9 50 M M 6 1 13 140
9 92 68 80 6 0 15 0.00 M M 2.1 7 80 M M 3 1 10 100
10 93 70 82 8 0 17 0.00 M M 2.7 8 120 M M 3 1 12 130
11 91 71 81 6 0 16 0.81 M M 8.0 33 330 M M 3 13 45 330
12 91 71 81 6 0 16 0.00 M M 6.0 14 60 M M 3 18 50
13 89 65 77 2 0 12 0.00 M M 4.6 12 60 M M 0 1 19 70
14 92 60 76 0 0 11 0.00 M M 2.0 9 120 M M 0 18 13 130
15 94 65 80 4 0 15 0.00 M M 3.1 9 360 M M 0 12 10
16 94 71 83 7 0 18 0.00 M M 4.3 8 210 M M 2 11 130
17 95 73 84 8 0 19 0.00 M M 8.6 16 210 M M 0 23 220
18 93 77 85 9 0 20 0.00 M M 12.1 18 200 M M 0 26 210
19 90 74 82 5 0 17 0.00 M M 10.4 17 220 M M 0 1 26 180
20 93 72 83 6 0 18 0.00 M M 16.0 28 200 M M 0 38 210
21 82 57 70 -7 0 5 0.22 M M 7.8 18 350 M M 4 13 28 10
22 84 53 69 -8 0 4 0.00 M M 7.2 16 170 M M 1 20 160
23 90 61 76 -2 0 11 0.00 M M 14.3 21 170 M M 2 28 180
24 94 74 84 6 0 19 0.00 M M 17.0 26 180 M M 2 8 38 180
25 94 70 82 4 0 17 0.00 M M 16.3 28 200 M M 3 37 200
26 83 68 76 -2 0 11 3.30 M M 8.7 29 350 M M 7 13 40 350
27 84 69 77 -1 0 12 1.94 M M 3.4 21 240 M M 7 13 27 240
28 84 70 77 -1 0 12 1.27 M M 6.5 16 160 M M 6 13 23 100
29 87 69 78 0 0 13 0.06 M M 5.8 24 170 M M 2 13 32 160
30 86 71 79 0 0 14 0.14 M M 6.2 15 190 M M 4 13 19 190
================================================================================
SM 2611 1984 3 357 8.08 M 217.8 M 86
================================================================================
AV 87.0 66.1 7.3 FASTST M M 3 MAX(MPH)
MISC ----> 33 330 45 330
================================================================================
NOTES:
# LAST OF SEVERAL OCCURRENCES
COLUMN 17 PEAK WIND IN M.P.H.
PRELIMINARY LOCAL CLIMATOLOGICAL DATA (WS FORM: F-6) , PAGE 2
STATION: JOPLIN MO
MONTH: JUNE
YEAR: 2021
LATITUDE: 37 10 N
LONGITUDE: 94 30 W
[TEMPERATURE DATA] [PRECIPITATION DATA] SYMBOLS USED IN COLUMN 16
AVERAGE MONTHLY: 76.6 TOTAL FOR MONTH: 8.08 1 = FOG OR MIST
DPTR FM NORMAL: 1.0 DPTR FM NORMAL: 2.48 2 = FOG REDUCING VISIBILITY
HIGHEST: 95 ON 17 GRTST 24HR 3.35 ON 26-27 TO 1/4 MILE OR LESS
LOWEST: 53 ON 22, 3 3 = THUNDER
SNOW, ICE PELLETS, HAIL 4 = ICE PELLETS
TOTAL MONTH: M 5 = HAIL
GRTST 24HR M ON M 6 = FREEZING RAIN OR DRIZZLE
GRTST DEPTH: M ON M 7 = DUSTSTORM OR SANDSTORM:
VSBY 1/2 MILE OR LESS
8 = SMOKE OR HAZE
[NO. OF DAYS WITH] [WEATHER - DAYS WITH] 9 = BLOWING SNOW
X = TORNADO
MAX 32 OR BELOW: 0 0.01 INCH OR MORE: 9
MAX 90 OR ABOVE: 14 0.10 INCH OR MORE: 7
MIN 32 OR BELOW: 0 0.50 INCH OR MORE: 4
MIN 0 OR BELOW: 0 1.00 INCH OR MORE: 3
[HDD (BASE 65) ]
TOTAL THIS MO. 3 CLEAR (SCALE 0-3) 19
DPTR FM NORMAL -1 PTCLDY (SCALE 4-7) 10
TOTAL FM JUL 1 4145 CLOUDY (SCALE 8-10) 1
DPTR FM NORMAL 29
[CDD (BASE 65) ]
TOTAL THIS MO. 357
DPTR FM NORMAL 35 [PRESSURE DATA]
TOTAL FM JAN 1 473 HIGHEST SLP M ON M
DPTR FM NORMAL -21 LOWEST SLP 29.62 ON 20
[REMARKS]
#FINAL-06-21#