000
CXUS53 KBIS 020643
CF6JMS
PRELIMINARY LOCAL CLIMATOLOGICAL DATA (WS FORM: F-6)
STATION: JAMESTOWN ND
MONTH: OCTOBER
YEAR: 2021
LATITUDE: 46 55 N
LONGITUDE: 98 40 W
TEMPERATURE IN F: :PCPN: SNOW: WIND :SUNSHINE: SKY :PK WND
================================================================================
1 2 3 4 5 6A 6B 7 8 9 10 11 12 13 14 15 16 17 18
12Z AVG MX 2MIN
DY MAX MIN AVG DEP HDD CDD WTR SNW DPTH SPD SPD DIR MIN PSBL S-S WX SPD DR
================================================================================
1 60 57 59 7 6 0 0.08 M M 5.6 12 330 M M 9 1 15 20
2 74 47 61 10 4 0 0.00 M M 4.2 12 330 M M 2 16 340
3 77 41 59 8 6 0 0.00 M M 5.3 13 230 M M 1 18 20 260
4 83 44 64 14 1 0 0.00 M M 3.6 12 140 M M 0 15 140
5 82 48 65 15 0 0 0.00 M M 11.9 29 180 M M 0 39 180
6 79 53 66 17 0 1 0.00 M M 14.7 24 180 M M 0 32 170
7 78 55 67 19 0 2 0.00 M M 11.4 21 200 M M 1 28 170
8 74 54 64 16 1 0 T M M 5.4 14 360 M M 5 18 19 360
9 60 54 57 9 8 0 2.02 M M 10.1 28 30 M M 10 1 42 40
10 55 43 49 2 16 0 1.27 M M 16.1 30 330 M M 8 1 45 330
11 60 40 50 4 15 0 0.00 M M 11.7 22 320 M M 0 29 320
12 56 35 46 0 19 0 0.00 M M 9.4 15 60 M M 1 23 60
13 59 45 52 7 13 0 1.21 M M 13.5 25 290 M M 9 1 37 90
14 50 41 46 1 19 0 0.00 M M 18.3 29 270 M M 9 1 43 260
15 52 37 45 1 20 0 0.00 M M 12.0 22 300 M M 5 30 300
16 63 33 48 4 17 0 0.00 M M 7.4 17 290 M M 0 8 25 290
17 72 33 53 10 12 0 0.00 M M 6.7 18 210 M M 0 24 190
18 75 41 58 15 7 0 0.00 M M 10.7 22 180 M M 0 33 180
19 50 42 46 4 19 0 0.00 M M 13.8 22 20 M M 7 35 10
20 45 30 38 -4 27 0 0.00 M M 14.9 24 10 M M 4 35 10
21 46 25 36 -5 29 0 0.00 M M 4.5 12 320 M M 1 18 16 340
22 48 28 38 -3 27 0 T M M 5.4 12 70 M M 4 18 15 60
23 49 24 37 -3 28 0 0.00 M M 8.8 18 130 M M 2 8 25 130
24 43 37 40 0 25 0 0.18 M M 7.6 14 90 M M 10 18 19 90
25 51 34 43 4 22 0 0.00 M M 13.8 25 130 M M 3 36 140
26 51 41 46 7 19 0 0.00 M M 15.3 25 140 M M 6 18 38 130
27 49 41 45 7 20 0 0.30 M M 5.4 14 140 M M 7 1 20 140
28 57 35 46 8 19 0 0.00 M M 12.7 26 320 M M 0 35 330
29 61 27 44 7 21 0 0.00 M M 8.9 21 200 M M 0 27 200
30 52 36 44 8 21 0 0.00 M M 14.3 30 330 M M 2 44 330
31 46 28 37 1 28 0 0.00 M M 13.5 24 300 M M 5 31 290
================================================================================
SM 1857 1229 469 3 5.06 M 316.9 M 111
================================================================================
AV 59.9 39.6 10.2 FASTST M M 4 MAX(MPH)
MISC ----> # 30 330 45 330
================================================================================
NOTES:
# LAST OF SEVERAL OCCURRENCES
COLUMN 17 PEAK WIND IN M.P.H.
PRELIMINARY LOCAL CLIMATOLOGICAL DATA (WS FORM: F-6) , PAGE 2
STATION: JAMESTOWN ND
MONTH: OCTOBER
YEAR: 2021
LATITUDE: 46 55 N
LONGITUDE: 98 40 W
[TEMPERATURE DATA] [PRECIPITATION DATA] SYMBOLS USED IN COLUMN 16
AVERAGE MONTHLY: 49.8 TOTAL FOR MONTH: 5.06 1 = FOG OR MIST
DPTR FM NORMAL: 6.0 DPTR FM NORMAL: 3.39 2 = FOG REDUCING VISIBILITY
HIGHEST: 83 ON 4 GRTST 24HR 2.02 ON 9- 9 TO 1/4 MILE OR LESS
LOWEST: 24 ON 23 3 = THUNDER
SNOW, ICE PELLETS, HAIL 4 = ICE PELLETS
TOTAL MONTH: M 5 = HAIL
GRTST 24HR M ON M 6 = FREEZING RAIN OR DRIZZLE
GRTST DEPTH: M ON M 7 = DUSTSTORM OR SANDSTORM:
VSBY 1/2 MILE OR LESS
8 = SMOKE OR HAZE
[NO. OF DAYS WITH] [WEATHER - DAYS WITH] 9 = BLOWING SNOW
X = TORNADO
MAX 32 OR BELOW: 0 0.01 INCH OR MORE: 6
MAX 90 OR ABOVE: 0 0.10 INCH OR MORE: 5
MIN 32 OR BELOW: 6 0.50 INCH OR MORE: 3
MIN 0 OR BELOW: 0 1.00 INCH OR MORE: 3
[HDD (BASE 65) ]
TOTAL THIS MO. 469 CLEAR (SCALE 0-3) 17
DPTR FM NORMAL -190 PTCLDY (SCALE 4-7) 8
TOTAL FM JUL 1 574 CLOUDY (SCALE 8-10) 6
DPTR FM NORMAL -382
[CDD (BASE 65) ]
TOTAL THIS MO. 3
DPTR FM NORMAL 1 [PRESSURE DATA]
TOTAL FM JAN 1 798 HIGHEST SLP 30.31 ON 21
DPTR FM NORMAL 377 LOWEST SLP 29.23 ON 13
[REMARKS]
#FINAL-10-21#
PRECIPITATION SENSORS MALFUNCTIONED ON 10/9 AND 10/13. USED COOP PRECIPITATION DATA FROM COOP SITE LOCATED 3.2 MILES SOUTH.