000
CXUS52 TJSJ 031744
CF6JSJ
PRELIMINARY LOCAL CLIMATOLOGICAL DATA (WS FORM: F-6)
STATION: SAN JUAN AREA/PR
MONTH: FEBRUARY
YEAR: 2023
LATITUDE: 18 25 N
LONGITUDE: 66 0 W
TEMPERATURE IN F: :PCPN: SNOW: WIND :SUNSHINE: SKY :PK WND
================================================================================
1 2 3 4 5 6A 6B 7 8 9 10 11 12 13 14 15 16 17 18
12Z AVG MX 2MIN
DY MAX MIN AVG DEP HDD CDD WTR SNW DPTH SPD SPD DIR MIN PSBL S-S WX SPD DR
================================================================================
1 83 73 78 0 0 13 0.39 M M 12.5 22 30 M M 6 1 31 40
2 84 74 79 1 0 14 0.17 M M 11.9 22 70 M M 6 26 70
3 84 73 79 1 0 14 0.06 M M 9.3 21 70 M M 4 24 70
4 83 72 78 0 0 13 0.15 M M 7.5 21 70 M M 6 M M
5 83 74 79 1 0 14 0.05 M M 12.0 30 80 M M 6 18 35 80
6 86 71 79 1 0 14 0.00 M M 9.6 23 70 M M 3 29 80
7 85 73 79 1 0 14 0.16 M M 10.7 24 90 M M 5 18 29 70
8 84 74 79 1 0 14 0.16 M M 12.8 28 90 M M 5 36 80
9 85 73 79 1 0 14 0.23 M M 14.7 28 80 M M 5 33 80
10 85 74 80 2 0 15 0.16 M M 14.9 25 80 M M 5 32 80
11 83 72 78 0 0 13 0.05 M M 9.1 23 90 M M 4 28 80
12 85 72 79 1 0 14 0.03 M M 9.4 24 60 M M 4 31 60
13 85 72 79 1 0 14 0.02 M M 7.3 21 90 M M 4 24 90
14 84 74 79 1 0 14 0.02 M M 6.2 16 70 M M 4 1 20 80
15 84 73 79 1 0 14 0.09 M M 10.6 24 70 M M 5 28 70
16 83 74 79 1 0 14 0.47 M M 16.0 31 70 M M 5 1 37 70
17 83 75 79 1 0 14 T M M 17.3 25 80 M M 5 30 60
18 84 73 79 1 0 14 0.06 M M 14.2 25 70 M M 4 30 80
19 83 73 78 0 0 13 0.08 M M 15.0 26 90 M M 5 32 80
20 83 72 78 0 0 13 0.03 M M 10.5 24 70 M M 4 29 70
21 83 70 77 -1 0 12 0.03 M M 7.7 22 70 M M 4 27 70
22 84 74 79 1 0 14 0.01 M M 10.0 18 70 M M 4 25 40
23 83 76 80 2 0 15 0.06 M M 13.8 23 70 M M 7 28 90
24 83 76 80 2 0 15 0.02 M M 12.6 18 60 M M 4 24 40
25 83 75 79 1 0 14 0.05 M M 12.2 20 70 M M 6 25 50
26 83 71 77 -1 0 12 0.03 M M 6.0 15 60 M M 4 22 50
27 82 72 77 -1 0 12 0.00 M M 4.8 12 30 M M 3 M M
28 84 70 77 -1 0 12 0.00 M M 6.9 18 70 M M 3 23 80
================================================================================
SM 2344 2045 0 382 2.58 M 305.5 M 130
================================================================================
AV 83.7 73.0 10.9 FASTST M M 5 MAX(MPH)
MISC ----> 31 70 37 70
================================================================================
NOTES:
# LAST OF SEVERAL OCCURRENCES
COLUMN 17 PEAK WIND IN M.P.H.
PRELIMINARY LOCAL CLIMATOLOGICAL DATA (WS FORM: F-6) , PAGE 2
STATION: SAN JUAN AREA/PR
MONTH: FEBRUARY
YEAR: 2023
LATITUDE: 18 25 N
LONGITUDE: 66 0 W
[TEMPERATURE DATA] [PRECIPITATION DATA] SYMBOLS USED IN COLUMN 16
AVERAGE MONTHLY: 78.4 TOTAL FOR MONTH: 2.58 1 = FOG OR MIST
DPTR FM NORMAL: 0.6 DPTR FM NORMAL: -0.00 2 = FOG REDUCING VISIBILITY
HIGHEST: 86 ON 6 GRTST 24HR 0.48 ON 1- 2 TO 1/4 MILE OR LESS
LOWEST: 70 ON 28,21 3 = THUNDER
SNOW, ICE PELLETS, HAIL 4 = ICE PELLETS
TOTAL MONTH: M 5 = HAIL
GRTST 24HR M ON M 6 = FREEZING RAIN OR DRIZZLE
GRTST DEPTH: M ON M 7 = DUSTSTORM OR SANDSTORM:
VSBY 1/2 MILE OR LESS
8 = SMOKE OR HAZE
[NO. OF DAYS WITH] [WEATHER - DAYS WITH] 9 = BLOWING SNOW
X = TORNADO
MAX 32 OR BELOW: 0 0.01 INCH OR MORE: 24
MAX 90 OR ABOVE: 0 0.10 INCH OR MORE: 8
MIN 32 OR BELOW: 0 0.50 INCH OR MORE: 0
MIN 0 OR BELOW: 0 1.00 INCH OR MORE: 0
[HDD (BASE 65) ]
TOTAL THIS MO. 0 CLEAR (SCALE 0-3) 3
DPTR FM NORMAL 0 PTCLDY (SCALE 4-7) 25
TOTAL FM JUL 1 0 CLOUDY (SCALE 8-10) 0
DPTR FM NORMAL 0
[CDD (BASE 65) ]
TOTAL THIS MO. 382
DPTR FM NORMAL 24 [PRESSURE DATA]
TOTAL FM JAN 1 800 HIGHEST SLP 30.21 ON 23
DPTR FM NORMAL 48 LOWEST SLP 29.93 ON 13
[REMARKS]
#FINAL-02-23#