000
CXUS51 KCTP 010800
CF6JST
PRELIMINARY LOCAL CLIMATOLOGICAL DATA (WS FORM: F-6)
STATION: JOHNSTOWN
MONTH: MAY
YEAR: 2022
LATITUDE: 40 18 N
LONGITUDE: 78 50 W
TEMPERATURE IN F: :PCPN: SNOW: WIND :SUNSHINE: SKY :PK WND
================================================================================
1 2 3 4 5 6A 6B 7 8 9 10 11 12 13 14 15 16 17 18
12Z AVG MX 2MIN
DY MAX MIN AVG DEP HDD CDD WTR SNW DPTH SPD SPD DIR MIN PSBL S-S WX SPD DR
================================================================================
1 57 48 53 -1 12 0 0.47 M M 8.1 16 150 M M 8 12 22 160
2 64 49 57 2 8 0 0.00 M M 7.9 23 250 M M 6 12 28 250
3 70 45 58 3 7 0 0.81 M M 8.1 22 300 M M 2 1 31 300
4 60 50 55 0 10 0 0.31 M M 9.4 22 310 M M 10 1 29 300
5 66 49 58 2 7 0 0.00 M M 5.5 14 160 M M 6 17 170
6 56 46 51 -5 14 0 1.38 M M 8.5 18 80 M M 10 12 29 90
7 48 41 45 -11 20 0 0.58 M M 12.4 20 50 M M 10 1 31 90
8 59 36 48 -8 17 0 0.00 M M 6.5 14 50 M M 1 21 100
9 67 39 53 -4 12 0 0.00 M M 5.6 14 40 M M 0 20 90
10 71 47 59 2 6 0 0.00 M M 5.4 12 100 M M 0 17 70
11 75 47 61 4 4 0 0.00 M M 4.8 15 40 M M 0 23 30
12 73 50 62 4 3 0 0.00 M M 5.4 15 90 M M 2 22 70
13 72 59 66 8 0 1 0.07 M M 7.9 16 100 M M 8 1 24 100
14 73 60 67 9 0 2 T M M 6.5 15 170 M M 6 1 19 170
15 77 57 67 9 0 2 0.00 M M 7.3 17 290 M M 2 23 270
16 66 49 58 -1 7 0 0.14 M M 10.9 30 300 M M 5 1 37 240
17 66 47 57 -2 8 0 0.00 M M 13.1 28 300 M M 3 36 290
18 61 42 52 -7 13 0 0.14 M M 5.0 12 150 M M 5 16 150
19 70 52 61 2 4 0 0.03 M M 9.5 22 280 M M 7 12 30 270
20 79 58 69 9 0 4 0.27 M M 10.6 21 240 M M 4 1 28 200
21 84 64 74 14 0 9 0.00 M M 11.4 21 250 M M 2 30 260
22 77 50 64 4 1 0 0.49 M M 10.3 24 300 M M 4 12 36 290
23 62 46 54 -6 11 0 0.11 M M 4.3 12 60 M M 5 1 16 40
24 58 49 54 -7 11 0 0.01 M M 7.2 13 150 M M 9 18 18 140
25 65 50 58 -3 7 0 0.00 M M 10.6 21 150 M M 8 28 160
26 73 55 64 3 1 0 0.00 M M 12.9 18 160 M M 5 26 150
27 70 55 63 2 2 0 0.70 M M 8.8 18 160 M M 8 1 24 160
28 66 54 60 -2 5 0 0.01 M M 8.8 17 320 M M 8 12 22 310
29 77 51 64 2 1 0 0.00 M M 4.9 10 140 M M 1 13 230
30 83 61 72 10 0 7 0.00 M M 6.1 13 290 M M 0 18 250
31 84 64 74 12 0 9 0.00 M M 8.1 17 270 M M 1 24 270
================================================================================
SM 2129 1570 191 34 5.52 M 251.8 M 146
================================================================================
AV 68.7 50.6 8.1 FASTST M M 5 MAX(MPH)
MISC ----> 30 300 37 240
================================================================================
NOTES:
# LAST OF SEVERAL OCCURRENCES
COLUMN 17 PEAK WIND IN M.P.H.
PRELIMINARY LOCAL CLIMATOLOGICAL DATA (WS FORM: F-6) , PAGE 2
STATION: JOHNSTOWN
MONTH: MAY
YEAR: 2022
LATITUDE: 40 18 N
LONGITUDE: 78 50 W
[TEMPERATURE DATA] [PRECIPITATION DATA] SYMBOLS USED IN COLUMN 16
AVERAGE MONTHLY: 59.7 TOTAL FOR MONTH: 5.52 1 = FOG OR MIST
DPTR FM NORMAL: 1.2 DPTR FM NORMAL: 1.40 2 = FOG REDUCING VISIBILITY
HIGHEST: 84 ON 31,21 GRTST 24HR 1.55 ON 6- 7 TO 1/4 MILE OR LESS
LOWEST: 36 ON 8 3 = THUNDER
SNOW, ICE PELLETS, HAIL 4 = ICE PELLETS
TOTAL MONTH: M 5 = HAIL
GRTST 24HR M ON M 6 = FREEZING RAIN OR DRIZZLE
GRTST DEPTH: M ON M 7 = DUSTSTORM OR SANDSTORM:
VSBY 1/2 MILE OR LESS
8 = SMOKE OR HAZE
[NO. OF DAYS WITH] [WEATHER - DAYS WITH] 9 = BLOWING SNOW
X = TORNADO
MAX 32 OR BELOW: 0 0.01 INCH OR MORE: 15
MAX 90 OR ABOVE: 0 0.10 INCH OR MORE: 11
MIN 32 OR BELOW: 0 0.50 INCH OR MORE: 4
MIN 0 OR BELOW: 0 1.00 INCH OR MORE: 1
[HDD (BASE 65) ]
TOTAL THIS MO. 191 CLEAR (SCALE 0-3) 12
DPTR FM NORMAL -42 PTCLDY (SCALE 4-7) 14
TOTAL FM JUL 1 5772 CLOUDY (SCALE 8-10) 5
DPTR FM NORMAL -494
[CDD (BASE 65) ]
TOTAL THIS MO. 34
DPTR FM NORMAL 2 [PRESSURE DATA]
TOTAL FM JAN 1 44 HIGHEST SLP 30.39 ON 10
DPTR FM NORMAL 6 LOWEST SLP 29.59 ON 7
[REMARKS]
#FINAL-05-22#