000
CXUS52 KKEY 011907 CCA
CF6KEY
PRELIMINARY LOCAL CLIMATOLOGICAL DATA (WS FORM: F-6)...CORRECTED
STATION: KEY WEST WFO
MONTH: OCTOBER
YEAR: 2021
LATITUDE: 24 33 N
LONGITUDE: 81 47 W
TEMPERATURE IN F: :PCPN: SNOW: WIND :SUNSHINE: SKY :PK WND
================================================================================
1 2 3 4 5 6A 6B 7 8 9 10 11 12 13 14 15 16 17 18
12Z AVG MX 2MIN
DY MAX MIN AVG DEP HDD CDD WTR SNW DPTH SPD SPD DIR MIN PSBL S-S WX SPD DR
================================================================================
1 89 76 83 M 0 18 T 0.0 0 M M M M M M M M
2 89 77 83 M 0 18 0.04 0.0 0 M M M M M M M M
3 90 78 84 M 0 19 0.08 0.0 0 M M M M M M M M
4 88 77 83 M 0 18 0.00 0.0 0 M M M M M M M M
5 89 77 83 M 0 18 0.02 0.0 0 M M M M M M M M
6 90 80 85 M 0 20 T 0.0 0 M M M M M M M M
7 90 81 86 M 0 21 0.02 0.0 0 M M M M M M M M
8 89 81 85 M 0 20 0.00 0.0 0 M M M M M M M M
9 88 76 82 M 0 17 0.34 0.0 0 M M M M M M M M
10 87 75 81 M 0 16 T 0.0 0 M M M M M M M M
11 87 75 81 M 0 16 T 0.0 0 M M M M M M M M
12 87 75 81 M 0 16 0.01 0.0 0 M M M M M M M M
13 84 73 79 M 0 14 1.28 0.0 0 M M M M M M M M
14 86 75 81 M 0 16 0.10 0.0 0 M M M M M M M M
15 86 74 80 M 0 15 0.02 0.0 0 M M M M M M M M
16 85 74 80 M 0 15 1.52 0.0 0 M M M M M M M M
17 85 74 80 M 0 15 T 0.0 0 M M M M M M M M
18 85 76 81 M 0 16 0.11 0.0 0 M M M M M M M M
19 86 75 81 M 0 16 0.00 0.0 0 M M M M M M M M
20 86 75 81 M 0 16 0.00 0.0 0 M M M M M M M M
21 87 77 82 M 0 17 T 0.0 0 M M M M M M M M
22 81 74 78 M 0 13 0.03 0.0 0 M M M M M M M M
23 85 73 79 M 0 14 T 0.0 0 M M M M M M M M
24 86 75 81 M 0 16 0.05 0.0 0 M M M M M M M M
25 84 80 82 M 0 17 0.07 0.0 0 M M M M M M M M
26 87 78 83 M 0 18 0.00 0.0 0 M M M M M M M M
27 86 77 82 M 0 17 0.00 0.0 0 M M M M M M M M
28 86 77 82 M 0 17 0.22 0.0 0 M M M M M M M M
29 84 75 80 M 0 15 1.05 0.0 0 M M M M M M M M
30 83 75 79 M 0 14 0.01 0.0 0 M M M M M M M M
31 82 72 77 M 0 12 T 0.0 0 M M M M M M M M
================================================================================
SM 2677 2357 0 510 4.97 0.0 M M M
================================================================================
AV 86.4 76.0 M FASTST M M M MAX(MPH)
MISC ----> M M M M
================================================================================
NOTES:
# LAST OF SEVERAL OCCURRENCES
COLUMN 17 PEAK WIND IN M.P.H.
PRELIMINARY LOCAL CLIMATOLOGICAL DATA (WS FORM: F-6) , PAGE 2
STATION: KEY WEST WFO
MONTH: OCTOBER
YEAR: 2021
LATITUDE: 24 33 N
LONGITUDE: 81 47 W
[TEMPERATURE DATA] [PRECIPITATION DATA] SYMBOLS USED IN COLUMN 16
AVERAGE MONTHLY: 81.2 TOTAL FOR MONTH: 4.97 1 = FOG OR MIST
DPTR FM NORMAL: 0.0 DPTR FM NORMAL: M 2 = FOG REDUCING VISIBILITY
HIGHEST: 90 ON 7, 6 GRTST 24HR 1.52 ON 16-16 TO 1/4 MILE OR LESS
LOWEST: 72 ON 31 3 = THUNDER
SNOW, ICE PELLETS, HAIL 4 = ICE PELLETS
TOTAL MONTH: 0.0 INCH 5 = HAIL
GRTST 24HR 0.0 6 = FREEZING RAIN OR DRIZZLE
GRTST DEPTH: 0 7 = DUSTSTORM OR SANDSTORM:
VSBY 1/2 MILE OR LESS
8 = SMOKE OR HAZE
[NO. OF DAYS WITH] [WEATHER - DAYS WITH] 9 = BLOWING SNOW
X = TORNADO
MAX 32 OR BELOW: 0 0.01 INCH OR MORE: 17
MAX 90 OR ABOVE: 3 0.10 INCH OR MORE: 7
MIN 32 OR BELOW: 0 0.50 INCH OR MORE: 3
MIN 0 OR BELOW: 0 1.00 INCH OR MORE: 3
[HDD (BASE 65) ]
TOTAL THIS MO. 0 CLEAR (SCALE 0-3) M
DPTR FM NORMAL M PTCLDY (SCALE 4-7) M
TOTAL FM JUL 1 0 CLOUDY (SCALE 8-10) M
DPTR FM NORMAL M
[CDD (BASE 65) ]
TOTAL THIS MO. 510
DPTR FM NORMAL M [PRESSURE DATA]
TOTAL FM JAN 1 4368 HIGHEST SLP M ON M
DPTR FM NORMAL M LOWEST SLP M ON M
[REMARKS]
#FINAL-10-21#
CORRECTED SKY COVER DAYS TABLE TO MISSING.
CORRECTED SNOW DEPTH ON THE 2ND TO 0.
ALIGNED SNOW, ICE PELLETS, HAIL TABLE.
ROSS