000
CXHW53 PHFO 011250
CF6KOA
PRELIMINARY LOCAL CLIMATOLOGICAL DATA (WS FORM: F-6)
STATION: KONA HI
MONTH: SEPTEMBER
YEAR: 2021
LATITUDE: 19 38 N
LONGITUDE: 156 0 W
TEMPERATURE IN F: :PCPN: SNOW: WIND :SUNSHINE: SKY :PK WND
================================================================================
1 2 3 4 5 6A 6B 7 8 9 10 11 12 13 14 15 16 17 18
12Z AVG MX 2MIN
DY MAX MIN AVG DEP HDD CDD WTR SNW DPTH SPD SPD DIR MIN PSBL S-S WX SPD DR
================================================================================
1 87 75 81 0 0 16 0.00 M M 6.7 12 230 M M 6 16 210
2 88 77 83 2 0 18 0.00 M M 9.1 18 160 M M 4 21 160
3 88 74 81 0 0 16 0.00 M M 8.1 21 360 M M 4 24 350
4 88 75 82 1 0 17 0.00 M M 8.5 18 200 M M 2 23 80
5 87 74 81 0 0 16 0.06 M M 8.1 16 150 M M 5 19 210
6 87 76 82 1 0 17 T M M 6.5 16 120 M M 7 21 180
7 88 75 82 1 0 17 T M M 9.1 16 360 M M 2 23 10
8 88 75 82 1 0 17 T M M 6.8 16 10 M M 3 18 20
9 87 73 80 -1 0 15 0.00 M M 8.8 16 40 M M 4 24 30
10 86 74 80 -1 0 15 0.00 M M 7.9 17 150 M M 6 20 150
11 87 75 81 0 0 16 T M M 8.1 17 140 M M 7 21 140
12 87 76 82 1 0 17 0.00 M M 10.0 21 70 M M 5 25 80
13 87 74 81 0 0 16 0.00 M M 8.2 21 80 M M 3 26 90
14 86 72 79 -2 0 14 0.00 M M 7.4 14 190 M M 4 17 210
15 86 72 79 -2 0 14 0.00 M M 6.4 12 260 M M 3 14 260
16 87 77 82 1 0 17 T M M 8.5 22 10 M M 7 25 20
17 88 77 83 2 0 18 0.01 M M 8.7 18 180 M M 6 22 150
18 86 73 80 -1 0 15 0.00 M M 7.0 13 230 M M 5 16 220
19 86 74 80 -1 0 15 0.00 M M 6.9 14 210 M M 5 18 210
20 87 74 81 0 0 16 0.00 M M 7.5 16 30 M M 5 21 20
21 87 74 81 0 0 16 T M M 6.6 20 10 M M 4 25 40
22 88 76 82 1 0 17 0.00 M M 8.1 17 180 M M 4 23 180
23 86 76 81 0 0 16 0.06 M M 7.5 14 140 M M 6 17 220
24 86 73 80 -1 0 15 T M M 6.9 15 200 M M 4 19 200
25 87 73 80 -1 0 15 0.00 M M 8.1 15 320 M M 3 19 320
26 87 75 81 0 0 16 0.00 M M 7.5 14 210 M M 2 18 200
27 88 75 82 1 0 17 T M M 8.0 21 50 M M 2 26 50
28 85 75 80 -1 0 15 0.03 M M 7.6 17 90 M M 8 1 23 90
29 86 75 81 0 0 16 0.00 M M 7.8 14 290 M M 4 16 290
30 87 75 81 0 0 16 0.00 M M 7.4 15 200 M M 3 20 200
================================================================================
SM 2608 2239 0 481 0.16 M 233.8 M 133
================================================================================
AV 86.9 74.6 7.8 FASTST M M 4 MAX(MPH)
MISC ----> 22 10 # 26 90
================================================================================
NOTES:
# LAST OF SEVERAL OCCURRENCES
COLUMN 17 PEAK WIND IN M.P.H.
PRELIMINARY LOCAL CLIMATOLOGICAL DATA (WS FORM: F-6) , PAGE 2
STATION: KONA HI
MONTH: SEPTEMBER
YEAR: 2021
LATITUDE: 19 38 N
LONGITUDE: 156 0 W
[TEMPERATURE DATA] [PRECIPITATION DATA] SYMBOLS USED IN COLUMN 16
AVERAGE MONTHLY: 80.8 TOTAL FOR MONTH: 0.16 1 = FOG OR MIST
DPTR FM NORMAL: -0.2 DPTR FM NORMAL: -0.38 2 = FOG REDUCING VISIBILITY
HIGHEST: 88 ON 27,22 GRTST 24HR 0.06 ON 5- 5 TO 1/4 MILE OR LESS
LOWEST: 72 ON 15,14 3 = THUNDER
SNOW, ICE PELLETS, HAIL 4 = ICE PELLETS
TOTAL MONTH: M 5 = HAIL
GRTST 24HR M ON M 6 = FREEZING RAIN OR DRIZZLE
GRTST DEPTH: M ON M 7 = DUSTSTORM OR SANDSTORM:
VSBY 1/2 MILE OR LESS
8 = SMOKE OR HAZE
[NO. OF DAYS WITH] [WEATHER - DAYS WITH] 9 = BLOWING SNOW
X = TORNADO
MAX 32 OR BELOW: 0 0.01 INCH OR MORE: 4
MAX 90 OR ABOVE: 0 0.10 INCH OR MORE: 0
MIN 32 OR BELOW: 0 0.50 INCH OR MORE: 0
MIN 0 OR BELOW: 0 1.00 INCH OR MORE: 0
[HDD (BASE 65) ]
TOTAL THIS MO. 0 CLEAR (SCALE 0-3) 7
DPTR FM NORMAL 0 PTCLDY (SCALE 4-7) 23
TOTAL FM JUL 1 0 CLOUDY (SCALE 8-10) 0
DPTR FM NORMAL 0
[CDD (BASE 65) ]
TOTAL THIS MO. 481
DPTR FM NORMAL 1 [PRESSURE DATA]
TOTAL FM JAN 1 3780 HIGHEST SLP 30.07 ON 27
DPTR FM NORMAL 165 LOWEST SLP 29.87 ON 4
[REMARKS]
#FINAL-09-21#