000
CXUS55 KPUB 011210
CF6LAA
PRELIMINARY LOCAL CLIMATOLOGICAL DATA (WS FORM: F-6)
STATION: LAMAR CO
MONTH: OCTOBER
YEAR: 2022
LATITUDE: 38 4 N
LONGITUDE: 102 41 W
TEMPERATURE IN F: :PCPN: SNOW: WIND :SUNSHINE: SKY :PK WND
================================================================================
1 2 3 4 5 6A 6B 7 8 9 10 11 12 13 14 15 16 17 18
12Z AVG MX 2MIN
DY MAX MIN AVG DEP HDD CDD WTR SNW DPTH SPD SPD DIR MIN PSBL S-S WX SPD DR
================================================================================
1 89 52 71 10 0 6 0.00 M M 11.7 24 170 M M 0 35 160
2 88 62 75 15 0 10 T M M 14.3 28 200 M M 3 38 190
3 85 58 72 12 0 7 0.06 M M 10.5 25 250 M M 4 1 37 240
4 76 53 65 6 0 0 0.01 M M 6.4 17 40 M M 4 3 25 50
5 74 47 61 2 4 0 0.00 M M 4.6 12 270 M M 1 17 270
6 79 43 61 3 4 0 0.00 M M 6.6 18 100 M M 2 26 90
7 56 42 49 -9 16 0 0.00 M M 9.5 20 80 M M 9 27 70
8 70 38 54 -3 11 0 T M M 4.9 10 350 M M 6 15 50
9 77 32 55 -2 10 0 0.00 M M 6.1 14 210 M M 0 18 190
10 82 36 59 3 6 0 0.00 M M 6.3 17 180 M M 0 25 240
11 86 38 62 6 3 0 0.00 M M 9.9 33 10 M M 0 47 10
12 79 35 57 2 8 0 0.00 M M 6.5 28 50 M M 0 37 60
13 72 34 53 -2 12 0 0.00 M M 6.6 15 280 M M 0 8 21 260
14 84 36 60 6 5 0 0.00 M M 7.7 16 290 M M 0 8 24 310
15 79 29 54 0 11 0 0.00 M M 6.2 18 80 M M 0 26 70
16 64 38 51 -2 14 0 0.00 M M 4.3 10 320 M M 2 17 310
17 66 26 46 -7 19 0 0.00 M M 5.1 12 160 M M 1 15 170
18 68 24 46 -6 19 0 0.00 M M 3.8 12 150 M M 0 14 230
19 83 26 55 3 10 0 0.00 M M 8.4 21 340 M M 0 28 310
20 82 29 56 4 9 0 0.00 M M 6.3 15 260 M M 0 8 20 260
21 83 35 59 8 6 0 0.00 M M 7.6 14 200 M M 0 8 18 180
22 86 39 63 12 2 0 0.00 M M 11.6 23 230 M M 0 33 250
23 84 45 65 15 0 0 0.00 M M 20.7 40 230 M M 1 54 230
24 59 28 44 -6 21 0 0.00 M M 6.8 21 350 M M 2 27 20
25 66 20 43 -6 22 0 0.00 M M 6.9 14 120 M M 0 17 130
26 68 33 51 2 14 0 0.00 M M 10.6 25 180 M M 1 32 170
27 57 33 45 -4 20 0 0.00 M M 11.4 25 20 M M 4 36 20
28 63 27 45 -3 20 0 0.00 M M 5.8 13 170 M M 1 17 340
29 70 24 47 -1 18 0 0.00 M M 4.0 12 150 M M 0 16 150
30 67 31 49 1 16 0 0.00 M M 4.3 12 140 M M 2 15 270
31 72 23 48 1 17 0 0.00 M M 4.5 13 280 M M 0 8 18 250
================================================================================
SM 2314 1116 317 23 0.07 M 239.9 M 43
================================================================================
AV 74.6 36.0 7.7 FASTST M M 1 MAX(MPH)
MISC ----> 40 230 54 230
================================================================================
NOTES:
# LAST OF SEVERAL OCCURRENCES
COLUMN 17 PEAK WIND IN M.P.H.
PRELIMINARY LOCAL CLIMATOLOGICAL DATA (WS FORM: F-6) , PAGE 2
STATION: LAMAR CO
MONTH: OCTOBER
YEAR: 2022
LATITUDE: 38 4 N
LONGITUDE: 102 41 W
[TEMPERATURE DATA] [PRECIPITATION DATA] SYMBOLS USED IN COLUMN 16
AVERAGE MONTHLY: 55.3 TOTAL FOR MONTH: 0.07 1 = FOG OR MIST
DPTR FM NORMAL: 1.7 DPTR FM NORMAL: -0.75 2 = FOG REDUCING VISIBILITY
HIGHEST: 89 ON 1 GRTST 24HR 0.06 ON 3- 3 TO 1/4 MILE OR LESS
LOWEST: 20 ON 25 3 = THUNDER
SNOW, ICE PELLETS, HAIL 4 = ICE PELLETS
TOTAL MONTH: M 5 = HAIL
GRTST 24HR M ON M 6 = FREEZING RAIN OR DRIZZLE
GRTST DEPTH: M ON M 7 = DUSTSTORM OR SANDSTORM:
VSBY 1/2 MILE OR LESS
8 = SMOKE OR HAZE
[NO. OF DAYS WITH] [WEATHER - DAYS WITH] 9 = BLOWING SNOW
X = TORNADO
MAX 32 OR BELOW: 0 0.01 INCH OR MORE: 2
MAX 90 OR ABOVE: 0 0.10 INCH OR MORE: 0
MIN 32 OR BELOW: 12 0.50 INCH OR MORE: 0
MIN 0 OR BELOW: 0 1.00 INCH OR MORE: 0
[HDD (BASE 65) ]
TOTAL THIS MO. 317 CLEAR (SCALE 0-3) 26
DPTR FM NORMAL -49 PTCLDY (SCALE 4-7) 4
TOTAL FM JUL 1 351 CLOUDY (SCALE 8-10) 1
DPTR FM NORMAL -77
[CDD (BASE 65) ]
TOTAL THIS MO. 23
DPTR FM NORMAL 11 [PRESSURE DATA]
TOTAL FM JAN 1 1454 HIGHEST SLP 30.49 ON 7
DPTR FM NORMAL 139 LOWEST SLP 29.16 ON 23
[REMARKS]
#FINAL-10-22#