000
CXUS53 KGRR 010910
CF6LAN
PRELIMINARY LOCAL CLIMATOLOGICAL DATA (WS FORM: F-6)
STATION: LANSING
MONTH: MAY
YEAR: 2021
LATITUDE: 42 46 N
LONGITUDE: 84 36 W
TEMPERATURE IN F: :PCPN: SNOW: WIND :SUNSHINE: SKY :PK WND
================================================================================
1 2 3 4 5 6A 6B 7 8 9 10 11 12 13 14 15 16 17 18
12Z AVG MX 2MIN
DY MAX MIN AVG DEP HDD CDD WTR SNW DPTH SPD SPD DIR MIN PSBL S-S WX SPD DR
================================================================================
1 70 29 50 -3 15 0 0.00 0.0 0 11.8 26 210 M M 1 38 220
2 81 62 72 18 0 7 0.00 0.0 0 16.0 23 220 M M 2 34 240
3 67 56 62 8 3 0 0.08 0.0 0 7.6 20 220 M M 10 1 29 210
4 62 47 55 1 10 0 0.04 0.0 0 12.4 21 260 M M 10 1 30 260
5 59 39 49 -6 16 0 0.00 0.0 0 8.6 18 310 M M 5 26 310
6 50 36 43 -12 22 0 0.11 0.0 0 2.6 9 170 M M 9 12 18 180
7 56 36 46 -9 19 0 0.05 0.0 0 8.1 26 290 M M 7 128 38 280
8 56 32 44 -12 21 0 0.00 0.0 0 6.3 15 300 M M 2 20 290
9 55 37 46 -10 19 0 0.00 0.0 0 4.4 13 60 M M 3 17 40
10 56 31 44 -12 21 0 0.00 0.0 0 7.8 18 310 M M 6 26 270
11 56 32 44 -13 21 0 T 0.0 0 9.8 23 280 M M 3 32 300
12 64 31 48 -9 17 0 0.00 0.0 0 5.3 13 350 M M 1 17 360
13 68 35 52 -6 13 0 0.00 0.0 0 3.9 14 270 M M 0 19 240
14 72 38 55 -3 10 0 0.00 0.0 0 3.8 14 240 M M 1 23 270
15 72 41 57 -1 8 0 0.01 0.0 0 5.3 23 220 M M 5 30 220
16 69 51 60 2 5 0 0.04 0.0 0 6.1 14 150 M M 8 17 150
17 76 49 63 4 2 0 0.00 0.0 0 6.1 15 210 M M 2 22 180
18 79 48 64 5 1 0 0.00 0.0 0 7.3 18 170 M M 1 18 25 150
19 84 59 72 12 0 7 0.00 0.0 0 8.6 20 180 M M 3 8 27 180
20 87 63 75 15 0 10 0.00 0.0 0 6.7 16 210 M M 5 23 170
21 M M M M M M M M M M M M M M M M M
22 87 64 76 15 0 11 T 0.0 0 8.8 18 280 M M 3 25 260
23 84 52 68 7 0 3 0.01 0.0 0 9.2 16 40 M M 7 1 22 40
24 83 53 68 7 0 3 0.02 0.0 0 4.8 10 170 M M 7 1 14 150
25 90 67 79 17 0 14 T 0.0 0 12.8 23 240 M M 3 33 250
26 77 52 65 3 0 0 0.39 0.0 0 11.9 24 280 M M 5 1 33 260
27 60 41 51 -11 14 0 0.09 0.0 0 9.5 20 80 M M 3 27 80
28 47 39 43 -20 22 0 0.36 0.0 0 15.2 25 40 M M 8 1 36 60
29 63 37 50 -13 15 0 0.00 0.0 0 10.2 23 50 M M 0 30 40
30 70 35 53 -10 12 0 0.00 0.0 0 2.2 13 140 M M 0 17 130
31 72 46 59 -5 6 0 0.00 0.0 0 5.1 15 220 M M 1 23 220
================================================================================
SM 2072 1338 292 55 1.20 0.0 238.2 M 121
================================================================================
AV 69.1 44.6 7.9 FASTST M M 4 MAX(MPH)
MISC ----> # 26 210 # 38 220
================================================================================
NOTES:
# LAST OF SEVERAL OCCURRENCES
COLUMN 17 PEAK WIND IN M.P.H.
PRELIMINARY LOCAL CLIMATOLOGICAL DATA (WS FORM: F-6) , PAGE 2
STATION: LANSING
MONTH: MAY
YEAR: 2021
LATITUDE: 42 46 N
LONGITUDE: 84 36 W
[TEMPERATURE DATA] [PRECIPITATION DATA] SYMBOLS USED IN COLUMN 16
AVERAGE MONTHLY: 56.8 TOTAL FOR MONTH: 1.20 1 = FOG OR MIST
DPTR FM NORMAL: -1.6 DPTR FM NORMAL: -2.46 2 = FOG REDUCING VISIBILITY
HIGHEST: 90 ON 25 GRTST 24HR 0.45 ON 27-28 TO 1/4 MILE OR LESS
LOWEST: 29 ON 1 3 = THUNDER
SNOW, ICE PELLETS, HAIL 4 = ICE PELLETS
TOTAL MONTH: 0.0 INCH 5 = HAIL
GRTST 24HR 0.0 6 = FREEZING RAIN OR DRIZZLE
GRTST DEPTH: 0 7 = DUSTSTORM OR SANDSTORM:
VSBY 1/2 MILE OR LESS
8 = SMOKE OR HAZE
[NO. OF DAYS WITH] [WEATHER - DAYS WITH] 9 = BLOWING SNOW
X = TORNADO
MAX 32 OR BELOW: 0 0.01 INCH OR MORE: 11
MAX 90 OR ABOVE: 1 0.10 INCH OR MORE: 3
MIN 32 OR BELOW: 5 0.50 INCH OR MORE: 0
MIN 0 OR BELOW: 0 1.00 INCH OR MORE: 0
[HDD (BASE 65) ]
TOTAL THIS MO. 292 CLEAR (SCALE 0-3) 15
DPTR FM NORMAL 48 PTCLDY (SCALE 4-7) 12
TOTAL FM JUL 1 6248 CLOUDY (SCALE 8-10) 4
DPTR FM NORMAL -315
[CDD (BASE 65) ]
TOTAL THIS MO. 55
DPTR FM NORMAL 14 [PRESSURE DATA]
TOTAL FM JAN 1 57 HIGHEST SLP 30.33 ON 30
DPTR FM NORMAL 11 LOWEST SLP 29.87 ON 26
[REMARKS]
#FINAL-05-21#