000
CXUS53 KGRR 010843
CLMLAN
CLIMATE REPORT
NATIONAL WEATHER SERVICE GRAND RAPIDS, MICHIGAN
343 AM EST THU FEB 01 2024
...................................
...THE LANSING CLIMATE SUMMARY FOR THE MONTH OF JANUARY 2024...
CLIMATE NORMAL PERIOD: 1991 TO 2020
CLIMATE RECORD PERIOD: 1864 TO 2024
WEATHER OBSERVED NORMAL DEPART LAST YEAR`S
VALUE DATE(S) VALUE FROM VALUE DATE(S)
NORMAL
................................................................
TEMPERATURE (F)
RECORD
HIGH 66 01/24/1967
LOW -29 01/04/1981
HIGHEST 40 01/27 49 -9 46 01/04
01/17
LOWEST -4 01/14 -8 4 0 01/31
01/15
AVG. MAXIMUM 30.2 30.6 -0.4 36.9
AVG. MINIMUM 22.2 17.2 5.0 27.5
MEAN 26.2 23.9 2.3 32.2
DAYS MAX >= 90 0 0.0 0.0 0
DAYS MAX <= 32 11 18.4 -7.4 6
DAYS MIN <= 32 26 28.3 -2.3 22
DAYS MIN <= 0 3 4.1 -1.1 1
PRECIPITATION (INCHES)
RECORD
MAXIMUM 4.39 2005
MINIMUM 0.24 2003
TOTALS 3.43 2.06 1.37 1.94
DAILY AVG. 0.11 0.07 0.04 0.06
DAYS >= .01 15 13.9 1.1 17
DAYS >= .10 9 5.2 3.8 6
DAYS >= .50 2 1.1 0.9 0
DAYS >= 1.00 0 0.1 -0.1 0
GREATEST
24 HR. TOTAL 0.90 01/25 TO 01/26
SNOWFALL (INCHES)
RECORDS
TOTAL 34.6 1999
SNOW DEPTH 24 01/28/1978
01/27/1978
TOTALS 18.1 14.3 3.8 11.9
SINCE 7/1 22.9 29.7 -6.8 MM
SNOWDEPTH AVG. 2 1
DAYS >= TRACE 20 11.9 8.1 16
DAYS >= 1.0 5 4.6 0.4 4
GREATEST
SNOW DEPTH 6 01/19 6 01/27
01/29
DEGREE DAYS
HEATING TOTAL 1194 1274 -80 1009
SINCE 7/1 3285 3758 -473 MM
COOLING TOTAL 0 0 0 0
SINCE 1/1 0 0 0 MM
FREEZE DATES
RECORD
EARLIEST 08/03/1894
LATEST 07/15/1863
EARLIEST 10/23
LATEST 04/27
................................................................
WIND (MPH)
AVERAGE WIND SPEED 9.4
RESULTANT WIND SPEED/DIRECTION 4/230
HIGHEST WIND SPEED/DIRECTION 30/270 DATE 01/13
HIGHEST GUST SPEED/DIRECTION 41/200 DATE 01/13
SKY COVER
POSSIBLE SUNSHINE (PERCENT) MM
AVERAGE SKY COVER 0.91
NUMBER OF DAYS FAIR 0
NUMBER OF DAYS PC 4
NUMBER OF DAYS CLOUDY 27
AVERAGE RH (PERCENT) 80
WEATHER CONDITIONS. NUMBER OF DAYS WITH
THUNDERSTORM 0 MIXED PRECIP 0
HEAVY RAIN 1 RAIN 5
LIGHT RAIN 6 FREEZING RAIN 1
LT FREEZING RAIN 1 HAIL 0
HEAVY SNOW 1 SNOW 4
LIGHT SNOW 19 SLEET 0
FOG 23 FOG W/VIS <= 1/4 MILE 7
HAZE 13
- INDICATES NEGATIVE NUMBERS.
R INDICATES RECORD WAS SET OR TIED.
MM INDICATES DATA IS MISSING.
T INDICATES TRACE AMOUNT.
$$