263
CXUS55 KCYS 111731
CF6LAR
PRELIMINARY LOCAL CLIMATOLOGICAL DATA (WS FORM: F-6) ...CORRECTED...
STATION: LARAMIE WYOMING AIRPORT
MONTH: AUGUST
YEAR: 2020
LATITUDE: 41 18 N
LONGITUDE: 105 40 W
TEMPERATURE IN F: :PCPN: SNOW: WIND :SUNSHINE: SKY :PK WND
================================================================================
1 2 3 4 5 6A 6B 7 8 9 10 11 12 13 14 15 16 17 18
12Z AVG MX 2MIN
DY MAX MIN AVG DEP HDD CDD WTR SNW DPTH SPD SPD DIR MIN PSBL S-S WX SPD DR
================================================================================
1 83 43 63 -1 2 0 0.10 M M 8.4 36 60 M M 0 3 50 60
2 84 47 66 2 0 1 0.00 M M 8.6 22 70 M M 0 35 60
3 88 47 68 4 0 3 T M M 11.3 32 360 M M 1 45 20
4 87 54 71 7 0 6 T M M 11.3 31 60 M M 2 3 40 60
5 82 50 66 2 0 1 0.00 M M 9.9 31 160 M M 1 8 40 150
6 83 51 67 3 0 2 T M M 13.1 36 270 M M 2 3 46 260
7 88 44 66 2 0 1 0.00 M M 11.5 25 280 M M 0 37 300
8 85 45 65 1 0 0 T M M 8.5 21 260 M M 1 29 220
9 87 44 66 2 0 1 0.00 M M 9.6 26 260 M M 0 38 270
10 85 41 63 -1 2 0 0.00 M M 9.1 26 160 M M 0 35 160
11 85 52 69 6 0 4 T M M 11.8 29 260 M M 0 43 250
12 86 43 65 2 0 0 T M M 10.5 32 220 M M 1 54 280
13 87 46 67 4 0 2 0.00 M M 11.6 20 240 0 0 0 37 240
14 85 45 65 2 0 0 0.00 M M 13.9 30 260 M M 0 42 250
15 84 45 65 2 0 0 0.00 M M 7.3 18 360 M M 0 26 360
16 87 43 65 2 0 0 0.00 M M 8.4 20 120 M M 0 8 27 120
17 88 50 69 7 0 4 0.00 M M 8.0 15 360 M M 0 8 22 360
18 90 50 70 8 0 5 T M M 8.0 18 30 M M 0 8 34 10
19 89 52 71 9 0 6 0.00 M M 11.8 29 320 M M 0 8 38 340
20 84 48 66 4 0 1 T M M 9.2 40 320 M M 1 38 53 310
21 86 48 67 5 0 2 0.00 M M 8.7 24 320 M M 1 8 34 340
22 89 46 68 7 0 3 0.00 M M 9.2 26 310 M M 0 8 35 310
23 87 51 69 8 0 4 T M M 8.9 39 230 M M 1 8 56 230
24 88 54 71 10 0 6 T M M 8.8 28 240 M M 2 38 39 250
25 88 52 70 9 0 5 0.02 M M 10.6 38 240 M M 3 8 51 240
26 86 53 70 10 0 5 0.00 M M 9.2 22 140 M M 2 28 150
27 M M M M M M 0.09 M M 6.9 12 180 0 0 0 46 300
28 M M M M M M M M M M M M M M 0 M M
29 M M M M M M M M M M M M 0 0 0 0 0
30 M M M M M M M M M M M M M M M M M
31 M M M M M M M M M M M M 0 0 0 0 0
================================================================================
SM 2241 1244 4 62 0.21 M 264.1 0 18
================================================================================
AV 86.2 47.9 9.8 FASTST 0 0 1 MAX(MPH)
MISC ----> # 40 320 # 56 230
================================================================================
NOTES:
# LAST OF SEVERAL OCCURRENCES
COLUMN 17 PEAK WIND IN M.P.H.
PRELIMINARY LOCAL CLIMATOLOGICAL DATA (WS FORM: F-6) , PAGE 2
STATION: LARAMIE WYOMING AIRPORT
MONTH: AUGUST
YEAR: 2020
LATITUDE: 41 18 N
LONGITUDE: 105 40 W
[TEMPERATURE DATA] [PRECIPITATION DATA] SYMBOLS USED IN COLUMN 16
AVERAGE MONTHLY: 67.0 TOTAL FOR MONTH: 0.21 1 = FOG OR MIST
DPTR FM NORMAL: 4.7 DPTR FM NORMAL: -1.02 2 = FOG REDUCING VISIBILITY
HIGHEST: 90 ON 18 GRTST 24HR 0.10 ON 1- 1 TO 1/4 MILE OR LESS
LOWEST: 41 ON 10 3 = THUNDER
SNOW, ICE PELLETS, HAIL 4 = ICE PELLETS
TOTAL MONTH: M 5 = HAIL
GRTST 24HR M ON M 6 = FREEZING RAIN OR DRIZZLE
GRTST DEPTH: M ON M 7 = DUSTSTORM OR SANDSTORM:
VSBY 1/2 MILE OR LESS
8 = SMOKE OR HAZE
[NO. OF DAYS WITH] [WEATHER - DAYS WITH] 9 = BLOWING SNOW
X = TORNADO
MAX 32 OR BELOW: 0 0.01 INCH OR MORE: 3
MAX 90 OR ABOVE: 1 0.10 INCH OR MORE: 1
MIN 32 OR BELOW: 0 0.50 INCH OR MORE: 0
MIN 0 OR BELOW: 0 1.00 INCH OR MORE: 0
[HDD (BASE 65) ]
TOTAL THIS MO. 4 CLEAR (SCALE 0-3) 29
DPTR FM NORMAL -99 PTCLDY (SCALE 4-7) 1
TOTAL FM JUL 1 25 CLOUDY (SCALE 8-10) 0
DPTR FM NORMAL -147
[CDD (BASE 65) ]
TOTAL THIS MO. 62
DPTR FM NORMAL 43 [PRESSURE DATA]
TOTAL FM JAN 1 133 HIGHEST SLP 30.19 ON 17
DPTR FM NORMAL 67 LOWEST SLP 29.57 ON 30
[REMARKS]
AUGUST 27TH-31ST...MISSING DATA.
AVERAGE TEMPERATURE 67.0 DEGREES IS WARMEST FOR AUGUST.
MONTHLY PRECIPITATION 0.21 INCH IS 2ND DRIEST FOR AUGUST.
#FINAL-08-20#