000
CXUS56 KLOX 011155
CF6LAX
PRELIMINARY LOCAL CLIMATOLOGICAL DATA (WS FORM: F-6)
STATION: LOS ANGELES INTL AIRPORT CA
MONTH: MARCH
YEAR: 2024
LATITUDE: 33 55 N
LONGITUDE: 118 24 W
TEMPERATURE IN F: :PCPN: SNOW: WIND :SUNSHINE: SKY :PK WND
================================================================================
1 2 3 4 5 6A 6B 7 8 9 10 11 12 13 14 15 16 17 18
12Z AVG MX 2MIN
DY MAX MIN AVG DEP HDD CDD WTR SNW DPTH SPD SPD DIR MIN PSBL S-S WX SPD DR
================================================================================
1 62 54 58 0 7 0 0.01 M M 8.8 20 200 M M 8 1 34 200
2 60 52 56 -2 9 0 0.23 M M 12.3 24 250 M M 9 18 33 260
3 61 49 55 -3 10 0 0.07 M M 10.7 26 270 M M 5 1 32 260
4 63 46 55 -3 10 0 0.00 M M 5.3 16 240 M M 4 23 250
5 62 47 55 -3 10 0 0.00 M M 7.4 15 260 M M 4 22 230
6 61 50 56 -3 9 0 0.67 M M 7.4 18 110 M M 7 1 28 130
7 62 48 55 -4 10 0 0.03 M M 8.0 22 270 M M 4 3 27 280
8 69 49 59 0 6 0 0.00 M M 7.5 22 260 M M 2 29 260
9 66 48 57 -2 8 0 0.00 M M 6.3 17 280 M M 4 8 23 250
10 64 49 57 -2 8 0 0.00 M M 6.9 17 260 M M 5 1 22 250
11 62 49 56 -3 9 0 0.00 M M 9.1 17 240 M M 5 26 230
12 62 52 57 -2 8 0 0.00 M M 7.9 18 260 M M 6 25 240
13 66 54 60 1 5 0 0.00 M M 9.9 21 270 M M 7 31 330
14 70 52 61 2 4 0 0.00 M M 9.6 26 20 M M 2 36 10
15 69 55 62 3 3 0 0.00 M M 7.3 17 250 M M 6 25 150
16 66 52 59 0 6 0 0.00 M M 9.1 20 240 M M 6 27 230
17 66 50 58 -1 7 0 0.00 M M 7.5 18 250 M M 4 24 260
18 69 51 60 1 5 0 0.00 M M 6.0 17 240 M M 4 3 25 200
19 68 54 61 2 4 0 0.00 M M 6.3 15 260 M M 3 20 230
20 65 54 60 1 5 0 0.00 M M 6.0 15 250 M M 7 128 21 250
21 65 56 61 2 4 0 0.00 M M 5.9 15 250 M M 7 18 22 270
22 65 53 59 -1 6 0 0.00 M M 6.9 15 250 M M 7 18 20 260
23 62 53 58 -2 7 0 0.18 M M 17.6 38 270 M M 7 1 48 260
24 62 50 56 -4 9 0 0.07 M M 12.8 38 260 M M 5 3 47 260
25 64 48 56 -4 9 0 0.00 M M 9.6 22 260 M M 5 28 280
26 63 50 57 -3 8 0 0.00 M M 7.8 17 260 M M 4 25 260
27 64 50 57 -3 8 0 0.00 M M 6.6 16 260 M M 5 22 230
28 62 52 57 -3 8 0 0.00 M M 9.1 21 250 M M 5 27 230
29 62 51 57 -3 8 0 0.14 M M 9.3 20 130 M M 7 1 31 150
30 56 50 53 -7 12 0 1.87 M M 10.2 22 90 M M 10 13 29 200
31 62 49 56 -4 9 0 0.01 M M 11.1 21 100 M M 6 36 120
================================================================================
SM 1980 1577 231 0 3.28 M 266.2 M 170
================================================================================
AV 63.9 50.9 8.6 FASTST M M 5 MAX(MPH)
MISC ----> # 38 270 48 260
================================================================================
NOTES:
# LAST OF SEVERAL OCCURRENCES
COLUMN 17 PEAK WIND IN M.P.H.
PRELIMINARY LOCAL CLIMATOLOGICAL DATA (WS FORM: F-6) , PAGE 2
STATION: LOS ANGELES INTL AIRPORT CA
MONTH: MARCH
YEAR: 2024
LATITUDE: 33 55 N
LONGITUDE: 118 24 W
[TEMPERATURE DATA] [PRECIPITATION DATA] SYMBOLS USED IN COLUMN 16
AVERAGE MONTHLY: 57.4 TOTAL FOR MONTH: 3.28 1 = FOG OR MIST
DPTR FM NORMAL: -1.7 DPTR FM NORMAL: 1.55 2 = FOG REDUCING VISIBILITY
HIGHEST: 70 ON 14 GRTST 24HR 1.95 ON 29-30 TO 1/4 MILE OR LESS
LOWEST: 46 ON 4 3 = THUNDER
SNOW, ICE PELLETS, HAIL 4 = ICE PELLETS
TOTAL MONTH: M 5 = HAIL
GRTST 24HR M ON M 6 = FREEZING RAIN OR DRIZZLE
GRTST DEPTH: M ON M 7 = DUSTSTORM OR SANDSTORM:
VSBY 1/2 MILE OR LESS
8 = SMOKE OR HAZE
[NO. OF DAYS WITH] [WEATHER - DAYS WITH] 9 = BLOWING SNOW
X = TORNADO
MAX 32 OR BELOW: 0 0.01 INCH OR MORE: 10
MAX 90 OR ABOVE: 0 0.10 INCH OR MORE: 5
MIN 32 OR BELOW: 0 0.50 INCH OR MORE: 2
MIN 0 OR BELOW: 0 1.00 INCH OR MORE: 1
[HDD (BASE 65) ]
TOTAL THIS MO. 231 CLEAR (SCALE 0-3) 3
DPTR FM NORMAL 41 PTCLDY (SCALE 4-7) 26
TOTAL FM JUL 1 912 CLOUDY (SCALE 8-10) 2
DPTR FM NORMAL -87
[CDD (BASE 65) ]
TOTAL THIS MO. 0
DPTR FM NORMAL -8 [PRESSURE DATA]
TOTAL FM JAN 1 2 HIGHEST SLP 30.20 ON 27
DPTR FM NORMAL -19 LOWEST SLP 29.64 ON 30
[REMARKS]
#FINAL-03-24#