000
CXUS55 KLBF 011410
CF6LBF
PRELIMINARY LOCAL CLIMATOLOGICAL DATA (WS FORM: F-6)
STATION: NORTH PLATTE
MONTH: SEPTEMBER
YEAR: 2022
LATITUDE: 41 7 N
LONGITUDE: 100 41 W
TEMPERATURE IN F: :PCPN: SNOW: WIND :SUNSHINE: SKY :PK WND
================================================================================
1 2 3 4 5 6A 6B 7 8 9 10 11 12 13 14 15 16 17 18
12Z AVG MX 2MIN
DY MAX MIN AVG DEP HDD CDD WTR SNW DPTH SPD SPD DIR MIN PSBL S-S WX SPD DR
================================================================================
1 93 52 73 4 0 8 0.00 0.0 0 4.8 13 170 M M 0 1 18 160
2 100 56 78 9 0 13 0.00 0.0 0 6.8 23 40 M M 0 32 50
3 88 52 70 1 0 5 0.00 0.0 0 6.2 15 90 M M 0 20 90
4 91 45 68 0 0 3 0.00 0.0 0 6.5 16 110 M M 0 22 160
5 95 50 73 5 0 8 0.00 0.0 0 9.0 17 180 M M 0 26 160
6 102 54 78 10 0 13 0.00 0.0 0 5.6 16 120 M M 0 22 120
7 97 49 73 5 0 8 0.00 0.0 0 5.6 17 110 M M 0 21 120
8 103 58 81 14 0 16 0.00 0.0 0 10.9 28 30 M M 0 44 30
9 71 55 63 -4 2 0 0.01 0.0 0 14.0 29 20 M M 6 43 20
10 68 47 58 -8 7 0 0.17 0.0 0 4.7 12 250 M M 6 3 14 250
11 78 39 59 -7 6 0 0.00 0.0 0 4.5 13 250 M M 0 1 18 230
12 91 41 66 0 0 1 0.00 0.0 0 3.1 8 110 M M 0 11 300
13 94 41 68 3 0 3 0.00 0.0 0 5.5 21 170 M M 0 30 180
14 93 64 79 14 0 14 T 0.0 0 11.8 24 180 M M 0 38 180
15 85 64 75 10 0 10 0.06 0.0 0 7.1 29 180 M M 4 3 42 190
16 86 53 70 6 0 5 0.64 0.0 0 6.3 29 340 M M 3 123 52 350
17 85 55 70 6 0 5 T 0.0 0 5.7 12 110 M M 1 1 17 290
18 86 58 72 9 0 7 0.00 0.0 0 9.7 24 70 M M 2 32 70
19 97 58 78 15 0 13 0.00 0.0 0 4.4 14 120 M M 4 12 20 90
20 97 53 75 12 0 10 0.00 0.0 0 6.6 14 70 M M 0 20 30
21 64 53 59 -3 6 0 0.01 0.0 0 11.8 30 40 M M 5 42 30
22 56 51 54 -8 11 0 0.02 0.0 0 6.3 14 160 M M 9 20 180
23 82 46 64 3 1 0 0.00 0.0 0 8.1 23 300 M M 5 1 32 310
24 85 40 63 2 2 0 0.00 0.0 0 6.8 17 290 M M 0 23 40
25 78 40 59 -1 6 0 0.00 0.0 0 6.9 17 320 M M 0 27 300
26 83 38 61 1 4 0 0.00 0.0 0 3.7 13 240 M M 0 18 200
27 81 41 61 2 4 0 0.00 0.0 0 7.6 17 40 M M 0 24 30
28 80 43 62 3 3 0 0.00 0.0 0 11.0 22 160 M M 0 32 160
29 85 50 68 10 0 3 0.00 0.0 0 11.5 21 170 M M 0 31 190
30 84 47 66 8 0 1 T 0.0 0 8.9 17 120 M M 0 8 24 130
================================================================================
SM 2578 1493 52 146 0.91 0.0 221.4 M 45
================================================================================
AV 85.9 49.8 7.4 FASTST M M 2 MAX(MPH)
MISC ----> 30 40 52 350
================================================================================
NOTES:
# LAST OF SEVERAL OCCURRENCES
COLUMN 17 PEAK WIND IN M.P.H.
PRELIMINARY LOCAL CLIMATOLOGICAL DATA (WS FORM: F-6) , PAGE 2
STATION: NORTH PLATTE
MONTH: SEPTEMBER
YEAR: 2022
LATITUDE: 41 7 N
LONGITUDE: 100 41 W
[TEMPERATURE DATA] [PRECIPITATION DATA] SYMBOLS USED IN COLUMN 16
AVERAGE MONTHLY: 67.9 TOTAL FOR MONTH: 0.91 1 = FOG OR MIST
DPTR FM NORMAL: 3.7 DPTR FM NORMAL: -0.70 2 = FOG REDUCING VISIBILITY
HIGHEST: 103 ON 8 GRTST 24HR 0.64 ON 16-16 TO 1/4 MILE OR LESS
LOWEST: 38 ON 26 3 = THUNDER
SNOW, ICE PELLETS, HAIL 4 = ICE PELLETS
TOTAL MONTH: 0.0 INCH 5 = HAIL
GRTST 24HR 0.0 6 = FREEZING RAIN OR DRIZZLE
GRTST DEPTH: 0 7 = DUSTSTORM OR SANDSTORM:
VSBY 1/2 MILE OR LESS
8 = SMOKE OR HAZE
[NO. OF DAYS WITH] [WEATHER - DAYS WITH] 9 = BLOWING SNOW
X = TORNADO
MAX 32 OR BELOW: 0 0.01 INCH OR MORE: 6
MAX 90 OR ABOVE: 12 0.10 INCH OR MORE: 2
MIN 32 OR BELOW: 0 0.50 INCH OR MORE: 1
MIN 0 OR BELOW: 0 1.00 INCH OR MORE: 0
[HDD (BASE 65) ]
TOTAL THIS MO. 52 CLEAR (SCALE 0-3) 23
DPTR FM NORMAL -68 PTCLDY (SCALE 4-7) 6
TOTAL FM JUL 1 52 CLOUDY (SCALE 8-10) 1
DPTR FM NORMAL -82
[CDD (BASE 65) ]
TOTAL THIS MO. 146
DPTR FM NORMAL 52 [PRESSURE DATA]
TOTAL FM JAN 1 1308 HIGHEST SLP 30.37 ON 28
DPTR FM NORMAL 411 LOWEST SLP 29.56 ON 8
[REMARKS]
#FINAL-09-22#