000
CXUS52 KILM 011154
CF6LBT
PRELIMINARY LOCAL CLIMATOLOGICAL DATA (WS FORM: F-6)
STATION: LUMBERTON NORTH CAROLINA
MONTH: MAY
YEAR: 2022
LATITUDE: 34 35 N
LONGITUDE: 79 4 W
TEMPERATURE IN F: :PCPN: SNOW: WIND :SUNSHINE: SKY :PK WND
================================================================================
1 2 3 4 5 6A 6B 7 8 9 10 11 12 13 14 15 16 17 18
12Z AVG MX 2MIN
DY MAX MIN AVG DEP HDD CDD WTR SNW DPTH SPD SPD DIR MIN PSBL S-S WX SPD DR
================================================================================
1 86 53 70 3 0 5 T M M 6.1 15 260 M M M 1 21 240
2 89 65 77 10 0 12 0.00 M M 7.8 16 230 M M 2 24 250
3 92 66 79 12 0 14 T M M 7.7 17 150 M M 3 24 130
4 91 67 79 11 0 14 0.00 M M 8.3 14 240 M M 2 18 230
5 81 64 73 5 0 8 0.00 M M 7.0 15 40 M M 6 18 19 60
6 93 68 81 13 0 16 0.06 M M 11.4 30 250 M M 6 1 38 250
7 81 57 69 1 0 4 0.06 M M 9.6 23 260 M M 5 18 32 260
8 60 51 56 -13 9 0 0.00 M M 12.3 20 20 M M 10 24 10
9 74 46 60 -9 5 0 0.00 M M 9.5 22 30 M M 1 30 40
10 79 44 62 -7 3 0 0.00 M M 11.5 22 40 M M 0 31 30
11 81 56 69 -1 0 4 0.00 M M 13.7 22 40 M M 2 30 40
12 72 64 68 -2 0 3 0.01 M M 13.0 23 30 M M 9 18 36 10
13 80 64 72 2 0 7 0.05 M M 6.1 13 100 M M 7 1 18 110
14 82 65 74 4 0 9 0.02 M M 4.1 12 30 M M M 12 14 20
15 88 59 74 3 0 9 0.00 M M 4.1 13 190 M M M 12 17 190
16 93 64 79 8 0 14 0.19 M M 8.5 23 280 M M 4 1 29 260
17 87 59 73 2 0 8 0.00 M M 4.6 14 270 M M 1 1 20 240
18 91 54 73 1 0 8 0.00 M M 5.2 13 160 M M 0 1 18 170
19 99 70 85 13 0 20 0.00 M M 9.1 20 240 M M M 25 230
20 98 73 86 14 0 21 0.00 M M 10.1 18 190 M M M 25 180
21 91 70 81 9 0 16 T M M 5.4 14 240 M M M 23 150
22 92 70 81 8 0 16 0.01 M M 8.2 18 230 M M M 24 280
23 93 69 81 8 0 16 0.04 M M 6.7 28 240 M M M 39 250
24 90 66 78 5 0 13 0.00 M M 7.8 17 350 M M M 22 360
25 84 63 74 0 0 9 0.00 M M 7.5 15 30 M M 6 19 50
26 88 66 77 3 0 12 0.00 M M 7.7 18 150 M M 5 24 140
27 81 70 76 2 0 11 0.35 M M 8.3 21 200 M M 5 1 29 190
28 89 66 78 4 0 13 0.00 M M 4.9 14 280 M M 3 19 290
29 94 63 79 4 0 14 0.00 M M 4.3 15 140 M M M 20 150
30 93 64 79 4 0 14 T M M 3.8 16 150 M M 2 8 21 140
31 95 64 80 5 0 15 0.00 M M 3.5 12 190 M M 3 12 14 180
================================================================================
SM 2687 1940 17 325 0.79 M 237.8 M 82
================================================================================
AV 86.7 62.6 7.7 FASTST M M 4 MAX(MPH)
MISC ----> 30 250 39 250
================================================================================
NOTES:
# LAST OF SEVERAL OCCURRENCES
COLUMN 17 PEAK WIND IN M.P.H.
PRELIMINARY LOCAL CLIMATOLOGICAL DATA (WS FORM: F-6) , PAGE 2
STATION: LUMBERTON NORTH CAROLINA
MONTH: MAY
YEAR: 2022
LATITUDE: 34 35 N
LONGITUDE: 79 4 W
[TEMPERATURE DATA] [PRECIPITATION DATA] SYMBOLS USED IN COLUMN 16
AVERAGE MONTHLY: 74.6 TOTAL FOR MONTH: 0.79 1 = FOG OR MIST
DPTR FM NORMAL: 3.6 DPTR FM NORMAL: -2.62 2 = FOG REDUCING VISIBILITY
HIGHEST: 99 ON 19 GRTST 24HR 0.35 ON 27-27 TO 1/4 MILE OR LESS
LOWEST: 44 ON 10 3 = THUNDER
SNOW, ICE PELLETS, HAIL 4 = ICE PELLETS
TOTAL MONTH: M 5 = HAIL
GRTST 24HR M ON M 6 = FREEZING RAIN OR DRIZZLE
GRTST DEPTH: M ON M 7 = DUSTSTORM OR SANDSTORM:
VSBY 1/2 MILE OR LESS
8 = SMOKE OR HAZE
[NO. OF DAYS WITH] [WEATHER - DAYS WITH] 9 = BLOWING SNOW
X = TORNADO
MAX 32 OR BELOW: 0 0.01 INCH OR MORE: 9
MAX 90 OR ABOVE: 14 0.10 INCH OR MORE: 2
MIN 32 OR BELOW: 0 0.50 INCH OR MORE: 0
MIN 0 OR BELOW: 0 1.00 INCH OR MORE: 0
[HDD (BASE 65) ]
TOTAL THIS MO. 17 CLEAR (SCALE 0-3) 11
DPTR FM NORMAL -8 PTCLDY (SCALE 4-7) 8
TOTAL FM JUL 1 2194 CLOUDY (SCALE 8-10) 12
DPTR FM NORMAL -413
[CDD (BASE 65) ]
TOTAL THIS MO. 325
DPTR FM NORMAL 115 [PRESSURE DATA]
TOTAL FM JAN 1 449 HIGHEST SLP 30.25 ON 25
DPTR FM NORMAL 150 LOWEST SLP 29.52 ON 7
[REMARKS]
#FINAL-05-22#