000
CXUS54 KLCH 070643
CF6LCH
PRELIMINARY LOCAL CLIMATOLOGICAL DATA (WS FORM: F-6)
STATION: LAKE CHARLES
MONTH: NOVEMBER
YEAR: 2022
LATITUDE: 30 7 N
LONGITUDE: 93 13 W
TEMPERATURE IN F: :PCPN: SNOW: WIND :SUNSHINE: SKY :PK WND
================================================================================
1 2 3 4 5 6A 6B 7 8 9 10 11 12 13 14 15 16 17 18
12Z AVG MX 2MIN
DY MAX MIN AVG DEP HDD CDD WTR SNW DPTH SPD SPD DIR MIN PSBL S-S WX SPD DR
================================================================================
1 66 54 60 -6 5 0 0.13 0.0 M 4.5 12 140 M M 7 18 14 140
2 78 59 69 4 0 4 0.00 0.0 M 7.1 16 130 M M 5 1 22 120
3 83 62 73 8 0 8 0.00 0.0 M 6.9 14 170 M M 5 12 18 170
4 83 68 76 11 0 11 0.02 0.0 M 16.1 29 150 M M 9 12 36 170
5 76 53 65 1 0 0 1.57 0.0 M 7.9 28 330 M M 4 13 38 330
6 84 61 73 9 0 8 0.00 0.0 M 7.2 16 200 M M 5 12 22 190
7 85 67 76 12 0 11 0.00 0.0 M 4.9 12 60 M M 5 12 21 120
8 86 64 75 12 0 10 M 0.0 M 4.5 12 40 M M 1 18 18 80
9 85 62 74 11 0 9 0.00 0.0 M 5.1 14 130 M M 1 1 20 80
10 79 53 66 3 0 1 0.00 0.0 M 3.6 9 70 M M 0 12 13 70
11 79 50 65 3 0 0 0.14 M M 4.8 17 20 M M 2 1 26 340
12 65 38 52 -10 13 0 0.11 M M 14.6 26 360 M M 5 1 35 360
13 56 34 45 -17 20 0 0.00 0.0 M 8.4 18 50 M M 0 24 60
14 62 41 52 -10 13 0 1.16 M M 13.2 24 340 M M 8 138 32 330
15 49 43 46 -15 19 0 0.00 0.0 M 12.6 24 10 M M 7 32 10
16 51 40 46 -15 19 0 0.00 0.0 M 9.7 17 40 M M 2 23 40
17 55 37 46 -15 19 0 0.00 0.0 M 6.4 16 20 M M 2 20 20
18 58 35 47 -14 18 0 T M M 8.3 18 40 M M 6 24 50
19 49 43 46 -14 19 0 0.67 M M 9.5 17 30 M M 10 1 24 50
20 57 40 49 -11 16 0 0.00 0.0 M 11.5 23 70 M M 3 29 60
21 49 41 45 -15 20 0 0.08 M M 8.4 14 40 M M 8 19 50
22 57 45 51 -9 14 0 0.00 0.0 M 6.7 14 80 M M 7 17 60
23 74 45 60 1 5 0 0.00 0.0 M 6.3 10 90 M M 0 8 17 50
24 75 58 67 8 0 2 1.36 0.0 M 11.5 26 20 M M 8 13 35 20
25 63 57 60 1 5 0 0.48 0.0 M 11.2 20 50 M M 9 1 24 50
26 68 54 61 2 4 0 1.10 0.0 M 11.6 23 100 M M 6 13 31 110
27 73 46 60 2 5 0 0.00 0.0 M 7.5 18 250 M M 0 12 26 250
28 73 46 60 2 5 0 0.00 0.0 M 4.4 9 150 M M 1 12 14 140
29 79 60 70 12 0 5 T 0.0 M 13.8 23 200 M M 8 1 34 200
30 73 41 57 -1 8 0 0.00 0.0 M 15.3 29 30 M M 2 18 37 20
================================================================================
SM 2070 1497 227 69 6.82 0.0 263.5 M 136
================================================================================
AV 69.0 49.9 8.8 FASTST M M 5 MAX(MPH)
MISC ----> # 29 150 38 330
================================================================================
NOTES:
# LAST OF SEVERAL OCCURRENCES
COLUMN 17 PEAK WIND IN M.P.H.
PRELIMINARY LOCAL CLIMATOLOGICAL DATA (WS FORM: F-6) , PAGE 2
STATION: LAKE CHARLES
MONTH: NOVEMBER
YEAR: 2022
LATITUDE: 30 7 N
LONGITUDE: 93 13 W
[TEMPERATURE DATA] [PRECIPITATION DATA] SYMBOLS USED IN COLUMN 16
AVERAGE MONTHLY: 59.5 TOTAL FOR MONTH: 6.82 1 = FOG OR MIST
DPTR FM NORMAL: -2.0 DPTR FM NORMAL: 2.69 2 = FOG REDUCING VISIBILITY
HIGHEST: 86 ON 8 GRTST 24HR 1.59 ON 4- 5 TO 1/4 MILE OR LESS
LOWEST: 34 ON 13 3 = THUNDER
SNOW, ICE PELLETS, HAIL 4 = ICE PELLETS
TOTAL MONTH: 0.0 INCH 5 = HAIL
GRTST 24HR 0.0 6 = FREEZING RAIN OR DRIZZLE
GRTST DEPTH: M ON M 7 = DUSTSTORM OR SANDSTORM:
VSBY 1/2 MILE OR LESS
8 = SMOKE OR HAZE
[NO. OF DAYS WITH] [WEATHER - DAYS WITH] 9 = BLOWING SNOW
X = TORNADO
MAX 32 OR BELOW: 0 0.01 INCH OR MORE: 11
MAX 90 OR ABOVE: 0 0.10 INCH OR MORE: 9
MIN 32 OR BELOW: 0 0.50 INCH OR MORE: 5
MIN 0 OR BELOW: 0 1.00 INCH OR MORE: 4
[HDD (BASE 65) ]
TOTAL THIS MO. 227 CLEAR (SCALE 0-3) 12
DPTR FM NORMAL 61 PTCLDY (SCALE 4-7) 12
TOTAL FM JUL 1 276 CLOUDY (SCALE 8-10) 6
DPTR FM NORMAL 82
[CDD (BASE 65) ]
TOTAL THIS MO. 69
DPTR FM NORMAL 11 [PRESSURE DATA]
TOTAL FM JAN 1 2883 HIGHEST SLP 30.51 ON 17
DPTR FM NORMAL -157 LOWEST SLP 29.77 ON 26
[REMARKS]
#FINAL-11-22#