000
CXUS54 KSHV 011300
CF6LFK
PRELIMINARY LOCAL CLIMATOLOGICAL DATA (WS FORM: F-6)
STATION: LUFKIN
MONTH: JUNE
YEAR: 2021
LATITUDE: 31 14 N
LONGITUDE: 94 45 W
TEMPERATURE IN F: :PCPN: SNOW: WIND :SUNSHINE: SKY :PK WND
================================================================================
1 2 3 4 5 6A 6B 7 8 9 10 11 12 13 14 15 16 17 18
12Z AVG MX 2MIN
DY MAX MIN AVG DEP HDD CDD WTR SNW DPTH SPD SPD DIR MIN PSBL S-S WX SPD DR
================================================================================
1 82 70 76 -2 0 11 0.67 0.0 0 5.2 15 250 M M 6 13 20 250
2 87 66 77 -1 0 12 0.00 0.0 0 2.3 9 250 M M 2 1 14 290
3 84 70 77 -1 0 12 0.26 0.0 0 5.4 14 120 M M 3 1 18 130
4 78 70 74 -4 0 9 0.58 0.0 0 3.5 15 140 M M 8 1 18 150
5 85 71 78 0 0 13 1.17 0.0 0 3.5 18 160 M M 6 13 22 160
6 88 69 79 0 0 14 0.26 0.0 0 5.3 12 130 M M 4 13 16 130
7 89 70 80 1 0 15 1.49 0.0 0 7.0 23 290 M M 6 13 37 290
8 91 72 82 3 0 17 0.00 0.0 0 10.0 21 150 M M 5 1 28 140
9 93 77 85 6 0 20 0.00 0.0 0 7.3 16 190 M M 5 22 200
10 93 76 85 6 0 20 0.00 0.0 0 7.2 14 220 M M 5 21 190
11 92 75 84 5 0 19 0.00 0.0 0 6.7 15 220 M M 3 1 18 210
12 93 75 84 4 0 19 0.00 0.0 0 3.9 17 160 M M 2 12 22 160
13 97 75 86 6 0 21 T 0.0 0 2.9 23 90 M M 1 3 32 50
14 97 73 85 5 0 20 0.00 0.0 0 2.8 9 320 M M 1 1 12 100
15 96 74 85 5 0 20 0.00 0.0 0 3.1 12 30 M M 1 1 17 30
16 96 73 85 5 0 20 0.00 0.0 0 3.7 14 110 M M 0 18 110
17 92 75 84 4 0 19 0.00 0.0 0 4.3 12 130 M M 1 15 140
18 93 69 81 1 0 16 0.00 0.0 0 4.0 12 100 M M 1 1 18 100
19 95 72 84 4 0 19 0.00 0.0 0 2.3 10 180 M M 2 14 210
20 94 74 84 4 0 19 T 0.0 0 7.1 17 200 M M 2 13 23 200
21 93 76 85 4 0 20 0.17 0.0 0 6.5 16 170 M M 6 138 24 170
22 87 72 80 -1 0 15 0.01 0.0 0 5.4 12 20 M M 8 13 17 20
23 96 74 85 4 0 20 0.00 0.0 0 5.4 16 150 M M 4 22 150
24 96 78 87 6 0 22 0.00 0.0 0 7.0 20 150 M M 4 13 25 160
25 96 76 86 5 0 21 0.00 0.0 0 6.9 21 150 M M 3 13 28 150
26 94 75 85 4 0 20 0.00 0.0 0 7.7 22 150 M M 2 29 140
27 94 75 85 4 0 20 0.05 0.0 0 6.1 21 120 M M 3 3 25 120
28 84 74 79 -2 0 14 0.14 0.0 0 7.9 16 110 M M 6 1 21 140
29 90 74 82 1 0 17 0.01 0.0 0 6.0 17 200 M M 6 13 22 200
30 94 74 84 2 0 19 0.00 0.0 0 3.5 9 110 M M 3 13 70
================================================================================
SM 2739 2194 0 523 4.81 0.0 159.9 M 109
================================================================================
AV 91.3 73.1 5.3 FASTST M M 4 MAX(MPH)
MISC ----> # 23 290 37 290
================================================================================
NOTES:
# LAST OF SEVERAL OCCURRENCES
COLUMN 17 PEAK WIND IN M.P.H.
PRELIMINARY LOCAL CLIMATOLOGICAL DATA (WS FORM: F-6) , PAGE 2
STATION: LUFKIN
MONTH: JUNE
YEAR: 2021
LATITUDE: 31 14 N
LONGITUDE: 94 45 W
[TEMPERATURE DATA] [PRECIPITATION DATA] SYMBOLS USED IN COLUMN 16
AVERAGE MONTHLY: 82.2 TOTAL FOR MONTH: 4.81 1 = FOG OR MIST
DPTR FM NORMAL: 2.3 DPTR FM NORMAL: 0.59 2 = FOG REDUCING VISIBILITY
HIGHEST: 97 ON 14,13 GRTST 24HR 1.49 ON 7- 7 TO 1/4 MILE OR LESS
LOWEST: 66 ON 2 3 = THUNDER
SNOW, ICE PELLETS, HAIL 4 = ICE PELLETS
TOTAL MONTH: 0.0 INCH 5 = HAIL
GRTST 24HR 0.0 6 = FREEZING RAIN OR DRIZZLE
GRTST DEPTH: 0 7 = DUSTSTORM OR SANDSTORM:
VSBY 1/2 MILE OR LESS
8 = SMOKE OR HAZE
[NO. OF DAYS WITH] [WEATHER - DAYS WITH] 9 = BLOWING SNOW
X = TORNADO
MAX 32 OR BELOW: 0 0.01 INCH OR MORE: 11
MAX 90 OR ABOVE: 21 0.10 INCH OR MORE: 8
MIN 32 OR BELOW: 0 0.50 INCH OR MORE: 4
MIN 0 OR BELOW: 0 1.00 INCH OR MORE: 2
[HDD (BASE 65) ]
TOTAL THIS MO. 0 CLEAR (SCALE 0-3) 13
DPTR FM NORMAL 0 PTCLDY (SCALE 4-7) 17
TOTAL FM JUL 1 1819 CLOUDY (SCALE 8-10) 0
DPTR FM NORMAL -153
[CDD (BASE 65) ]
TOTAL THIS MO. 523
DPTR FM NORMAL 77 [PRESSURE DATA]
TOTAL FM JAN 1 969 HIGHEST SLP 30.10 ON 30
DPTR FM NORMAL 81 LOWEST SLP 29.77 ON 21
[REMARKS]
#FINAL-06-21#