000
CXUS54 KLCH 010830
CF6LFT
PRELIMINARY LOCAL CLIMATOLOGICAL DATA (WS FORM: F-6)
STATION: LAFAYETTE
MONTH: JUNE
YEAR: 2022
LATITUDE: 30 12 N
LONGITUDE: 92 0 W
TEMPERATURE IN F: :PCPN: SNOW: WIND :SUNSHINE: SKY :PK WND
================================================================================
1 2 3 4 5 6A 6B 7 8 9 10 11 12 13 14 15 16 17 18
12Z AVG MX 2MIN
DY MAX MIN AVG DEP HDD CDD WTR SNW DPTH SPD SPD DIR MIN PSBL S-S WX SPD DR
================================================================================
1 92 73 83 3 0 18 0.74 0.0 M 2.4 16 290 M M 5 13 22 280
2 91 72 82 2 0 17 0.02 0.0 M 3.2 20 350 M M 4 13 25 360
3 88 71 80 0 0 15 0.00 0.0 M 6.3 16 360 M M 6 1 22 10
4 90 72 81 1 0 16 T 0.0 M 4.7 12 200 M M 4 16 20
5 92 69 81 0 0 16 2.33 0.0 M 2.4 25 60 M M 3 138 40 50
6 90 72 81 0 0 16 0.00 0.0 M 6.2 16 200 M M 4 1 22 190
7 91 74 83 2 0 18 0.00 0.0 M 5.3 15 200 M M 4 21 210
8 93 73 83 2 0 18 0.00 0.0 M 6.1 15 200 M M 3 20 190
9 95 77 86 5 0 21 0.00 0.0 M 3.4 13 240 M M 3 1 18 230
10 92 72 82 1 0 17 0.32 0.0 M 6.8 28 10 M M 4 13 40 20
11 93 72 83 2 0 18 0.00 0.0 M 6.1 15 270 M M 3 28 230
12 94 76 85 3 0 20 0.00 0.0 M 8.8 18 240 M M 3 8 26 240
13 95 77 86 4 0 21 0.00 0.0 M 7.5 17 190 M M 3 22 210
14 94 76 85 3 0 20 0.00 0.0 M 5.2 18 200 M M 3 18 25 190
15 95 74 85 3 0 20 0.00 0.0 M 2.7 8 200 M M 2 138 12 210
16 95 75 85 3 0 20 0.10 0.0 M 5.0 18 190 M M 3 13 26 180
17 93 75 84 2 0 19 T 0.0 M 2.7 9 160 M M 1 13 18 170
18 97 76 87 5 0 22 0.00 0.0 M 3.5 9 250 M M 2 1 14 50
19 98 80 89 7 0 24 0.00 0.0 0 6.4 13 20 M M 1 17 20
20 96 74 85 3 0 20 0.00 0.0 M 2.1 10 60 M M 1 14 60
21 96 77 87 5 0 22 0.00 0.0 0 3.2 14 200 M M 2 138 20 180
22 97 76 87 5 0 22 0.00 0.0 0 4.5 14 220 M M 1 3 20 220
23 99 81 90 8 0 25 0.00 0.0 0 7.1 14 200 M M 2 3 18 200
24 98 80 89 7 0 24 0.00 0.0 M 6.7 14 220 M M 1 3 19 250
25 98 80 89 7 0 24 0.00 0.0 0 5.2 12 200 M M 1 17 210
26 100 74 87 5 0 22 0.10 0.0 M 6.8 18 20 M M 4 13 25 360
27 87 74 81 -2 0 16 0.08 0.0 M 7.9 16 20 M M 2 1 26 130
28 94 75 85 2 0 20 0.04 0.0 M 4.8 14 260 M M 2 3 19 270
29 92 74 83 0 0 18 0.98 0.0 M 3.6 16 310 M M 2 123 22 230
30 89 75 82 -1 0 17 0.03 0.0 M 3.6 12 180 M M 2 13 16 180
================================================================================
SM 2814 2246 0 586 4.74 0.0 150.2 M 81
================================================================================
AV 93.8 74.9 5.0 FASTST M M 3 MAX(MPH)
MISC ----> 28 10 # 40 50
================================================================================
NOTES:
# LAST OF SEVERAL OCCURRENCES
COLUMN 17 PEAK WIND IN M.P.H.
PRELIMINARY LOCAL CLIMATOLOGICAL DATA (WS FORM: F-6) , PAGE 2
STATION: LAFAYETTE
MONTH: JUNE
YEAR: 2022
LATITUDE: 30 12 N
LONGITUDE: 92 0 W
[TEMPERATURE DATA] [PRECIPITATION DATA] SYMBOLS USED IN COLUMN 16
AVERAGE MONTHLY: 84.3 TOTAL FOR MONTH: 4.74 1 = FOG OR MIST
DPTR FM NORMAL: 2.7 DPTR FM NORMAL: -2.35 2 = FOG REDUCING VISIBILITY
HIGHEST: 100 ON 26 GRTST 24HR 2.33 ON 5- 5 TO 1/4 MILE OR LESS
LOWEST: 69 ON 5 3 = THUNDER
SNOW, ICE PELLETS, HAIL 4 = ICE PELLETS
TOTAL MONTH: 0.0 INCH 5 = HAIL
GRTST 24HR 0.0 6 = FREEZING RAIN OR DRIZZLE
GRTST DEPTH: 0 7 = DUSTSTORM OR SANDSTORM:
VSBY 1/2 MILE OR LESS
8 = SMOKE OR HAZE
[NO. OF DAYS WITH] [WEATHER - DAYS WITH] 9 = BLOWING SNOW
X = TORNADO
MAX 32 OR BELOW: 0 0.01 INCH OR MORE: 10
MAX 90 OR ABOVE: 27 0.10 INCH OR MORE: 6
MIN 32 OR BELOW: 0 0.50 INCH OR MORE: 3
MIN 0 OR BELOW: 0 1.00 INCH OR MORE: 1
[HDD (BASE 65) ]
TOTAL THIS MO. 0 CLEAR (SCALE 0-3) 19
DPTR FM NORMAL 0 PTCLDY (SCALE 4-7) 11
TOTAL FM JUL 1 1205 CLOUDY (SCALE 8-10) 0
DPTR FM NORMAL -172
[CDD (BASE 65) ]
TOTAL THIS MO. 586
DPTR FM NORMAL 87 [PRESSURE DATA]
TOTAL FM JAN 1 1294 HIGHEST SLP 30.18 ON 21
DPTR FM NORMAL 160 LOWEST SLP 29.75 ON 5
[REMARKS]
#FINAL-06-22#