000
CXUS54 KLCH 010830
CF6LFT
PRELIMINARY LOCAL CLIMATOLOGICAL DATA (WS FORM: F-6)
STATION: LAFAYETTE
MONTH: AUGUST
YEAR: 2023
LATITUDE: 30 12 N
LONGITUDE: 92 0 W
TEMPERATURE IN F: :PCPN: SNOW: WIND :SUNSHINE: SKY :PK WND
================================================================================
1 2 3 4 5 6A 6B 7 8 9 10 11 12 13 14 15 16 17 18
12Z AVG MX 2MIN
DY MAX MIN AVG DEP HDD CDD WTR SNW DPTH SPD SPD DIR MIN PSBL S-S WX SPD DR
================================================================================
1 101 77 89 5 0 24 0.00 0.0 M 3.3 10 200 M M 0 13 210
2 100 79 90 6 0 25 0.00 0.0 M 1.7 16 110 M M 0 3 28 70
3 101 78 90 6 0 25 0.00 0.0 M 3.7 14 200 M M 3 21 170
4 103 80 92 8 0 27 T 0.0 M 6.3 14 210 M M 3 19 200
5 102 81 92 8 0 27 0.00 0.0 M 7.2 16 220 M M 2 20 240
6 102 81 92 8 0 27 0.00 0.0 M 7.2 16 240 M M 2 21 240
7 102 81 92 8 0 27 0.00 0.0 M 7.9 17 240 M M 1 30 260
8 101 81 91 7 0 26 0.00 0.0 M 6.7 16 270 M M 2 26 270
9 101 81 91 7 0 26 0.00 0.0 M 8.9 18 220 M M 2 27 210
10 101 82 92 8 0 27 0.00 0.0 M 10.8 22 210 M M 3 30 220
11 103 80 92 8 0 27 0.00 0.0 M 8.7 17 220 M M 2 25 220
12 103 79 91 7 0 26 0.00 0.0 M 7.0 15 230 M M 2 21 230
13 102 79 91 7 0 26 0.00 0.0 0 6.6 14 230 M M 2 21 240
14 103 81 92 8 0 27 0.00 0.0 0 6.6 15 220 M M 2 26 220
15 102 82 92 8 0 27 0.00 0.0 0 7.0 14 20 M M 2 38 20 360
16 98 74 86 2 0 21 0.00 0.0 M 4.8 13 10 M M 2 22 310
17 102 72 87 3 0 22 0.00 0.0 0 3.8 14 200 M M 1 20 200
18 103 77 90 6 0 25 0.00 0.0 M 4.8 15 230 M M 0 1 20 160
19 105 81 93 9 0 28 0.00 0.0 M 6.0 15 230 M M 1 20 190
20 100 80 90 6 0 25 0.00 0.0 M 2.6 12 190 M M 0 19 190
21 101 79 90 7 0 25 0.00 0.0 M 5.6 15 60 M M 2 28 50
22 102 80 91 8 0 26 0.00 0.0 M 5.6 16 200 M M 2 22 200
23 105 80 93 10 0 28 0.00 0.0 M 4.0 13 240 M M 1 8 18 240
24 106 84 95 12 0 30 0.00 0.0 M 5.0 14 190 M M 1 8 20 200
25 101 82 92 9 0 27 0.00 0.0 M 4.1 10 200 M M 1 1 17 160
26 106 80 93 10 0 28 0.00 0.0 M 5.1 14 260 M M 0 3 22 260
27 110 83 97 14 0 32 0.00 0.0 M 7.4 16 330 M M 0 22 20
28 90 77 84 1 0 19 0.76 0.0 M 7.0 30 350 M M 7 13 39 350
29 94 77 86 3 0 21 0.34 0.0 M 6.4 18 30 M M 6 38 23 10
30 98 75 87 4 0 22 0.00 0.0 M 10.4 21 10 M M 1 30 340
31 98 69 84 2 0 19 0.00 0.0 M 6.4 15 10 M M 1 21 30
================================================================================
SM 3146 2452 0 792 1.10 0.0 188.6 M 54
================================================================================
AV101.5 79.1 6.1 FASTST M M 2 MAX(MPH)
MISC ----> 30 350 39 350
================================================================================
NOTES:
# LAST OF SEVERAL OCCURRENCES
COLUMN 17 PEAK WIND IN M.P.H.
PRELIMINARY LOCAL CLIMATOLOGICAL DATA (WS FORM: F-6) , PAGE 2
STATION: LAFAYETTE
MONTH: AUGUST
YEAR: 2023
LATITUDE: 30 12 N
LONGITUDE: 92 0 W
[TEMPERATURE DATA] [PRECIPITATION DATA] SYMBOLS USED IN COLUMN 16
AVERAGE MONTHLY: 90.3 TOTAL FOR MONTH: 1.10 1 = FOG OR MIST
DPTR FM NORMAL: 6.8 DPTR FM NORMAL: -5.16 2 = FOG REDUCING VISIBILITY
HIGHEST: 110 ON 27 GRTST 24HR 1.10 ON 28-29 TO 1/4 MILE OR LESS
LOWEST: 69 ON 31 3 = THUNDER
SNOW, ICE PELLETS, HAIL 4 = ICE PELLETS
TOTAL MONTH: 0.0 INCH 5 = HAIL
GRTST 24HR 0.0 6 = FREEZING RAIN OR DRIZZLE
GRTST DEPTH: 0 7 = DUSTSTORM OR SANDSTORM:
VSBY 1/2 MILE OR LESS
8 = SMOKE OR HAZE
[NO. OF DAYS WITH] [WEATHER - DAYS WITH] 9 = BLOWING SNOW
X = TORNADO
MAX 32 OR BELOW: 0 0.01 INCH OR MORE: 2
MAX 90 OR ABOVE: 31 0.10 INCH OR MORE: 2
MIN 32 OR BELOW: 0 0.50 INCH OR MORE: 1
MIN 0 OR BELOW: 0 1.00 INCH OR MORE: 0
[HDD (BASE 65) ]
TOTAL THIS MO. 0 CLEAR (SCALE 0-3) 29
DPTR FM NORMAL 0 PTCLDY (SCALE 4-7) 2
TOTAL FM JUL 1 0 CLOUDY (SCALE 8-10) 0
DPTR FM NORMAL 0
[CDD (BASE 65) ]
TOTAL THIS MO. 792
DPTR FM NORMAL 219 [PRESSURE DATA]
TOTAL FM JAN 1 3000 HIGHEST SLP 30.09 ON 2
DPTR FM NORMAL 726 LOWEST SLP 29.68 ON 27
[REMARKS]
#FINAL-08-23#