000
CXUS54 KFWD 010730
CF6LHB
PRELIMINARY LOCAL CLIMATOLOGICAL DATA (WS FORM: F-6)
STATION: HEARNE
MONTH: MARCH
YEAR: 2020
LATITUDE: 30 52 N
LONGITUDE: 96 36 W
TEMPERATURE IN F: :PCPN: SNOW: WIND :SUNSHINE: SKY :PK WND
================================================================================
1 2 3 4 5 6A 6B 7 8 9 10 11 12 13 14 15 16 17 18
12Z AVG MX 2MIN
DY MAX MIN AVG DEP HDD CDD WTR SNW DPTH SPD SPD DIR MIN PSBL S-S WX SPD DR
================================================================================
1 74 57 66 M 0 1 0.00 0.0 0 11.1 22 190 M M 6 28 190
2 77 66 72 M 0 7 0.00 0.0 0 8.9 16 210 M M 7 21 170
3 76 64 70 M 0 5 0.04 0.0 0 3.6 8 40 M M 3 1 M M
4 68 53 61 M 4 0 0.45 0.0 0 12.4 27 30 M M 9 13 38 30
5 72 46 59 M 6 0 0.00 0.0 0 7.7 16 320 M M 2 22 330
6 70 42 56 M 9 0 0.00 0.0 0 4.9 13 20 M M 0 8 20 40
7 62 39 51 M 14 0 0.00 0.0 0 2.9 10 140 M M 1 M M
8 74 42 58 M 7 0 0.00 0.0 0 9.3 15 150 M M 4 22 160
9 67 63 65 M 0 0 0.09 0.0 0 8.0 13 150 M M 7 22 150
10 80 58 69 M 0 4 0.00 0.0 0 3.5 8 140 M M 5 12 M M
11 82 61 72 M 0 7 0.00 0.0 0 7.0 14 160 M M 5 16 170
12 84 67 76 M 0 11 0.00 0.0 0 11.0 15 170 M M 4 21 180
13 83 69 76 M 0 11 0.00 0.0 0 8.5 17 140 M M 8 23 140
14 83 66 75 M 0 10 0.00 0.0 0 8.1 16 180 M M 8 24 150
15 77 60 69 M 0 4 0.08 0.0 0 5.5 13 350 M M 10 M M
16 77 59 68 M 0 3 0.00 0.0 0 3.6 9 310 M M 7 1 M M
17 84 68 76 M 0 11 0.00 0.0 0 7.0 15 180 M M 8 1 22 180
18 82 70 76 M 0 11 0.00 0.0 0 9.6 15 150 M M 8 22 160
19 82 70 76 M 0 11 0.03 0.0 0 9.1 16 160 M M 6 24 160
20 72 51 62 M 3 0 0.49 0.0 0 10.9 20 340 M M 10 3 27 350
21 63 47 55 M 10 0 0.59 0.0 0 7.1 15 360 M M 10 13 18 360
22 68 55 62 M 3 0 0.00 0.0 0 1.8 12 110 M M 10 1 18 110
23 83 64 74 M 0 9 0.03 0.0 0 5.1 14 150 M M 9 1 17 150
24 86 57 72 M 0 7 0.00 0.0 0 5.5 12 170 M M 5 1 17 160
25 87 50 69 M 0 4 0.00 0.0 0 3.8 10 180 M M 2 12 M M
26 86 66 76 M 0 11 0.00 0.0 0 9.7 14 170 M M 6 1 18 160
27 89 69 79 M 0 14 0.00 0.0 0 10.8 16 160 M M 6 25 180
28 77 52 65 M 0 0 0.21 0.0 0 4.9 16 340 M M 5 28 340
29 77 46 62 M 3 0 0.00 0.0 0 2.8 8 70 M M 4 12 M M
30 74 64 69 M 0 4 M 0.0 0 3.5 7 160 M M 10 M M
31 68 49 59 M 6 0 0.00 0.0 0 9.4 22 340 M M 7 1 29 340
================================================================================
SM 2384 1790 65 145 2.01 0.0 217.0 M 192
================================================================================
AV 76.9 57.7 7.0 FASTST M M 6 MAX(MPH)
MISC ----> # 27 30 # 38 30
================================================================================
NOTES:
# LAST OF SEVERAL OCCURRENCES
COLUMN 17 PEAK WIND IN M.P.H.
PRELIMINARY LOCAL CLIMATOLOGICAL DATA (WS FORM: F-6) , PAGE 2
STATION: HEARNE
MONTH: MARCH
YEAR: 2020
LATITUDE: 30 52 N
LONGITUDE: 96 36 W
[TEMPERATURE DATA] [PRECIPITATION DATA] SYMBOLS USED IN COLUMN 16
AVERAGE MONTHLY: 67.3 TOTAL FOR MONTH: 2.01 1 = FOG OR MIST
DPTR FM NORMAL: M DPTR FM NORMAL: M 2 = FOG REDUCING VISIBILITY
HIGHEST: 89 ON 27 GRTST 24HR 0.59 ON 21-21 TO 1/4 MILE OR LESS
LOWEST: 39 ON 7 3 = THUNDER
SNOW, ICE PELLETS, HAIL 4 = ICE PELLETS
TOTAL MONTH: 0.0 INCH 5 = HAIL
GRTST 24HR 0.0 6 = FREEZING RAIN OR DRIZZLE
GRTST DEPTH: 0 7 = DUSTSTORM OR SANDSTORM:
VSBY 1/2 MILE OR LESS
8 = SMOKE OR HAZE
[NO. OF DAYS WITH] [WEATHER - DAYS WITH] 9 = BLOWING SNOW
X = TORNADO
MAX 32 OR BELOW: 0 0.01 INCH OR MORE: 9
MAX 90 OR ABOVE: 0 0.10 INCH OR MORE: 4
MIN 32 OR BELOW: 0 0.50 INCH OR MORE: 1
MIN 0 OR BELOW: 0 1.00 INCH OR MORE: 0
[HDD (BASE 65) ]
TOTAL THIS MO. 65 CLEAR (SCALE 0-3) 5
DPTR FM NORMAL M PTCLDY (SCALE 4-7) 17
TOTAL FM JUL 1 1551 CLOUDY (SCALE 8-10) 9
DPTR FM NORMAL M
[CDD (BASE 65) ]
TOTAL THIS MO. 145
DPTR FM NORMAL M [PRESSURE DATA]
TOTAL FM JAN 1 166 HIGHEST SLP M ON M
DPTR FM NORMAL M LOWEST SLP M ON M
[REMARKS]
#FINAL-03-20#