000
CXHW51 PHFO 011250
CF6LIH
PRELIMINARY LOCAL CLIMATOLOGICAL DATA (WS FORM: F-6)
STATION: LIHUE HI
MONTH: MARCH
YEAR: 2020
LATITUDE: 21 58 N
LONGITUDE: 159 21 W
TEMPERATURE IN F: :PCPN: SNOW: WIND :SUNSHINE: SKY :PK WND
================================================================================
1 2 3 4 5 6A 6B 7 8 9 10 11 12 13 14 15 16 17 18
12Z AVG MX 2MIN
DY MAX MIN AVG DEP HDD CDD WTR SNW DPTH SPD SPD DIR MIN PSBL S-S WX SPD DR
================================================================================
1 78 68 73 1 0 8 0.27 0.0 M 22.8 33 50 M M M 18 42 70
2 78 68 73 1 0 8 0.15 0.0 M 18.7 32 70 M M M 18 39 80
3 80 71 76 4 0 11 0.05 0.0 M 9.4 23 110 M M M 1 27 110
4 82 67 75 3 0 10 0.00 0.0 M 8.1 18 30 M M M 21 30
5 79 64 72 0 0 7 0.03 0.0 M 13.7 29 50 M M M 18 33 40
6 80 71 76 4 0 11 0.02 0.0 M 22.1 29 70 M M M 18 37 70
7 80 69 75 3 0 10 0.11 0.0 M 22.1 30 70 M M M 18 37 70
8 79 69 74 2 0 9 T 0.0 M 21.7 28 50 M M M 33 40
9 78 69 74 2 0 9 T 0.0 M 15.3 23 80 M M M 18 27 60
10 79 65 72 0 0 7 0.02 0.0 M 8.9 17 80 M M M 1 21 80
11 M M M M M M M M M M M M M M M M M
12 77 64 71 -2 0 6 0.12 0.0 M 7.2 16 180 M M M 18 20 180
13 78 66 72 -1 0 7 T 0.0 M 7.8 17 40 M M M 21 40
14 79 64 72 -1 0 7 0.00 0.0 M 10.2 18 30 M M M 23 20
15 81 69 75 2 0 10 0.00 0.0 M 9.2 15 140 M M M 18 140
16 76 69 73 0 0 8 4.03 0.0 M 17.6 31 160 M M M 13 39 150
17 75 68 72 -1 0 7 3.91 0.0 M 11.6 28 140 M M M 1 34 140
18 79 68 74 1 0 9 0.52 0.0 M 9.2 35 250 M M M 138 43 250
19 78 68 73 0 0 8 0.01 0.0 M 6.7 18 190 M M M 23 190
20 81 70 76 3 0 11 0.04 0.0 M 8.0 17 180 M M M 1 20 190
21 81 72 77 4 0 12 0.04 0.0 M 8.7 16 80 M M M 1 20 90
22 81 72 77 4 0 12 0.01 0.0 M 14.2 25 80 M M M 18 29 80
23 80 71 76 3 0 11 0.01 0.0 M 20.3 29 70 M M M 18 35 60
24 78 70 74 1 0 9 0.02 0.0 M 21.7 31 70 M M M 18 40 70
25 80 70 75 2 0 10 0.02 0.0 M 23.5 31 90 M M M 18 38 70
26 78 68 73 0 0 8 0.12 0.0 M 20.9 29 70 M M M 18 35 90
27 75 68 72 -1 0 7 0.72 0.0 M 18.4 29 80 M M M 18 34 90
28 79 64 72 -1 0 7 5.35 0.0 M 15.3 35 140 M M M 1 44 140
29 80 72 76 3 0 11 0.01 0.0 M 16.7 23 50 M M M 1 28 50
30 80 72 76 3 0 11 0.03 0.0 M 14.6 21 70 M M M 1 24 70
31 80 71 76 2 0 11 0.01 0.0 M 12.7 22 100 M M M 1 25 90
================================================================================
SM 2369 2057 0 272 15.62 0.0 437.3 M M
================================================================================
AV 79.0 68.6 14.6 FASTST M M 0 MAX(MPH)
MISC ----> # 35 250 # 44 140
================================================================================
NOTES:
# LAST OF SEVERAL OCCURRENCES
COLUMN 17 PEAK WIND IN M.P.H.
PRELIMINARY LOCAL CLIMATOLOGICAL DATA (WS FORM: F-6) , PAGE 2
STATION: LIHUE HI
MONTH: MARCH
YEAR: 2020
LATITUDE: 21 58 N
LONGITUDE: 159 21 W
[TEMPERATURE DATA] [PRECIPITATION DATA] SYMBOLS USED IN COLUMN 16
AVERAGE MONTHLY: 73.8 TOTAL FOR MONTH: 15.62 1 = FOG OR MIST
DPTR FM NORMAL: 1.1 DPTR FM NORMAL: 11.01 2 = FOG REDUCING VISIBILITY
HIGHEST: 82 ON 4 GRTST 24HR 5.35 ON 28-28 TO 1/4 MILE OR LESS
LOWEST: 64 ON 28,14 3 = THUNDER
SNOW, ICE PELLETS, HAIL 4 = ICE PELLETS
TOTAL MONTH: 0.0 INCH 5 = HAIL
GRTST 24HR 0.0 6 = FREEZING RAIN OR DRIZZLE
GRTST DEPTH: M ON M 7 = DUSTSTORM OR SANDSTORM:
VSBY 1/2 MILE OR LESS
8 = SMOKE OR HAZE
[NO. OF DAYS WITH] [WEATHER - DAYS WITH] 9 = BLOWING SNOW
X = TORNADO
MAX 32 OR BELOW: 0 0.01 INCH OR MORE: 24
MAX 90 OR ABOVE: 0 0.10 INCH OR MORE: 10
MIN 32 OR BELOW: 0 0.50 INCH OR MORE: 5
MIN 0 OR BELOW: 0 1.00 INCH OR MORE: 3
[HDD (BASE 65) ]
TOTAL THIS MO. 0 CLEAR (SCALE 0-3) 0
DPTR FM NORMAL 0 PTCLDY (SCALE 4-7) 0
TOTAL FM JUL 1 0 CLOUDY (SCALE 8-10) 0
DPTR FM NORMAL 0
[CDD (BASE 65) ]
TOTAL THIS MO. 272
DPTR FM NORMAL 33 [PRESSURE DATA]
TOTAL FM JAN 1 771 HIGHEST SLP 30.30 ON 7
DPTR FM NORMAL 137 LOWEST SLP 29.86 ON 12
[REMARKS]
#FINAL-03-20#