000
CXHW51 PHFO 011625
CLMLIH
CLIMATE REPORT
NATIONAL WEATHER SERVICE HONOLULU HI
625 AM HST TUE AUG 01 2023
...................................
...THE LIHUE HI CLIMATE SUMMARY FOR THE MONTH OF JULY 2023...
CLIMATE NORMAL PERIOD 1991 TO 2020
CLIMATE RECORD PERIOD 1950 TO 2023
WEATHER OBSERVED NORMAL DEPART LAST YEAR`S
VALUE DATE(S) VALUE FROM VALUE DATE(S)
NORMAL
................................................................
TEMPERATURE (F)
RECORD
HIGH 89 07/07/1981
07/12/1979
LOW 62 07/12/1979
HIGHEST 88 07/20 84 4 87 07/30
07/25
07/28
LOWEST 75 07/15 74 1 72 07/23
07/16
07/30
07/28
AVG. MAXIMUM 86.8 84.6 2.2 85.2
AVG. MINIMUM 77.0 74.6 2.4 74.7
MEAN 81.9 79.6 2.3 79.9
DAYS MAX >= 93 0 0
DAYS MAX >= 90 0 0
DAYS MAX <= 80 0 0
DAYS MIN >= 72 31 31
DAYS MIN <= 60 0 0
DAYS MIN <= 55 0 0
PRECIPITATION (INCHES)
RECORD
MAXIMUM 8.85 1954
MINIMUM 0.54 2009
TOTALS 1.31 1.75 -0.44 0.92
DAILY AVG. 0.04 0.06 -0.01 0.03
DAYS >= .01 20 19.3 0.7 20
DAYS >= .10 5 5.0 0.0 3
DAYS >= .50 0 0.4 -0.4 0
DAYS >= 1.00 0 0.1 -0.1 0
GREATEST
24 HR. TOTAL 0.24 07/29 TO 07/30 0.17
SNOWFALL (INCHES)
RECORDS
TOTAL MM MM
TOTALS MM MM MM MM
SINCE 7/1 MM MM MM MM
SNOWDEPTH AVG. MM MM
DAYS >= 1.0 MM MM MM MM
GREATEST
SNOW DEPTH MM MM MM
24 HR TOTAL MM MM
DEGREE DAYS
HEATING TOTAL 0 0 0 0
SINCE 7/1 0 0 0 MM
COOLING TOTAL 531 453 78 469
SINCE 1/1 2436 2163 273 MM
................................................................
WIND (MPH)
AVERAGE WIND SPEED 15.2
HIGHEST WIND SPEED/DIRECTION 30/070 DATE 07/09
HIGHEST GUST SPEED/DIRECTION 36/070 DATE 07/09
SKY COVER
POSSIBLE SUNSHINE (PERCENT) MM
AVERAGE SKY COVER 0.63
NUMBER OF DAYS FAIR 1
NUMBER OF DAYS PC 23
NUMBER OF DAYS CLOUDY 7
AVERAGE RH (PERCENT) 71
WEATHER CONDITIONS. NUMBER OF DAYS WITH
THUNDERSTORM 0 MIXED PRECIP 0
HEAVY RAIN 2 RAIN 3
LIGHT RAIN 20 FREEZING RAIN 0
LT FREEZING RAIN 0 HAIL 0
HEAVY SNOW 0 SNOW 0
LIGHT SNOW 0 SLEET 0
FOG 13 FOG W/VIS <= 1/4 MILE 0
HAZE 13
- INDICATES NEGATIVE NUMBERS.
R INDICATES RECORD WAS SET OR TIED.
MM INDICATES DATA IS MISSING.
T INDICATES TRACE AMOUNT.
$$