000
CXUS54 KLZK 180024
CLSLIT
CLIMATE REPORT...UPDATED WITH SUPPLEMENTAL DATA
NATIONAL WEATHER SERVICE LITTLE ROCK AR
1154 AM CDT THU SEP 01 2022
...................................
...THE LITTLE ROCK ADAMS FIELD CLIMATE SUMMARY FOR THE SEASON, FROM
6/1/2022 TO 8/31/2022...
CLIMATE NORMAL PERIOD 1991 TO 2020
CLIMATE RECORD PERIOD 1874 TO 2022
WEATHER OBSERVED NORMAL DEPART LAST YEAR`S
VALUE DATE(S) VALUE FROM VALUE DATE(S)
NORMAL
................................................................
TEMPERATURE (F)
RECORD
HIGH 114 08/03/2011
LOW 46 06/03/1969
HIGHEST 104 08/15 MM MM 99 07/31
07/30
LOWEST 61 06/03 MM MM 23 08/11
AVG. MAXIMUM 93.0 90.5 2.5 90.2
AVG. MINIMUM 73.3 69.7 3.6 70.9
MEAN 83.1 80.1 3.0 80.6
DAYS MAX >= 90 64 61.3 2.7 55
DAYS MAX <= 32 0 0.0 0.0 0
DAYS MIN <= 32 0 0.0 0.0 1
DAYS MIN <= 0 0 0.0 0.0 0
PRECIPITATION (INCHES)
TOTALS 8.84 10.04 -1.20 12.04
DAILY AVG. 0.10 0.11 -0.01 0.13
DAYS >= .01 20 23.9 -3.9 23
DAYS >= .10 12 15.7 -3.7 14
DAYS >= .50 8 6.9 1.1 8
DAYS >= 1.00 3 2.8 0.2 4
GREATEST
24 HR. TOTAL 1.55 06/01 TO 06/02
STORM TOTAL 1.50
(MM/DD(HH)) MM
SNOWFALL (INCHES)
RECORDS
TOTAL MM MM
24 HR TOTAL MM
SNOW DEPTH MM MM
TOTALS 0.0 0.0 0.0 0.0
LIQUID EQUIV 0.00 0.00 0.00 0.00
SINCE 7/1 0.0 0.0 0.0 MM
LIQUID 7/1 0.00 0.00 0.00 MM
SNOWDEPTH AVG. 0 0
DAYS >= TRACE 0 0.0 0.0 0
DAYS >= 1.0 0 0.0 0.0 0
GREATEST
SNOW DEPTH 0 0 MM
24 HR TOTAL 0.0 MM 0.0
STORM TOTAL 0.0 0.0
(MM/DD(HH)) MM
DEGREE DAYS
HEATING TOTAL 0 0 0 4
SINCE 7/1 0 0 0 MM
COOLING TOTAL 1694 1388 306 1461
SINCE 1/1 2066 1632 434 MM
FREEZE DATES
RECORD
EARLIEST 10/20/1989
LATEST 04/19/1983
EARLIEST MM
LATEST 03/13
................................................................
WIND (MPH)
AVERAGE WIND SPEED 5.9
HIGHEST WIND SPEED/DIRECTION 37/080 DATE 07/27
HIGHEST GUST SPEED/DIRECTION 42/080 DATE 07/27
SKY COVER
AVERAGE SKY COVER 0.48
NUMBER OF DAYS FAIR 27
NUMBER OF DAYS PC 51
NUMBER OF DAYS CLOUDY 14
WEATHER CONDITIONS. NUMBER OF DAYS WITH
THUNDERSTORM 21 MIXED PRECIP 1
HEAVY RAIN 9 RAIN 9
LIGHT RAIN 23 FREEZING RAIN 0
LT FREEZING RAIN 0 HAIL 0
HEAVY SNOW 0 SLEET 0
FOG 26 FOG W/VIS <= 1/4 MILE 3
HAZE 17
- INDICATES NEGATIVE NUMBERS.
R INDICATES RECORD WAS SET OR TIED.
MM INDICATES DATA IS MISSING.
T INDICATES TRACE AMOUNT.
&&
...ADDITIONAL DATA FOR LITTLE ROCK ADAMS FIELD FOR SUMMER 2022...
.SEASONAL TEMPERATURES...
THE AVERAGE HIGH TEMPERATURE WAS THE WARMEST SINCE 2016. THE AVERAGE
LOW TEMPERATURE WAS THE WARMEST SINCE 2016, AND THE 6TH WARMEST ON
RECORD. THE AVERAGE SEASONAL TEMPERATURE WAS THE WARMEST SINCE 2016.
THE HOTTEST TEMPERATURE OF 104 WAS THE WARMEST SUMMER TEMPERATURE SINCE 2016.
THERE WERE 16 DAYS WITH HIGH TEMPERATURES AT OR ABOVE 100, WHICH IS
THE MOST SINCE 2012, AND TIED FOR 10TH MOST DAYS AT OR ABOVE 100 (TIED
WITH 1934 AND 1930). THERE WERE 64 DAYS WITH HIGH TEMPERATURES AT OR
ABOVE 90 DEGREES, WHICH WAS THE MOST SINCE 2018.
.SEASONAL RAINFALL...
IT WAS THE DRIEST SUMMER SINCE 2015. THERE WERE 20 DAYS WITH MEASURABLE
PRECIPITATION, WHICH WAS THE LEAST AMOUNT SINCE 2015.
$$
62 (IN MEMORY OF 57)