000
CXUS54 KLZK 011130
CF6LLQ
PRELIMINARY LOCAL CLIMATOLOGICAL DATA (WS FORM: F-6)
STATION: MONTICELLO
MONTH: JUNE
YEAR: 2021
LATITUDE: 33 37 N
LONGITUDE: 91 45 W
TEMPERATURE IN F: :PCPN: SNOW: WIND :SUNSHINE: SKY :PK WND
================================================================================
1 2 3 4 5 6A 6B 7 8 9 10 11 12 13 14 15 16 17 18
12Z AVG MX 2MIN
DY MAX MIN AVG DEP HDD CDD WTR SNW DPTH SPD SPD DIR MIN PSBL S-S WX SPD DR
================================================================================
1 79 66 73 -4 0 8 0.22 0.0 0 4.9 12 200 M M 8 1 16 200
2 81 65 73 -4 0 8 0.00 0.0 0 6.7 16 210 M M 6 22 220
3 85 63 74 -3 0 9 0.00 0.0 0 2.5 9 280 M M 2 13 280
4 85 61 73 -4 0 8 0.00 0.0 0 1.1 9 70 M M 0 13 80
5 79 69 74 -4 0 9 0.29 0.0 0 3.5 16 170 M M 7 1 25 170
6 84 69 77 -1 0 12 3.53 0.0 0 5.0 23 80 M M 9 123 26 90
7 84 68 76 -2 0 11 1.88 0.0 0 6.9 32 160 M M 9 13 48 160
8 86 69 78 0 0 13 2.92 0.0 M 4.8 21 330 M M 8 13 30 320
9 87 72 80 2 0 15 0.13 0.0 M 5.6 13 220 M M 5 138 17 220
10 84 72 78 -1 0 13 0.66 0.0 0 6.2 20 130 M M 5 13 25 100
11 88 75 82 3 0 17 0.00 0.0 0 5.5 13 240 M M 4 1 18 220
12 95 72 84 5 0 19 0.00 0.0 0 2.9 15 210 M M 1 1 19 200
13 96 75 86 7 0 21 0.00 0.0 0 4.2 17 50 M M 1 13 21 50
14 93 71 82 3 0 17 0.00 0.0 0 3.7 12 70 M M 1 16 50
15 95 67 81 1 0 16 0.00 0.0 0 2.3 6 10 M M 0 M M
16 90 70 80 0 0 15 0.00 0.0 M 2.5 10 100 M M 2 13 80
17 91 68 80 0 0 15 0.00 0.0 M 2.7 9 140 M M 3 12 150
18 91 67 79 -1 0 14 0.00 0.0 M 3.0 12 100 M M 0 15 100
19 90 70 80 0 0 15 0.00 0.0 M 2.3 10 70 M M 1 13 40
20 95 73 84 4 0 19 0.00 0.0 0 6.9 14 200 M M 1 20 190
21 87 69 78 -2 0 13 0.37 0.0 0 6.9 22 200 M M 5 13 32 200
22 81 60 71 -10 0 6 0.00 0.0 0 4.2 16 60 M M 0 22 80
23 87 58 73 -8 0 8 0.00 0.0 0 2.7 9 130 M M 2 15 140
24 93 71 82 1 0 17 0.00 0.0 0 4.2 12 200 M M 2 15 200
25 92 76 84 3 0 19 0.00 0.0 M 7.3 14 150 M M 3 19 170
26 91 74 83 2 0 18 0.09 0.0 M 6.4 13 190 M M 4 17 190
27 91 72 82 1 0 17 0.01 0.0 0 4.7 15 140 M M 1 23 140
28 90 73 82 1 0 17 0.10 0.0 0 4.4 18 130 M M 3 38 22 130
29 91 73 82 0 0 17 0.15 0.0 M 3.9 12 120 M M 2 1 15 140
30 91 71 81 -1 0 16 0.00 0.0 M 2.6 9 160 M M 1 13 210
================================================================================
SM 2652 2079 0 422 10.35 0.0 130.5 M 96
================================================================================
AV 88.4 69.3 4.3 FASTST M M 3 MAX(MPH)
MISC ----> 32 160 48 160
================================================================================
NOTES:
# LAST OF SEVERAL OCCURRENCES
COLUMN 17 PEAK WIND IN M.P.H.
PRELIMINARY LOCAL CLIMATOLOGICAL DATA (WS FORM: F-6) , PAGE 2
STATION: MONTICELLO
MONTH: JUNE
YEAR: 2021
LATITUDE: 33 37 N
LONGITUDE: 91 45 W
[TEMPERATURE DATA] [PRECIPITATION DATA] SYMBOLS USED IN COLUMN 16
AVERAGE MONTHLY: 78.9 TOTAL FOR MONTH: 10.35 1 = FOG OR MIST
DPTR FM NORMAL: -0.5 DPTR FM NORMAL: 6.55 2 = FOG REDUCING VISIBILITY
HIGHEST: 96 ON 13 GRTST 24HR 4.87 ON 6- 7 TO 1/4 MILE OR LESS
LOWEST: 58 ON 23 3 = THUNDER
SNOW, ICE PELLETS, HAIL 4 = ICE PELLETS
TOTAL MONTH: 0.0 INCH 5 = HAIL
GRTST 24HR 0.0 6 = FREEZING RAIN OR DRIZZLE
GRTST DEPTH: 0 7 = DUSTSTORM OR SANDSTORM:
VSBY 1/2 MILE OR LESS
8 = SMOKE OR HAZE
[NO. OF DAYS WITH] [WEATHER - DAYS WITH] 9 = BLOWING SNOW
X = TORNADO
MAX 32 OR BELOW: 0 0.01 INCH OR MORE: 12
MAX 90 OR ABOVE: 16 0.10 INCH OR MORE: 10
MIN 32 OR BELOW: 0 0.50 INCH OR MORE: 4
MIN 0 OR BELOW: 0 1.00 INCH OR MORE: 3
[HDD (BASE 65) ]
TOTAL THIS MO. 0 CLEAR (SCALE 0-3) 18
DPTR FM NORMAL 0 PTCLDY (SCALE 4-7) 9
TOTAL FM JUL 1 2705 CLOUDY (SCALE 8-10) 3
DPTR FM NORMAL 71
[CDD (BASE 65) ]
TOTAL THIS MO. 422
DPTR FM NORMAL -12 [PRESSURE DATA]
TOTAL FM JAN 1 696 HIGHEST SLP 30.15 ON 29
DPTR FM NORMAL -86 LOWEST SLP 29.77 ON 20
[REMARKS]
#FINAL-06-21#