000
CXUS53 KJKL 011410
CF6LOZ
PRELIMINARY LOCAL CLIMATOLOGICAL DATA (WS FORM: F-6)
STATION: LONDON KY
MONTH: NOVEMBER
YEAR: 2022
LATITUDE: 37 4 N
LONGITUDE: 84 5 W
TEMPERATURE IN F: :PCPN: SNOW: WIND :SUNSHINE: SKY :PK WND
================================================================================
1 2 3 4 5 6A 6B 7 8 9 10 11 12 13 14 15 16 17 18
12Z AVG MX 2MIN
DY MAX MIN AVG DEP HDD CDD WTR SNW DPTH SPD SPD DIR MIN PSBL S-S WX SPD DR
================================================================================
1 65 48 57 6 8 0 0.03 M M 3.1 9 240 M M 7 1 13 240
2 68 47 58 7 7 0 0.00 M M 2.0 7 30 M M 2 10 20
3 73 43 58 7 7 0 0.00 M M 1.3 9 240 M M 0 8 14 210
4 74 44 59 9 6 0 0.00 M M 4.8 17 190 M M 0 1 22 200
5 76 52 64 14 1 0 T M M 9.5 26 230 M M 3 41 150
6 72 58 65 15 0 0 0.02 M M 4.0 14 200 M M 8 1 19 220
7 78 56 67 18 0 2 0.12 M M 4.0 10 30 M M 5 1 16 10
8 73 44 59 10 6 0 0.00 M M 7.1 14 30 M M 0 20 70
9 76 44 60 11 5 0 0.00 M M 2.7 9 200 M M 0 12 170
10 72 45 59 11 6 0 0.00 M M 3.4 13 140 M M 1 19 140
11 64 53 59 11 6 0 1.32 M M 6.5 14 280 M M 9 1 20 290
12 54 M M M M M M M M 4.6 13 310 M M 4 1 20 320
13 34 32 33 -14 32 0 0.00 M M 4.1 8 90 M M 4 11 100
14 48 26 37 -10 28 0 0.00 M M 3.1 12 90 M M 2 17 100
15 44 33 39 -8 26 0 0.59 M M 3.6 16 280 M M 8 1 22 310
16 41 32 37 -9 28 0 T M M 8.6 20 270 M M 10 1 26 290
17 38 24 31 -15 34 0 T M M 5.6 18 300 M M 3 1 25 290
18 37 22 30 -16 35 0 0.00 M M 4.8 18 260 M M 4 24 260
19 43 19 31 -15 34 0 0.00 M M 6.6 21 250 M M 0 30 250
20 38 18 28 -17 37 0 0.00 M M 3.2 12 300 M M 0 17 320
21 52 17 35 -10 30 0 0.00 M M 2.8 17 240 M M 0 21 250
22 58 20 39 -6 26 0 0.00 M M 1.0 9 260 M M 0 16 260
23 62 25 44 0 21 0 0.00 M M 0.3 5 120 M M 0 8 8 330
24 68 29 49 5 16 0 T M M 1.0 9 220 M M 1 8 14 210
25 55 32 44 0 21 0 0.02 M M 2.3 12 350 M M 7 1 15 340
26 59 29 44 0 21 0 T M M 1.9 8 160 M M 5 12 11 180
27 64 49 57 14 8 0 0.11 M M 12.0 35 250 M M 8 1 48 230
28 50 36 43 0 22 0 0.04 M M 3.7 14 340 M M 8 1 18 360
29 62 32 47 4 18 0 0.18 M M 6.8 23 180 M M 2 13 36 190
30 56 30 43 0 22 0 1.15 M M 11.5 28 300 M M 5 1 40 290
================================================================================
SM 1754 1039 511 2 3.58 M 135.9 M 106
================================================================================
AV 58.5 35.8 4.5 FASTST M M 4 MAX(MPH)
MISC ----> 35 250 48 230
================================================================================
NOTES:
# LAST OF SEVERAL OCCURRENCES
COLUMN 17 PEAK WIND IN M.P.H.
PRELIMINARY LOCAL CLIMATOLOGICAL DATA (WS FORM: F-6) , PAGE 2
STATION: LONDON KY
MONTH: NOVEMBER
YEAR: 2022
LATITUDE: 37 4 N
LONGITUDE: 84 5 W
[TEMPERATURE DATA] [PRECIPITATION DATA] SYMBOLS USED IN COLUMN 16
AVERAGE MONTHLY: 47.1 TOTAL FOR MONTH: 3.58 1 = FOG OR MIST
DPTR FM NORMAL: 0.4 DPTR FM NORMAL: 0.06 2 = FOG REDUCING VISIBILITY
HIGHEST: 78 ON 7 GRTST 24HR 1.33 ON 29-30 TO 1/4 MILE OR LESS
LOWEST: 17 ON 21 3 = THUNDER
SNOW, ICE PELLETS, HAIL 4 = ICE PELLETS
TOTAL MONTH: M 5 = HAIL
GRTST 24HR M ON M 6 = FREEZING RAIN OR DRIZZLE
GRTST DEPTH: M ON M 7 = DUSTSTORM OR SANDSTORM:
VSBY 1/2 MILE OR LESS
8 = SMOKE OR HAZE
[NO. OF DAYS WITH] [WEATHER - DAYS WITH] 9 = BLOWING SNOW
X = TORNADO
MAX 32 OR BELOW: 0 0.01 INCH OR MORE: 10
MAX 90 OR ABOVE: 0 0.10 INCH OR MORE: 6
MIN 32 OR BELOW: 15 0.50 INCH OR MORE: 3
MIN 0 OR BELOW: 0 1.00 INCH OR MORE: 2
[HDD (BASE 65) ]
TOTAL THIS MO. 511 CLEAR (SCALE 0-3) 14
DPTR FM NORMAL -40 PTCLDY (SCALE 4-7) 13
TOTAL FM JUL 1 906 CLOUDY (SCALE 8-10) 3
DPTR FM NORMAL 61
[CDD (BASE 65) ]
TOTAL THIS MO. 2
DPTR FM NORMAL 0 [PRESSURE DATA]
TOTAL FM JAN 1 1287 HIGHEST SLP 30.51 ON 20
DPTR FM NORMAL 70 LOWEST SLP 29.53 ON 27
[REMARKS]
#FINAL-11-22#