000
CXUS54 KCRP 021409
CF6LRD
PRELIMINARY LOCAL CLIMATOLOGICAL DATA (WS FORM: F-6)
STATION: LAREDO
MONTH: APRIL
YEAR: 2023
LATITUDE: 27 31 N
LONGITUDE: 99 28 W
TEMPERATURE IN F: :PCPN: SNOW: WIND :SUNSHINE: SKY :PK WND
================================================================================
1 2 3 4 5 6A 6B 7 8 9 10 11 12 13 14 15 16 17 18
12Z AVG MX 2MIN
DY MAX MIN AVG DEP HDD CDD WTR SNW DPTH SPD SPD DIR MIN PSBL S-S WX SPD DR
================================================================================
1 91 71 81 7 0 16 0.00 0.0 0 M M M M M 5 8 M M
2 95 73 84 10 0 19 0.00 0.0 0 M M M M M 3 M M
3 100 72 86 12 0 21 0.00 0.0 0 M M M M M 0 M M
4 94 75 85 11 0 20 0.00 0.0 0 M M M M M 0 M M
5 82 54 68 -7 0 3 0.10 0.0 0 M M M M M 9 38 M M
6 56 51 54 -21 11 0 0.02 0.0 0 M M M M M 10 1 M M
7 59 54 57 -18 8 0 0.15 0.0 0 M M M M M 10 13 M M
8 72 57 65 -10 0 0 0.00 0.0 0 M M 10 M M 10 M M
9 76 64 70 -5 0 5 0.00 0.0 0 M M M M M 10 M M
10 80 65 73 -2 0 8 0.11 0.0 0 M M M M M 8 3 M M
11 82 60 71 -5 0 6 0.00 0.0 0 M M M M M 2 M M
12 85 56 71 -5 0 6 0.00 0.0 0 M M M M M 1 M M
13 88 59 74 -2 0 9 0.00 0.0 0 M M M M M 0 M M
14 88 69 79 3 0 14 0.00 0.0 0 M M M M M 3 M M
15 99 70 85 9 0 20 0.00 0.0 0 M M M M M 1 1 M M
16 84 64 74 -2 0 9 0.00 0.0 0 M M M M M 2 M M
17 87 55 71 -5 0 6 0.00 0.0 0 M M M M M 6 M M
18 87 70 79 3 0 14 0.00 0.0 0 M M M M M 8 M M
19 87 74 81 4 0 16 T 0.0 0 M M M M M 8 M M
20 90 75 83 6 0 18 T 0.0 0 M M M M M 8 18 M M
21 93 73 83 6 0 18 0.00 0.0 0 M M M M M 5 18 M M
22 91 67 79 2 0 14 T 0.0 0 M M M M M 5 M M
23 75 60 68 -9 0 3 3.04 0.0 0 M M M M M 9 13 M M
24 71 57 64 -13 1 0 T 0.0 0 M M M M M 10 8 M M
25 85 65 75 -2 0 10 T 0.0 0 M M M M M 8 1 M M
26 91 71 81 3 0 16 0.00 0.0 0 M M M M M 4 M M
27 89 69 79 1 0 14 0.02 0.0 0 M M M M M 3 M M
28 95 68 82 4 0 17 0.25 0.0 0 M M M M M 3 13 M M
29 81 58 70 -8 0 5 0.00 0.0 0 M M M M M 2 M M
30 94 54 74 -4 0 9 0.00 0.0 0 M M M M M 0 M M
================================================================================
SM 2547 1930 20 316 3.69 0.0 M M 153
================================================================================
AV 84.9 64.3 M FASTST M M 5 MAX(MPH)
MISC ----> M M M M
================================================================================
NOTES:
# LAST OF SEVERAL OCCURRENCES
COLUMN 17 PEAK WIND IN M.P.H.
PRELIMINARY LOCAL CLIMATOLOGICAL DATA (WS FORM: F-6) , PAGE 2
STATION: LAREDO
MONTH: APRIL
YEAR: 2023
LATITUDE: 27 31 N
LONGITUDE: 99 28 W
[TEMPERATURE DATA] [PRECIPITATION DATA] SYMBOLS USED IN COLUMN 16
AVERAGE MONTHLY: 74.6 TOTAL FOR MONTH: 3.69 1 = FOG OR MIST
DPTR FM NORMAL: -1.5 DPTR FM NORMAL: 2.22 2 = FOG REDUCING VISIBILITY
HIGHEST: 100 ON 3 GRTST 24HR 3.04 ON 23-23 TO 1/4 MILE OR LESS
LOWEST: 51 ON 6 3 = THUNDER
SNOW, ICE PELLETS, HAIL 4 = ICE PELLETS
TOTAL MONTH: 0.0 INCH 5 = HAIL
GRTST 24HR 0.0 6 = FREEZING RAIN OR DRIZZLE
GRTST DEPTH: 0 7 = DUSTSTORM OR SANDSTORM:
VSBY 1/2 MILE OR LESS
8 = SMOKE OR HAZE
[NO. OF DAYS WITH] [WEATHER - DAYS WITH] 9 = BLOWING SNOW
X = TORNADO
MAX 32 OR BELOW: 0 0.01 INCH OR MORE: 7
MAX 90 OR ABOVE: 11 0.10 INCH OR MORE: 5
MIN 32 OR BELOW: 0 0.50 INCH OR MORE: 1
MIN 0 OR BELOW: 0 1.00 INCH OR MORE: 1
[HDD (BASE 65) ]
TOTAL THIS MO. 20 CLEAR (SCALE 0-3) 11
DPTR FM NORMAL 15 PTCLDY (SCALE 4-7) 10
TOTAL FM JUL 1 741 CLOUDY (SCALE 8-10) 9
DPTR FM NORMAL -66
[CDD (BASE 65) ]
TOTAL THIS MO. 316
DPTR FM NORMAL -21 [PRESSURE DATA]
TOTAL FM JAN 1 876 HIGHEST SLP M ON M
DPTR FM NORMAL 248 LOWEST SLP M ON M
[REMARKS]
#FINAL-04-23#