000
CXUS54 KLZK 011230
CF6LRF
PRELIMINARY LOCAL CLIMATOLOGICAL DATA (WS FORM: F-6)
STATION: JACKSONVILLE/LITTLE ROCK AFB
MONTH: FEBRUARY
YEAR: 2022
LATITUDE: 34 55 N
LONGITUDE: 92 9 W
TEMPERATURE IN F: :PCPN: SNOW: WIND :SUNSHINE: SKY :PK WND
================================================================================
1 2 3 4 5 6A 6B 7 8 9 10 11 12 13 14 15 16 17 18
12Z AVG MX 2MIN
DY MAX MIN AVG DEP HDD CDD WTR SNW DPTH SPD SPD DIR MIN PSBL S-S WX SPD DR
================================================================================
1 67 45 56 14 9 0 0.04 0.0 0 7.0 17 140 M M 9 18 22 130
2 57 29 43 1 22 0 0.13 0.0 0 9.0 16 50 M M 10 1 23 40
3 30 26 28 -14 37 0 0.77 3.0 1 9.5 14 10 M M 10 16 30 40
4 38 24 31 -12 34 0 0.00 0.0 2 6.7 9 330 M M 6 M M
5 40 19 30 -13 35 0 0.00 0.0 1 3.1 8 120 M M 0 M M
6 50 20 35 -8 30 0 0.00 0.0 1 2.3 8 170 M M 0 M M
7 52 23 38 -5 27 0 0.00 0.0 T 3.3 12 330 M M 0 M M
8 62 24 43 -1 22 0 0.00 0.0 0 5.8 14 210 M M 0 20 210
9 67 29 48 4 17 0 0.00 0.0 0 6.2 14 280 M M 0 27 270
10 65 32 49 5 16 0 0.00 0.0 0 2.1 8 60 M M 2 M M
11 69 30 50 6 15 0 0.00 0.0 0 6.3 16 10 M M 5 23 210
12 54 20 37 -8 28 0 T 0.0 0 6.4 14 340 M M 7 20 360
13 56 17 37 -8 28 0 0.00 0.0 0 4.4 14 270 M M 0 20 270
14 68 23 46 1 19 0 0.00 0.0 0 4.0 13 210 M M 0 17 210
15 67 29 48 3 17 0 0.00 0.0 0 5.8 15 170 M M 0 24 170
16 69 54 62 16 3 0 T 0.0 0 7.0 13 180 M M 9 20 180
17 66 32 49 3 16 0 1.14 0.0 0 11.9 25 260 M M 10 3 39 270
18 47 24 36 -10 29 0 0.00 0.0 0 3.5 12 320 M M 1 M M
19 56 24 40 -6 25 0 0.00 0.0 0 3.1 8 40 M M 0 M M
20 67 27 47 0 18 0 0.00 0.0 0 5.5 16 210 M M 0 22 200
21 69 41 55 8 10 0 T 0.0 0 3.5 9 170 M M 9 1 M M
22 69 34 52 5 13 0 1.26 0.0 0 11.3 31 270 M M 9 3 39 270
23 34 28 31 -17 34 0 0.25 T 0 7.3 16 60 M M 10 136 18 360
24 33 28 31 -17 34 0 0.07 T 0 2.7 6 20 M M 10 16 M M
25 33 25 29 -19 36 0 0.00 0.0 0 4.5 9 360 M M 9 M M
26 33 28 31 -17 34 0 0.39 T 0 6.9 12 60 M M 10 16 M M
27 51 30 41 -8 24 0 T 0.0 0 3.1 12 320 M M 4 1 17 320
28 64 26 45 -4 20 0 0.00 M M 2.6 7 290 M M 0 M M
================================================================================
SM 1533 791 652 0 4.05 3.0 154.8 M 130
================================================================================
AV 54.8 28.3 5.5 FASTST M M 5 MAX(MPH)
MISC ----> 31 270 # 39 270
================================================================================
NOTES:
# LAST OF SEVERAL OCCURRENCES
COLUMN 17 PEAK WIND IN M.P.H.
PRELIMINARY LOCAL CLIMATOLOGICAL DATA (WS FORM: F-6) , PAGE 2
STATION: JACKSONVILLE/LITTLE ROCK AFB
MONTH: FEBRUARY
YEAR: 2022
LATITUDE: 34 55 N
LONGITUDE: 92 9 W
[TEMPERATURE DATA] [PRECIPITATION DATA] SYMBOLS USED IN COLUMN 16
AVERAGE MONTHLY: 41.5 TOTAL FOR MONTH: 4.05 1 = FOG OR MIST
DPTR FM NORMAL: -3.8 DPTR FM NORMAL: 0.72 2 = FOG REDUCING VISIBILITY
HIGHEST: 69 ON 16,22 GRTST 24HR 1.26 ON 22-22 TO 1/4 MILE OR LESS
LOWEST: 17 ON 13 3 = THUNDER
SNOW, ICE PELLETS, HAIL 4 = ICE PELLETS
TOTAL MONTH: 3.0 INCHES 5 = HAIL
GRTST 24HR 3.0 ON 3- 3 6 = FREEZING RAIN OR DRIZZLE
GRTST DEPTH: 2 ON 4 7 = DUSTSTORM OR SANDSTORM:
VSBY 1/2 MILE OR LESS
8 = SMOKE OR HAZE
[NO. OF DAYS WITH] [WEATHER - DAYS WITH] 9 = BLOWING SNOW
X = TORNADO
MAX 32 OR BELOW: 1 0.01 INCH OR MORE: 8
MAX 90 OR ABOVE: 0 0.10 INCH OR MORE: 6
MIN 32 OR BELOW: 24 0.50 INCH OR MORE: 3
MIN 0 OR BELOW: 0 1.00 INCH OR MORE: 2
[HDD (BASE 65) ]
TOTAL THIS MO. 652 CLEAR (SCALE 0-3) 13
DPTR FM NORMAL 90 PTCLDY (SCALE 4-7) 4
TOTAL FM JUL 1 2404 CLOUDY (SCALE 8-10) 11
DPTR FM NORMAL -205
[CDD (BASE 65) ]
TOTAL THIS MO. 0
DPTR FM NORMAL -1 [PRESSURE DATA]
TOTAL FM JAN 1 0 HIGHEST SLP M ON M
DPTR FM NORMAL -1 LOWEST SLP M ON M
[REMARKS]
#FINAL-02-22#