000
CXUS54 KLZK 011130
CF6LRF
PRELIMINARY LOCAL CLIMATOLOGICAL DATA (WS FORM: F-6)
STATION: JACKSONVILLE/LITTLE ROCK AFB
MONTH: SEPTEMBER
YEAR: 2021
LATITUDE: 34 55 N
LONGITUDE: 92 9 W
TEMPERATURE IN F: :PCPN: SNOW: WIND :SUNSHINE: SKY :PK WND
================================================================================
1 2 3 4 5 6A 6B 7 8 9 10 11 12 13 14 15 16 17 18
12Z AVG MX 2MIN
DY MAX MIN AVG DEP HDD CDD WTR SNW DPTH SPD SPD DIR MIN PSBL S-S WX SPD DR
================================================================================
1 98 69 84 6 0 19 0.00 0.0 0 5.8 13 350 M M 3 18 360
2 92 71 82 4 0 17 0.00 0.0 0 6.3 9 100 M M 5 M M
3 90 66 78 0 0 13 0.00 0.0 0 4.6 9 140 M M 3 M M
4 98 68 83 6 0 18 0.00 0.0 0 5.2 10 180 M M 1 18 160
5 82 67 75 -2 0 10 0.37 0.0 0 3.7 12 30 M M 6 1 17 320
6 87 61 74 -3 0 9 0.00 0.0 0 1.8 8 70 M M 0 1 M M
7 92 57 75 -2 0 10 0.00 0.0 0 2.2 7 40 M M 0 M M
8 91 60 76 0 0 11 0.00 0.0 0 5.5 16 60 M M 1 18 360
9 89 55 72 -4 0 7 0.00 0.0 0 3.5 10 80 M M 0 17 20
10 91 56 74 -2 0 9 0.00 0.0 0 2.6 8 130 M M 0 M M
11 91 60 76 1 0 11 M 0.0 M 4.8 10 140 M M 0 M M
12 90 59 75 0 0 10 0.00 0.0 0 3.2 12 190 M M 0 M M
13 86 66 76 1 0 11 M 0.0 0 4.5 13 180 M M 3 18 180
14 92 73 83 8 0 18 0.00 0.0 0 4.6 14 150 M M 7 25 150
15 91 68 80 6 0 15 M 0.0 M 4.0 10 60 M M 5 16 100
16 89 67 78 4 0 13 M 0.0 M 6.3 14 70 M M 2 20 100
17 87 69 78 4 0 13 T 0.0 0 4.2 16 80 M M 7 M M
18 91 73 82 9 0 17 0.04 0.0 0 6.5 20 40 M M 7 25 40
19 84 70 77 4 0 12 T 0.0 0 5.3 9 60 M M 7 M M
20 92 66 79 6 0 14 M 0.0 M 3.3 9 180 M M 2 M M
21 82 60 71 -1 0 6 0.98 0.0 M 5.4 14 330 M M 6 13 21 340
22 78 53 66 -6 0 1 0.00 0.0 0 6.8 15 330 M M 0 22 340
23 79 48 64 -8 1 0 0.00 M M 2.2 7 250 M M 0 1 M M
24 82 47 65 -7 0 0 M M M 2.9 9 260 M M 0 M M
25 85 51 68 -3 0 3 0.00 0.0 M 2.5 14 30 M M 0 M M
26 90 52 71 0 0 6 0.00 0.0 0 2.7 9 210 M M 0 M M
27 89 56 73 2 0 8 0.00 0.0 0 3.1 9 180 M M 0 18 210
28 89 63 76 6 0 11 0.00 0.0 0 3.1 9 180 M M 4 M M
29 85 69 77 7 0 12 0.00 0.0 0 4.6 9 150 M M 7 13 M M
30 82 69 76 6 0 11 T 0.0 0 5.8 18 70 M M 7 1 M M
================================================================================
SM 2644 1869 1 315 1.39 0.0 127.0 M 83
================================================================================
AV 88.1 62.3 4.2 FASTST M M 3 MAX(MPH)
MISC ----> 20 40 # 25 150
================================================================================
NOTES:
# LAST OF SEVERAL OCCURRENCES
COLUMN 17 PEAK WIND IN M.P.H.
PRELIMINARY LOCAL CLIMATOLOGICAL DATA (WS FORM: F-6) , PAGE 2
STATION: JACKSONVILLE/LITTLE ROCK AFB
MONTH: SEPTEMBER
YEAR: 2021
LATITUDE: 34 55 N
LONGITUDE: 92 9 W
[TEMPERATURE DATA] [PRECIPITATION DATA] SYMBOLS USED IN COLUMN 16
AVERAGE MONTHLY: 75.2 TOTAL FOR MONTH: 1.39 1 = FOG OR MIST
DPTR FM NORMAL: 1.2 DPTR FM NORMAL: M 2 = FOG REDUCING VISIBILITY
HIGHEST: 98 ON 4, 1 GRTST 24HR 0.98 ON 21-21 TO 1/4 MILE OR LESS
LOWEST: 47 ON 24 3 = THUNDER
SNOW, ICE PELLETS, HAIL 4 = ICE PELLETS
TOTAL MONTH: 0.0 INCH 5 = HAIL
GRTST 24HR 0.0 6 = FREEZING RAIN OR DRIZZLE
GRTST DEPTH: 0 7 = DUSTSTORM OR SANDSTORM:
VSBY 1/2 MILE OR LESS
8 = SMOKE OR HAZE
[NO. OF DAYS WITH] [WEATHER - DAYS WITH] 9 = BLOWING SNOW
X = TORNADO
MAX 32 OR BELOW: 0 0.01 INCH OR MORE: 3
MAX 90 OR ABOVE: 14 0.10 INCH OR MORE: 2
MIN 32 OR BELOW: 0 0.50 INCH OR MORE: 1
MIN 0 OR BELOW: 0 1.00 INCH OR MORE: 0
[HDD (BASE 65) ]
TOTAL THIS MO. 1 CLEAR (SCALE 0-3) 18
DPTR FM NORMAL -17 PTCLDY (SCALE 4-7) 12
TOTAL FM JUL 1 1 CLOUDY (SCALE 8-10) 0
DPTR FM NORMAL -28
[CDD (BASE 65) ]
TOTAL THIS MO. 315
DPTR FM NORMAL 37 [PRESSURE DATA]
TOTAL FM JAN 1 1883 HIGHEST SLP M ON M
DPTR FM NORMAL -66 LOWEST SLP M ON M
[REMARKS]
#FINAL-09-21#