000
CXUS54 KEPZ 011030
CF6LRU
PRELIMINARY LOCAL CLIMATOLOGICAL DATA (WS FORM: F-6)
STATION: LAS CRUCES
MONTH: APRIL
YEAR: 2021
LATITUDE: 32 17 N
LONGITUDE: 106 46 W
TEMPERATURE IN F: :PCPN: SNOW: WIND :SUNSHINE: SKY :PK WND
================================================================================
1 2 3 4 5 6A 6B 7 8 9 10 11 12 13 14 15 16 17 18
12Z AVG MX 2MIN
DY MAX MIN AVG DEP HDD CDD WTR SNW DPTH SPD SPD DIR MIN PSBL S-S WX SPD DR
================================================================================
1 75 47 61 M 4 0 0.00 M M 11.3 21 130 M M 0 29 120
2 88 49 69 M 0 4 0.00 M M 5.2 9 100 M M 1 M M
3 89 56 73 M 0 8 0.00 M M 6.7 17 110 M M 0 22 180
4 89 52 71 M 0 6 0.00 M M 4.8 12 160 M M 0 M M
5 92 57 75 M 0 10 0.00 M M 9.4 20 270 M M 0 28 270
6 85 57 71 M 0 6 0.00 M M 18.7 36 270 M M 0 48 270
7 85 52 69 M 0 4 0.00 M M 9.7 20 240 M M 0 27 270
8 89 53 71 M 0 6 0.00 M M 13.9 30 260 M M 0 41 260
9 M M M M M M 0.00 M M 11.3 20 280 M M 0 32 270
10 M M M M M M 0.00 M M 12.9 27 250 M M 0 37 250
11 M M M M M M 0.00 M M 10.9 21 250 M M 0 32 260
12 M M M M M M 0.00 M M 10.8 17 250 M M 0 24 240
13 M M M M M M 0.00 M M 12.8 18 140 M M 0 25 150
14 85 56 71 M 0 6 0.00 M M 11.2 21 250 M M 0 28 240
15 M M M M M M 0.00 M M 11.3 25 240 M M 0 38 240
16 M M M M M M 0.00 M M 9.7 23 290 M M 3 32 270
17 M M M M M M T M M 13.6 23 120 M M 5 30 120
18 M M M M M M 0.00 M M 8.2 16 120 M M 7 25 120
19 M M M M M M 0.00 M M 6.2 14 260 M M 2 22 260
20 M M M M M M 0.00 M M 8.1 17 130 M M 0 24 240
21 M M M M M M 0.00 M M 14.4 20 140 M M 0 27 130
22 79 46 63 M 2 0 0.00 M M 12.5 25 240 M M 0 33 240
23 75 47 61 M 4 0 0.00 M M 17.3 24 280 M M 1 39 270
24 82 45 64 M 1 0 0.00 M M 7.5 13 230 M M 0 23 230
25 89 48 69 M 0 4 0.00 M M 10.5 18 230 M M 0 31 240
26 83 61 72 M 0 7 0.00 M M 15.1 29 220 M M 0 39 240
27 73 56 65 M 0 0 0.00 M M 18.1 25 270 M M 7 36 270
28 63 46 55 M 10 0 0.00 M M 9.0 25 260 M M 5 38 260
29 58 45 52 M 13 0 0.00 M M 8.3 17 10 M M 7 22 10
30 69 47 58 M 7 0 0.00 M M 5.0 12 140 M M 5 16 120
================================================================================
SM 1448 920 41 61 T M 324.5 M 43
================================================================================
AV 80.4 51.1 10.8 FASTST M M 1 MAX(MPH)
MISC ----> 36 270 48 270
================================================================================
NOTES:
# LAST OF SEVERAL OCCURRENCES
COLUMN 17 PEAK WIND IN M.P.H.
PRELIMINARY LOCAL CLIMATOLOGICAL DATA (WS FORM: F-6) , PAGE 2
STATION: LAS CRUCES
MONTH: APRIL
YEAR: 2021
LATITUDE: 32 17 N
LONGITUDE: 106 46 W
[TEMPERATURE DATA] [PRECIPITATION DATA] SYMBOLS USED IN COLUMN 16
AVERAGE MONTHLY: 65.8 TOTAL FOR MONTH: T 1 = FOG OR MIST
DPTR FM NORMAL: 0.0 DPTR FM NORMAL: M 2 = FOG REDUCING VISIBILITY
HIGHEST: 92 ON 5 GRTST 24HR T ON 17-17 TO 1/4 MILE OR LESS
LOWEST: 45 ON 29,24 3 = THUNDER
SNOW, ICE PELLETS, HAIL 4 = ICE PELLETS
TOTAL MONTH: M 5 = HAIL
GRTST 24HR M ON M 6 = FREEZING RAIN OR DRIZZLE
GRTST DEPTH: M ON M 7 = DUSTSTORM OR SANDSTORM:
VSBY 1/2 MILE OR LESS
8 = SMOKE OR HAZE
[NO. OF DAYS WITH] [WEATHER - DAYS WITH] 9 = BLOWING SNOW
X = TORNADO
MAX 32 OR BELOW: 0 0.01 INCH OR MORE: 0
MAX 90 OR ABOVE: 1 0.10 INCH OR MORE: 0
MIN 32 OR BELOW: 0 0.50 INCH OR MORE: 0
MIN 0 OR BELOW: 0 1.00 INCH OR MORE: 0
[HDD (BASE 65) ]
TOTAL THIS MO. 41 CLEAR (SCALE 0-3) 24
DPTR FM NORMAL M PTCLDY (SCALE 4-7) 6
TOTAL FM JUL 1 2045 CLOUDY (SCALE 8-10) 0
DPTR FM NORMAL M
[CDD (BASE 65) ]
TOTAL THIS MO. 61
DPTR FM NORMAL M [PRESSURE DATA]
TOTAL FM JAN 1 66 HIGHEST SLP M ON M
DPTR FM NORMAL M LOWEST SLP M ON M
[REMARKS]
#FINAL-04-21#