000
CXUS53 KARX 010742
CLSLSE
CLIMATE REPORT
NATIONAL WEATHER SERVICE LA CROSSE WI
142 AM CST TUE MAR 01 2022
...................................
...THE LA CROSSE WI CLIMATE SUMMARY FOR THE SEASON, FROM
12/1/2021 TO 2/28/2022...
CLIMATE NORMAL PERIOD 1991 TO 2020
CLIMATE RECORD PERIOD 1872 TO 2022
WEATHER OBSERVED NORMAL DEPART LAST YEAR`S
VALUE DATE(S) VALUE FROM VALUE DATE(S)
NORMAL
................................................................
TEMPERATURE (F)
RECORD
HIGH 69 12/15/2021
12/15/2021
LOW -43 01/18/1873
HIGHEST 69R 12/15 54 12/10
LOWEST -18 01/26 -21 02/15
AVG. MAXIMUM 29.9 30.9 -1.0 29.5
AVG. MINIMUM 9.9 14.1 -4.2 13.0
MEAN 19.9 22.5 -2.6 21.2
DAYS MAX >= 90 0 0.0 0.0 0
DAYS MAX <= 32 48 50.1 -2.1 49
DAYS MIN <= 32 86 84.0 2.0 87
DAYS MIN <= 0 24 18.5 5.5 17
PRECIPITATION (INCHES)
RECORD
MAXIMUM 7.47 1875
MINIMUM 0.92 1963
TOTALS 2.67 3.93 -1.26 1.98
DAYS >= .01 25 28.5 -3.5 18
DAYS >= .10 10 11.3 -1.3 7
DAYS >= .50 0 1.6 -1.6 0
DAYS >= 1.00 0 0.1 -0.1 0
GREATEST
24 HR. TOTAL 0.47 12/10 TO 12/11 0.35 02/04 TO 02/04
SNOWFALL (INCHES)
RECORDS
TOTAL 60.4 1970
SNOW DEPTH 34 01/24/1979
TOTALS 28.4 32.4 -4.0 25.7
SNOWDEPTH AVG. 4 5
DAYS >= TRACE 38 23.3 14.7 31
DAYS >= 1.0 11 9.5 1.5 9
GREATEST
SNOW DEPTH 9 01/28 14 02/22
01/29
01/30
DEGREE DAYS
HEATING TOTAL 4029 3830 199 3893
COOLING TOTAL 0 0 0 0
................................................................
WIND (MPH)
AVERAGE WIND SPEED 9.2
HIGHEST WIND SPEED/DIRECTION 46/220 DATE 12/16
HIGHEST GUST SPEED/DIRECTION 68/220 DATE 12/16
AVERAGE RH (PERCENT) 69
WEATHER CONDITIONS. NUMBER OF DAYS WITH
THUNDERSTORM 1 MIXED PRECIP 0
HEAVY RAIN 1 RAIN 0
LIGHT RAIN 7 FREEZING RAIN 0
LT FREEZING RAIN 3 HAIL 0
HEAVY SNOW 0 SNOW 4
LIGHT SNOW 37 SLEET 0
FOG 36 FOG W/VIS <= 1/4 MILE 5
HAZE 31
- INDICATES NEGATIVE NUMBERS.
R INDICATES RECORD WAS SET OR TIED.
MM INDICATES DATA IS MISSING.
T INDICATES TRACE AMOUNT.
$$
BOYNE