000
CXUS54 KFWD 251720
CF6LUD
PRELIMINARY LOCAL CLIMATOLOGICAL DATA (WS FORM: F-6)
STATION: DECATUR
MONTH: MARCH
YEAR: 2021
LATITUDE: 33 15 N
LONGITUDE: 97 30 W
TEMPERATURE IN F: :PCPN: SNOW: WIND :SUNSHINE: SKY :PK WND
================================================================================
1 2 3 4 5 6A 6B 7 8 9 10 11 12 13 14 15 16 17 18
12Z AVG MX 2MIN
DY MAX MIN AVG DEP HDD CDD WTR SNW DPTH SPD SPD DIR MIN PSBL S-S WX SPD DR
================================================================================
1 61 43 52 3 13 0 M M M 8.0 14 10 M M 2 22 20
2 62 38 50 0 15 0 0.00 M M 3.1 7 140 M M 0 M M
3 70 42 56 6 9 0 0.00 M M 8.8 12 160 M M 0 20 180
4 73 44 59 9 6 0 0.00 M M 11.5 20 120 M M 0 26 130
5 66 47 57 7 8 0 0.00 M M 10.5 14 20 M M 4 23 20
6 64 40 52 1 13 0 0.00 M M 6.6 10 80 M M 0 16 80
7 65 42 54 3 11 0 0.00 M M 8.4 14 180 M M 0 22 150
8 69 48 59 8 6 0 0.00 M M 11.3 18 170 M M 0 23 180
9 71 54 63 12 2 0 0.00 M M 15.7 21 160 M M 5 31 170
10 76 61 69 17 0 4 0.00 M M 15.3 24 160 M M 7 32 160
11 78 67 73 21 0 8 0.00 M M 11.1 17 200 M M 6 24 170
12 76 65 71 19 0 6 0.00 M M 11.9 16 150 M M 7 23 140
13 73 64 69 16 0 4 0.00 M M 14.8 21 130 M M 8 1 31 130
14 73 54 64 11 1 0 0.02 M M 9.6 17 130 M M 3 24 240
15 75 51 63 10 2 0 0.00 M M 9.2 16 260 M M 0 24 260
16 80 55 68 15 0 3 M M M 10.3 17 120 M M 1 1 25 150
17 71 43 57 3 8 0 0.11 M M 14.7 24 280 M M 6 38 46 190
18 58 40 49 -5 16 0 0.00 M M 12.9 18 330 M M 2 29 310
19 65 37 51 -3 14 0 0.00 M M 5.4 12 360 M M 0 18 360
20 68 43 56 2 9 0 0.00 M M 6.4 10 110 M M 0 16 110
21 68 44 56 1 9 0 0.00 M M 11.9 17 130 M M 1 25 160
22 63 55 59 4 6 0 1.16 M M 12.9 18 130 M M 7 1 39 170
23 70 45 58 3 7 0 0.03 M M 10.0 17 260 M M 0 8 25 240
24 74 46 60 4 5 0 0.00 M M 9.4 18 60 M M 3 23 60
25 64 48 56 0 9 0 0.34 M M 6.8 13 270 M M 4 3 22 270
26 77 49 63 7 2 0 0.00 M M 12.4 20 160 M M 0 26 160
27 78 56 67 11 0 2 0.00 M M 8.8 18 340 M M 4 1 29 350
28 72 48 60 3 5 0 0.00 M M 7.5 15 360 M M 0 22 350
29 76 52 64 7 1 0 0.00 M M 13.4 20 150 M M 0 8 25 160
30 79 55 67 10 0 2 0.00 M M 10.9 22 200 M M 3 30 200
31 66 49 58 1 7 0 0.00 M M 11.9 18 20 M M 4 30 20
================================================================================
SM 2181 1525 184 29 1.66 M 321.3 M 77
================================================================================
AV 70.4 49.2 10.4 FASTST M M 2 MAX(MPH)
MISC ----> # 24 160 46 190
================================================================================
NOTES:
# LAST OF SEVERAL OCCURRENCES
COLUMN 17 PEAK WIND IN M.P.H.
PRELIMINARY LOCAL CLIMATOLOGICAL DATA (WS FORM: F-6) , PAGE 2
STATION: DECATUR
MONTH: MARCH
YEAR: 2021
LATITUDE: 33 15 N
LONGITUDE: 97 30 W
[TEMPERATURE DATA] [PRECIPITATION DATA] SYMBOLS USED IN COLUMN 16
AVERAGE MONTHLY: 59.8 TOTAL FOR MONTH: 1.66 1 = FOG OR MIST
DPTR FM NORMAL: 6.4 DPTR FM NORMAL: -2.08 2 = FOG REDUCING VISIBILITY
HIGHEST: 80 ON 16 GRTST 24HR 1.16 ON 22-22 TO 1/4 MILE OR LESS
LOWEST: 37 ON 19 3 = THUNDER
SNOW, ICE PELLETS, HAIL 4 = ICE PELLETS
TOTAL MONTH: M 5 = HAIL
GRTST 24HR M ON M 6 = FREEZING RAIN OR DRIZZLE
GRTST DEPTH: M ON M 7 = DUSTSTORM OR SANDSTORM:
VSBY 1/2 MILE OR LESS
8 = SMOKE OR HAZE
[NO. OF DAYS WITH] [WEATHER - DAYS WITH] 9 = BLOWING SNOW
X = TORNADO
MAX 32 OR BELOW: 0 0.01 INCH OR MORE: 5
MAX 90 OR ABOVE: 0 0.10 INCH OR MORE: 3
MIN 32 OR BELOW: 0 0.50 INCH OR MORE: 1
MIN 0 OR BELOW: 0 1.00 INCH OR MORE: 1
[HDD (BASE 65) ]
TOTAL THIS MO. 184 CLEAR (SCALE 0-3) 20
DPTR FM NORMAL -187 PTCLDY (SCALE 4-7) 11
TOTAL FM JUL 1 2146 CLOUDY (SCALE 8-10) 0
DPTR FM NORMAL -627
[CDD (BASE 65) ]
TOTAL THIS MO. 29
DPTR FM NORMAL 19 [PRESSURE DATA]
TOTAL FM JAN 1 29 HIGHEST SLP M ON M
DPTR FM NORMAL 17 LOWEST SLP M ON M
[REMARKS]
#FINAL-03-21#