000
CXUS54 KHGX 011510
CF6LVJ
PRELIMINARY LOCAL CLIMATOLOGICAL DATA (WS FORM: F-6)
STATION: HOUSTON/CLOVER_FIELD
MONTH: FEBRUARY
YEAR: 2021
LATITUDE: 29 31 N
LONGITUDE: 95 14 W
TEMPERATURE IN F: :PCPN: SNOW: WIND :SUNSHINE: SKY :PK WND
================================================================================
1 2 3 4 5 6A 6B 7 8 9 10 11 12 13 14 15 16 17 18
12Z AVG MX 2MIN
DY MAX MIN AVG DEP HDD CDD WTR SNW DPTH SPD SPD DIR MIN PSBL S-S WX SPD DR
================================================================================
1 65 43 54 -1 11 0 0.00 0.0 0 6.9 15 350 M M 0 21 350
2 65 41 53 -2 12 0 0.00 0.0 0 4.4 14 150 M M 0 17 140
3 68 46 57 2 8 0 0.00 0.0 0 7.7 16 130 M M 2 21 130
4 77 60 69 14 0 4 T 0.0 0 8.9 18 230 M M 8 28 190
5 64 48 56 1 9 0 0.02 0.0 0 10.7 22 30 M M 10 27 30
6 67 51 59 4 6 0 T 0.0 0 6.2 14 10 M M 7 18 19 10
7 63 42 53 -3 12 0 0.00 0.0 0 7.3 15 100 M M 0 20 110
8 71 50 61 5 4 0 0.00 0.0 0 8.1 20 130 M M 6 1 24 140
9 70 63 67 11 0 2 0.00 0.0 0 5.5 13 100 M M 10 128 17 110
10 75 50 63 7 2 0 0.03 0.0 0 5.9 13 350 M M 10 128 17 360
11 50 41 46 -10 19 0 0.73 0.0 0 12.4 18 360 M M 10 138 25 10
12 42 37 40 -16 25 0 T 0.0 0 13.7 21 10 M M 10 18 28 20
13 44 37 41 -15 24 0 T 0.0 0 11.2 18 20 M M 10 8 23 20
14 39 30 35 -22 30 0 0.02 0.0 0 11.8 21 360 M M 10 18 27 340
15 30 18 24 -33 41 0 T M M 14.4 24 320 M M 6 1 33 330
16 36 16 26 -31 39 0 0.00 0.0 M 7.5 16 80 M M 4 21 90
17 39 33 36 -21 29 0 0.02 0.0 0 12.7 16 20 M M 9 1 22 20
18 43 32 38 -19 27 0 0.00 0.0 M 13.6 21 350 M M 7 1 29 340
19 51 27 39 -19 26 0 0.00 0.0 M 5.1 17 350 M M 0 1 22 340
20 59 29 44 -14 21 0 0.00 0.0 M 5.5 16 130 M M 0 18 20 140
21 71 45 58 0 7 0 0.00 0.0 M 5.9 18 190 M M 6 1 24 180
22 76 47 62 4 3 0 0.00 0.0 0 6.0 16 30 M M 2 1 20 30
23 76 41 59 1 6 0 0.00 0.0 0 3.6 12 190 M M 2 12 23 190
24 78 57 68 10 0 3 0.00 0.0 0 6.4 15 180 M M 7 20 220
25 72 65 69 10 0 4 0.01 0.0 0 7.5 15 130 M M 10 1 19 140
26 79 67 73 14 0 8 T 0.0 0 8.8 20 160 M M 9 1 25 150
27 74 69 72 13 0 7 0.00 0.0 0 10.5 17 170 M M 10 18 24 190
28 80 70 75 16 0 10 T 0.0 0 8.2 17 170 M M 9 18 23 170
================================================================================
SM 1724 1255 361 38 0.83 0.0 236.4 M 174
================================================================================
AV 61.6 44.8 8.4 FASTST M M 6 MAX(MPH)
MISC ----> 24 320 33 330
================================================================================
NOTES:
# LAST OF SEVERAL OCCURRENCES
COLUMN 17 PEAK WIND IN M.P.H.
PRELIMINARY LOCAL CLIMATOLOGICAL DATA (WS FORM: F-6) , PAGE 2
STATION: HOUSTON/CLOVER_FIELD
MONTH: FEBRUARY
YEAR: 2021
LATITUDE: 29 31 N
LONGITUDE: 95 14 W
[TEMPERATURE DATA] [PRECIPITATION DATA] SYMBOLS USED IN COLUMN 16
AVERAGE MONTHLY: 53.2 TOTAL FOR MONTH: 0.83 1 = FOG OR MIST
DPTR FM NORMAL: -3.6 DPTR FM NORMAL: -2.35 2 = FOG REDUCING VISIBILITY
HIGHEST: 80 ON 28 GRTST 24HR 0.73 ON 11-11 TO 1/4 MILE OR LESS
LOWEST: 16 ON 16 3 = THUNDER
SNOW, ICE PELLETS, HAIL 4 = ICE PELLETS
TOTAL MONTH: 0.0 INCH 5 = HAIL
GRTST 24HR 0.0 6 = FREEZING RAIN OR DRIZZLE
GRTST DEPTH: 0 7 = DUSTSTORM OR SANDSTORM:
VSBY 1/2 MILE OR LESS
8 = SMOKE OR HAZE
[NO. OF DAYS WITH] [WEATHER - DAYS WITH] 9 = BLOWING SNOW
X = TORNADO
MAX 32 OR BELOW: 1 0.01 INCH OR MORE: 6
MAX 90 OR ABOVE: 0 0.10 INCH OR MORE: 1
MIN 32 OR BELOW: 6 0.50 INCH OR MORE: 1
MIN 0 OR BELOW: 0 1.00 INCH OR MORE: 0
[HDD (BASE 65) ]
TOTAL THIS MO. 361 CLEAR (SCALE 0-3) 8
DPTR FM NORMAL 112 PTCLDY (SCALE 4-7) 8
TOTAL FM JUL 1 1013 CLOUDY (SCALE 8-10) 12
DPTR FM NORMAL -106
[CDD (BASE 65) ]
TOTAL THIS MO. 38
DPTR FM NORMAL 17 [PRESSURE DATA]
TOTAL FM JAN 1 57 HIGHEST SLP 30.57 ON 19
DPTR FM NORMAL 24 LOWEST SLP 29.79 ON 4
[REMARKS]
#FINAL-02-21#