000
CXUS55 KABQ 011110
CF6LVS
PRELIMINARY LOCAL CLIMATOLOGICAL DATA (WS FORM: F-6)
STATION: LAS VEGAS NM
MONTH: JANUARY
YEAR: 2024
LATITUDE: 35 39 N
LONGITUDE: 105 8 W
TEMPERATURE IN F: :PCPN: SNOW: WIND :SUNSHINE: SKY :PK WND
================================================================================
1 2 3 4 5 6A 6B 7 8 9 10 11 12 13 14 15 16 17 18
12Z AVG MX 2MIN
DY MAX MIN AVG DEP HDD CDD WTR SNW DPTH SPD SPD DIR MIN PSBL S-S WX SPD DR
================================================================================
1 50 20 35 3 30 0 0.00 M M 11.4 26 200 M M 0 37 200
2 47 22 35 3 30 0 0.00 M M 8.9 20 50 M M 0 25 40
3 51 17 34 2 31 0 0.00 M M 8.1 20 220 M M 0 25 190
4 30 22 26 -6 39 0 0.02 M M 6.9 14 120 M M 8 1 17 160
5 34 11 23 -9 42 0 T M M 5.7 15 170 M M 4 1 18 180
6 34 16 25 -7 40 0 T M M 10.4 23 230 M M 4 1 33 230
7 31 20 26 -6 39 0 T M M 13.3 25 220 M M 7 1 34 200
8 29 15 22 -11 43 0 T M M 14.3 32 20 M M 6 1 43 20
9 37 7 22 -11 43 0 0.00 M M 9.7 31 320 M M 0 42 310
10 38 18 28 -5 37 0 0.00 M M 14.8 33 280 M M 0 45 260
11 32 9 21 -12 44 0 T M M 12.5 32 250 M M 3 1 41 260
12 31 8 20 -13 45 0 0.00 M M 21.5 39 300 M M 0 50 280
13 43 14 29 -4 36 0 0.00 M M 20.4 38 300 M M 0 52 270
14 46 13 30 -3 35 0 0.00 M M 18.5 32 280 M M 1 45 280
15 49 -3 23 -10 42 0 0.00 M M 14.1 32 260 M M 0 42 260
16 39 -3 18 -15 47 0 T M M 9.1 20 170 M M 1 24 160
17 57 19 38 5 27 0 0.00 M M 11.7 37 290 M M 0 49 260
18 59 21 40 7 25 0 0.00 M M 15.4 41 320 M M 0 53 340
19 37 14 26 -7 39 0 0.00 M M 12.5 21 200 M M 2 33 200
20 47 18 33 0 32 0 0.00 M M 13.4 25 170 M M 0 37 200
21 46 22 34 1 31 0 0.00 M M 15.1 30 220 M M 5 40 210
22 51 27 39 5 26 0 0.00 M M 6.2 16 170 M M 3 21 150
23 47 27 37 3 28 0 T M M 6.9 16 170 M M 5 20 170
24 47 22 35 1 30 0 0.00 M M 5.8 18 210 M M 3 1 23 200
25 46 27 37 3 28 0 0.00 M M 4.7 10 350 M M 4 16 340
26 41 24 33 -1 32 0 T M M 11.5 30 20 M M 6 1 39 30
27 47 19 33 -1 32 0 0.00 M M 5.4 15 160 M M 1 17 160
28 58 18 38 4 27 0 0.00 M M 6.8 16 170 M M 0 19 170
29 55 24 40 6 25 0 0.00 M M 5.5 8 50 M M 0 M M
30 57 24 41 7 24 0 0.00 M M 7.5 16 170 M M 0 20 190
31 58 25 42 8 23 0 0.00 M M 10.9 29 200 M M 2 37 200
================================================================================
SM 1374 537 1052 0 0.02 M 338.9 M 65
================================================================================
AV 44.3 17.3 10.9 FASTST M M 2 MAX(MPH)
MISC ----> 41 320 53 340
================================================================================
NOTES:
# LAST OF SEVERAL OCCURRENCES
COLUMN 17 PEAK WIND IN M.P.H.
PRELIMINARY LOCAL CLIMATOLOGICAL DATA (WS FORM: F-6) , PAGE 2
STATION: LAS VEGAS NM
MONTH: JANUARY
YEAR: 2024
LATITUDE: 35 39 N
LONGITUDE: 105 8 W
[TEMPERATURE DATA] [PRECIPITATION DATA] SYMBOLS USED IN COLUMN 16
AVERAGE MONTHLY: 30.8 TOTAL FOR MONTH: 0.02 1 = FOG OR MIST
DPTR FM NORMAL: -2.3 DPTR FM NORMAL: -0.33 2 = FOG REDUCING VISIBILITY
HIGHEST: 59 ON 18 GRTST 24HR 0.23 ON 4- 4 TO 1/4 MILE OR LESS
LOWEST: -3 ON 16,15 3 = THUNDER
SNOW, ICE PELLETS, HAIL 4 = ICE PELLETS
TOTAL MONTH: M 5 = HAIL
GRTST 24HR M ON M 6 = FREEZING RAIN OR DRIZZLE
GRTST DEPTH: M ON M 7 = DUSTSTORM OR SANDSTORM:
VSBY 1/2 MILE OR LESS
8 = SMOKE OR HAZE
[NO. OF DAYS WITH] [WEATHER - DAYS WITH] 9 = BLOWING SNOW
X = TORNADO
MAX 32 OR BELOW: 5 0.01 INCH OR MORE: 1
MAX 90 OR ABOVE: 0 0.10 INCH OR MORE: 0
MIN 32 OR BELOW: 31 0.50 INCH OR MORE: 0
MIN 0 OR BELOW: 2 1.00 INCH OR MORE: 0
[HDD (BASE 65) ]
TOTAL THIS MO. 1052 CLEAR (SCALE 0-3) 19
DPTR FM NORMAL 63 PTCLDY (SCALE 4-7) 12
TOTAL FM JUL 1 3082 CLOUDY (SCALE 8-10) 0
DPTR FM NORMAL -234
[CDD (BASE 65) ]
TOTAL THIS MO. 0
DPTR FM NORMAL 0 [PRESSURE DATA]
TOTAL FM JAN 1 0 HIGHEST SLP 30.40 ON 28
DPTR FM NORMAL 0 LOWEST SLP 29.31 ON 8
[REMARKS]
#FINAL-01-24#