000
CXUS55 KABQ 191010
CF6LVS
PRELIMINARY LOCAL CLIMATOLOGICAL DATA (WS FORM: F-6)
STATION: LAS VEGAS NM
MONTH: APRIL
YEAR: 2024
LATITUDE: 35 39 N
LONGITUDE: 105 8 W
TEMPERATURE IN F: :PCPN: SNOW: WIND :SUNSHINE: SKY :PK WND
================================================================================
1 2 3 4 5 6A 6B 7 8 9 10 11 12 13 14 15 16 17 18
12Z AVG MX 2MIN
DY MAX MIN AVG DEP HDD CDD WTR SNW DPTH SPD SPD DIR MIN PSBL S-S WX SPD DR
================================================================================
1 48 30 39 -6 26 0 0.01 M M 11.9 31 340 M M 6 13 42 350
2 53 26 40 -5 25 0 0.01 M M 6.6 20 40 M M 4 12 26 40
3 60 28 44 -1 21 0 0.00 M M 6.7 10 340 M M 0 M M
4 71 31 51 5 14 0 0.00 M M 11.5 29 210 M M 0 43 200
5 69 37 53 7 12 0 0.00 M M 21.3 39 210 M M 0 55 190
6 50 31 41 -5 24 0 0.02 M M 28.1 47 280 M M 4 62 270
7 59 32 46 0 19 0 0.00 M M 19.8 41 300 M M 0 60 310
8 53 25 39 -7 26 0 0.00 M M 8.1 16 140 M M 1 20 160
9 52 29 41 -5 24 0 0.00 M M 9.2 22 50 M M 3 29 80
10 63 26 45 -2 20 0 0.00 M M 8.9 23 30 M M 1 32 50
11 66 26 46 -1 19 0 0.00 M M 12.3 30 210 M M 0 46 190
12 75 32 54 7 11 0 0.00 M M 15.2 32 190 M M 0 46 200
13 73 40 57 10 8 0 0.00 M M 11.2 28 230 M M 0 37 210
14 75 35 55 8 10 0 0.00 M M 11.9 30 220 M M 0 44 210
15 64 38 51 3 14 0 0.00 M M 22.1 38 290 M M 1 58 210
16 71 36 54 6 11 0 0.00 M M 13.3 36 310 M M 1 47 260
17 77 39 58 10 7 0 0.00 M M 10.4 33 260 M M 0 43 240
18 63 35 49 1 16 0 0.00 M M 13.3 26 160 M M 0 37 150
================================================================================
SM 1142 576 307 0 0.04 M 241.8 M 21
================================================================================
AV 63.4 32.0 13.4 FASTST M M 1 MAX(MPH)
MISC ----> 47 280 62 270
================================================================================
NOTES:
# LAST OF SEVERAL OCCURRENCES
COLUMN 17 PEAK WIND IN M.P.H.
PRELIMINARY LOCAL CLIMATOLOGICAL DATA (WS FORM: F-6) , PAGE 2
STATION: LAS VEGAS NM
MONTH: APRIL
YEAR: 2024
LATITUDE: 35 39 N
LONGITUDE: 105 8 W
[TEMPERATURE DATA] [PRECIPITATION DATA] SYMBOLS USED IN COLUMN 16
AVERAGE MONTHLY: 47.7 TOTAL FOR MONTH: 0.04 1 = FOG OR MIST
DPTR FM NORMAL: 1.2 DPTR FM NORMAL: -0.33 2 = FOG REDUCING VISIBILITY
HIGHEST: 77 ON 17 GRTST 24HR 0.02 ON 1- 2 TO 1/4 MILE OR LESS
LOWEST: 25 ON 8 3 = THUNDER
SNOW, ICE PELLETS, HAIL 4 = ICE PELLETS
TOTAL MONTH: M 5 = HAIL
GRTST 24HR M ON M 6 = FREEZING RAIN OR DRIZZLE
GRTST DEPTH: M ON M 7 = DUSTSTORM OR SANDSTORM:
VSBY 1/2 MILE OR LESS
8 = SMOKE OR HAZE
[NO. OF DAYS WITH] [WEATHER - DAYS WITH] 9 = BLOWING SNOW
X = TORNADO
MAX 32 OR BELOW: 0 0.01 INCH OR MORE: 3
MAX 90 OR ABOVE: 0 0.10 INCH OR MORE: 0
MIN 32 OR BELOW: 11 0.50 INCH OR MORE: 0
MIN 0 OR BELOW: 0 1.00 INCH OR MORE: 0
[HDD (BASE 65) ]
TOTAL THIS MO. 307 CLEAR (SCALE 0-3) 14
DPTR FM NORMAL -27 PTCLDY (SCALE 4-7) 4
TOTAL FM JUL 1 4856 CLOUDY (SCALE 8-10) 0
DPTR FM NORMAL -354
[CDD (BASE 65) ]
TOTAL THIS MO. 0
DPTR FM NORMAL 0 [PRESSURE DATA]
TOTAL FM JAN 1 0 HIGHEST SLP M ON M
DPTR FM NORMAL 0 LOWEST SLP 29.36 ON 6
[REMARKS]