000
CXUS53 KDMX 011046
CF6LWD
PRELIMINARY LOCAL CLIMATOLOGICAL DATA (WS FORM: F-6)
STATION: LAMONI IA
MONTH: JULY
YEAR: 2021
LATITUDE: 40 37 N
LONGITUDE: 93 56 W
TEMPERATURE IN F: :PCPN: SNOW: WIND :SUNSHINE: SKY :PK WND
================================================================================
1 2 3 4 5 6A 6B 7 8 9 10 11 12 13 14 15 16 17 18
12Z AVG MX 2MIN
DY MAX MIN AVG DEP HDD CDD WTR SNW DPTH SPD SPD DIR MIN PSBL S-S WX SPD DR
================================================================================
1 85 67 76 1 0 11 0.00 0.0 0 7.0 14 40 M M 1 20 40
2 86 66 76 1 0 11 0.00 0.0 0 5.4 13 20 M M 2 18 360
3 85 66 76 1 0 11 0.00 0.0 0 3.9 8 190 M M 0 1 11 180
4 86 65 76 1 0 11 0.00 0.0 0 7.2 12 220 M M 0 15 220
5 87 70 79 4 0 14 0.00 0.0 0 7.3 14 210 M M 1 18 18 220
6 86 68 77 1 0 12 0.00 0.0 0 7.0 14 200 M M 1 23 200
7 81 65 73 -3 0 8 0.05 0.0 0 7.2 18 360 M M 6 13 26 350
8 77 58 68 -8 0 3 0.00 0.0 0 5.2 12 360 M M 3 12 16 360
9 86 65 76 0 0 11 0.10 0.0 0 8.1 17 150 M M 4 13 28 150
10 81 63 72 -4 0 7 3.76 0.0 0 6.0 37 320 M M 8 13 56 310
11 70 63 67 -9 0 2 0.17 0.0 0 9.5 20 20 M M 10 1 28 20
12 75 61 68 -8 0 3 0.00 0.0 0 4.9 14 30 M M 8 19 30
13 82 63 73 -3 0 8 0.00 0.0 0 6.0 14 210 M M 2 19 170
14 87 70 79 3 0 14 0.00 0.0 0 11.2 23 200 M M 1 3 34 190
15 78 68 73 -3 0 8 0.09 0.0 0 4.8 12 40 M M 8 13 18 50
16 83 66 75 -1 0 10 0.00 0.0 0 4.3 9 30 M M 2 1 14 60
17 81 65 73 -3 0 8 0.00 0.0 0 4.1 10 140 M M 1 1 17 80
18 83 61 72 -4 0 7 0.00 0.0 0 4.8 10 60 M M 1 1 16 80
19 84 64 74 -2 0 9 0.00 0.0 0 3.9 9 60 M M 2 8 15 60
20 85 64 75 -1 0 10 0.00 0.0 0 2.7 10 350 M M 1 1 16 330
21 85 63 74 -2 0 9 0.00 0.0 0 3.6 7 180 M M 0 12 250
22 85 68 77 1 0 12 0.00 0.0 0 7.7 16 210 M M 1 23 220
23 89 69 79 3 0 14 0.00 0.0 0 8.4 14 210 M M 0 18 20 220
24 91 73 82 6 0 17 0.00 0.0 0 8.9 16 250 M M 1 23 230
25 86 67 77 1 0 12 0.00 0.0 0 1.8 7 50 M M 0 1 11 60
26 88 63 76 0 0 11 0.00 0.0 0 3.5 10 180 M M 0 128 15 180
27 89 67 78 2 0 13 0.00 0.0 0 6.6 12 230 M M 0 16 240
28 93 71 82 6 0 17 0.00 0.0 0 6.2 12 260 M M 1 15 290
29 95 75 85 9 0 20 0.00 0.0 0 8.1 16 260 M M 3 22 250
30 84 69 77 1 0 12 1.43 0.0 0 6.1 35 300 M M 4 13 54 300
31 78 67 73 -3 0 8 1.23 0.0 0 6.7 18 350 M M 7 13 26 40
================================================================================
SM 2611 2050 0 323 6.83 0.0 188.1 M 79
================================================================================
AV 84.2 66.1 6.1 FASTST M M 3 MAX(MPH)
MISC ----> 37 320 56 310
================================================================================
NOTES:
# LAST OF SEVERAL OCCURRENCES
COLUMN 17 PEAK WIND IN M.P.H.
PRELIMINARY LOCAL CLIMATOLOGICAL DATA (WS FORM: F-6) , PAGE 2
STATION: LAMONI IA
MONTH: JULY
YEAR: 2021
LATITUDE: 40 37 N
LONGITUDE: 93 56 W
[TEMPERATURE DATA] [PRECIPITATION DATA] SYMBOLS USED IN COLUMN 16
AVERAGE MONTHLY: 75.2 TOTAL FOR MONTH: 6.83 1 = FOG OR MIST
DPTR FM NORMAL: -0.6 DPTR FM NORMAL: 2.72 2 = FOG REDUCING VISIBILITY
HIGHEST: 95 ON 29 GRTST 24HR 3.82 ON 9-10 TO 1/4 MILE OR LESS
LOWEST: 58 ON 8 3 = THUNDER
SNOW, ICE PELLETS, HAIL 4 = ICE PELLETS
TOTAL MONTH: 0.0 INCH 5 = HAIL
GRTST 24HR 0.0 6 = FREEZING RAIN OR DRIZZLE
GRTST DEPTH: 0 7 = DUSTSTORM OR SANDSTORM:
VSBY 1/2 MILE OR LESS
8 = SMOKE OR HAZE
[NO. OF DAYS WITH] [WEATHER - DAYS WITH] 9 = BLOWING SNOW
X = TORNADO
MAX 32 OR BELOW: 0 0.01 INCH OR MORE: 7
MAX 90 OR ABOVE: 3 0.10 INCH OR MORE: 5
MIN 32 OR BELOW: 0 0.50 INCH OR MORE: 3
MIN 0 OR BELOW: 0 1.00 INCH OR MORE: 3
[HDD (BASE 65) ]
TOTAL THIS MO. 0 CLEAR (SCALE 0-3) 23
DPTR FM NORMAL -2 PTCLDY (SCALE 4-7) 6
TOTAL FM JUL 1 0 CLOUDY (SCALE 8-10) 2
DPTR FM NORMAL 0
[CDD (BASE 65) ]
TOTAL THIS MO. 323
DPTR FM NORMAL -14 [PRESSURE DATA]
TOTAL FM JAN 1 690 HIGHEST SLP 30.21 ON 18
DPTR FM NORMAL 59 LOWEST SLP 29.76 ON 10
[REMARKS]
#FINAL-07-21#