350
CXUS53 KDMX 021040
CF6LWD
PRELIMINARY LOCAL CLIMATOLOGICAL DATA (WS FORM: F-6)
STATION: LAMONI IA
MONTH: DECEMBER
YEAR: 2020
LATITUDE: 40 37 N
LONGITUDE: 93 56 W
TEMPERATURE IN F: :PCPN: SNOW: WIND :SUNSHINE: SKY :PK WND
================================================================================
1 2 3 4 5 6A 6B 7 8 9 10 11 12 13 14 15 16 17 18
12Z AVG MX 2MIN
DY MAX MIN AVG DEP HDD CDD WTR SNW DPTH SPD SPD DIR MIN PSBL S-S WX SPD DR
================================================================================
1 45 16 31 -1 34 0 0.00 0.0 0 6.4 10 130 M M 0 18 100
2 50 22 36 5 29 0 0.00 0.0 0 4.6 8 10 M M 0 8 11 110
3 45 20 33 2 32 0 0.00 0.0 0 6.8 13 360 M M 0 17 360
4 52 26 39 9 26 0 0.00 0.0 0 8.3 15 300 M M 0 8 20 300
5 52 28 40 10 25 0 0.00 0.0 0 6.0 15 310 M M 0 19 300
6 44 27 36 6 29 0 0.00 0.0 0 10.2 16 360 M M 3 22 350
7 39 27 33 4 32 0 0.00 0.0 0 5.4 16 310 M M 7 12 20 300
8 46 27 37 8 28 0 0.00 0.0 0 6.9 13 260 M M 5 12 17 250
9 63 37 50 22 15 0 0.00 0.0 0 6.8 13 320 M M 0 8 16 250
10 64 37 51 23 14 0 0.00 0.0 0 7.2 18 30 M M 0 26 30
11 40 34 37 9 28 0 0.16 0.0 0 14.3 22 50 M M 8 1 32 50
12 34 23 29 2 36 0 0.16 M M 11.4 20 10 M M 10 1 27 360
13 26 17 22 -5 43 0 0.00 0.0 M 8.6 21 320 M M 6 27 310
14 26 11 19 -8 46 0 0.00 0.0 M 6.9 12 50 M M 0 16 330
15 26 15 21 -6 44 0 0.00 0.0 M 6.1 13 60 M M 4 17 60
16 29 13 21 -5 44 0 0.00 0.0 M 3.5 13 300 M M 7 1 14 300
17 38 22 30 4 35 0 0.00 0.0 M 5.8 14 200 M M 3 1 18 190
18 50 27 39 13 26 0 0.00 0.0 M 11.2 24 180 M M 3 1 37 170
19 35 21 28 2 37 0 0.00 0.0 0 7.9 17 330 M M 6 24 340
20 45 23 34 8 31 0 0.00 0.0 0 9.9 20 230 M M 1 27 230
21 53 28 41 16 24 0 0.00 0.0 0 16.1 35 280 M M 0 48 300
22 55 26 41 16 24 0 0.00 0.0 0 11.5 26 180 M M 0 39 170
23 55 15 35 10 30 0 T M 0 24.3 39 290 M M 8 51 300
24 19 4 12 -13 53 0 T M M 17.0 30 320 M M 1 43 320
25 31 2 17 -8 48 0 0.00 0.0 0 8.4 15 230 M M 0 19 240
26 46 18 32 7 33 0 0.00 0.0 0 5.3 10 120 M M 0 15 120
27 39 29 34 10 31 0 0.00 0.0 0 11.3 23 320 M M 5 30 310
28 31 20 26 2 39 0 0.00 0.0 0 8.6 21 310 M M 6 28 300
29 31 21 26 2 39 0 1.05 M 0 9.4 23 140 M M 9 126 34 140
30 32 10 21 -3 44 0 0.00 0.0 M 12.4 24 300 M M 3 1 32 290
31 28 5 17 -7 48 0 0.00 0.0 M 4.0 12 50 M M 3 18 16 50
================================================================================
SM 1269 651 1047 0 1.37 0.0 282.5 M 98
================================================================================
AV 40.9 21.0 9.1 FASTST M M 3 MAX(MPH)
MISC ----> 39 290 51 300
================================================================================
NOTES:
# LAST OF SEVERAL OCCURRENCES
COLUMN 17 PEAK WIND IN M.P.H.
PRELIMINARY LOCAL CLIMATOLOGICAL DATA (WS FORM: F-6) , PAGE 2
STATION: LAMONI IA
MONTH: DECEMBER
YEAR: 2020
LATITUDE: 40 37 N
LONGITUDE: 93 56 W
[TEMPERATURE DATA] [PRECIPITATION DATA] SYMBOLS USED IN COLUMN 16
AVERAGE MONTHLY: 31.0 TOTAL FOR MONTH: 1.37 1 = FOG OR MIST
DPTR FM NORMAL: 4.1 DPTR FM NORMAL: -0.10 2 = FOG REDUCING VISIBILITY
HIGHEST: 64 ON 10 GRTST 24HR 1.05 ON 29-29 TO 1/4 MILE OR LESS
LOWEST: 2 ON 25 3 = THUNDER
SNOW, ICE PELLETS, HAIL 4 = ICE PELLETS
TOTAL MONTH: 0.0 INCH 5 = HAIL
GRTST 24HR 0.0 6 = FREEZING RAIN OR DRIZZLE
GRTST DEPTH: 0 7 = DUSTSTORM OR SANDSTORM:
VSBY 1/2 MILE OR LESS
8 = SMOKE OR HAZE
[NO. OF DAYS WITH] [WEATHER - DAYS WITH] 9 = BLOWING SNOW
X = TORNADO
MAX 32 OR BELOW: 10 0.01 INCH OR MORE: 3
MAX 90 OR ABOVE: 0 0.10 INCH OR MORE: 3
MIN 32 OR BELOW: 28 0.50 INCH OR MORE: 1
MIN 0 OR BELOW: 0 1.00 INCH OR MORE: 1
[HDD (BASE 65) ]
TOTAL THIS MO. 1047 CLEAR (SCALE 0-3) 18
DPTR FM NORMAL -134 PTCLDY (SCALE 4-7) 11
TOTAL FM JUL 1 2243 CLOUDY (SCALE 8-10) 2
DPTR FM NORMAL -187
[CDD (BASE 65) ]
TOTAL THIS MO. 0
DPTR FM NORMAL 0 [PRESSURE DATA]
TOTAL FM JAN 1 1110 HIGHEST SLP 30.52 ON 28
DPTR FM NORMAL 164 LOWEST SLP 29.31 ON 23
[REMARKS]
#FINAL-12-20#