000
CXUS56 KTFX 011110
CF6LWT
PRELIMINARY LOCAL CLIMATOLOGICAL DATA (WS FORM: F-6)
STATION: LEWISTOWN MT
MONTH: AUGUST
YEAR: 2022
LATITUDE: 47 2 N
LONGITUDE: 109 28 W
TEMPERATURE IN F: :PCPN: SNOW: WIND :SUNSHINE: SKY :PK WND
================================================================================
1 2 3 4 5 6A 6B 7 8 9 10 11 12 13 14 15 16 17 18
12Z AVG MX 2MIN
DY MAX MIN AVG DEP HDD CDD WTR SNW DPTH SPD SPD DIR MIN PSBL S-S WX SPD DR
================================================================================
1 97 55 76 8 0 11 0.00 M M 7.4 22 280 M M 0 33 280
2 89 61 75 7 0 10 0.00 M M 12.2 30 270 M M 0 44 280
3 91 50 71 3 0 6 0.00 M M 8.8 23 250 M M 0 33 260
4 97 56 77 9 0 12 0.01 M M 10.9 32 260 M M 1 3 57 260
5 80 57 69 1 0 4 T M M 7.9 21 80 M M 2 28 80
6 63 49 56 -12 9 0 0.36 M M 11.8 24 250 M M 7 1 33 240
7 83 44 64 -4 1 0 0.00 M M 5.3 14 260 M M 0 19 260
8 92 52 72 4 0 7 0.00 M M 6.0 16 290 M M 0 26 270
9 86 51 69 2 0 4 0.00 M M 7.5 16 80 M M 0 21 80
10 87 62 75 8 0 10 T M M 12.1 24 80 M M 1 33 70
11 91 61 76 9 0 11 0.00 M M 5.9 13 310 M M 1 21 320
12 93 59 76 9 0 11 0.10 M M 7.2 29 310 M M 2 13 48 310
13 89 55 72 6 0 7 T M M 6.5 26 290 M M 0 3 38 290
14 89 54 72 6 0 7 0.00 M M 5.3 13 110 M M 1 19 10
15 88 52 70 4 0 5 0.03 M M 10.0 22 290 M M 1 3 32 280
16 92 53 73 7 0 8 0.00 M M 4.3 12 90 M M 0 16 340
17 88 53 71 6 0 6 0.00 M M 6.8 15 270 M M 0 23 290
18 86 54 70 5 0 5 0.00 M M 7.0 12 100 M M 0 17 10
19 86 52 69 4 0 4 0.00 M M 10.9 20 100 M M 0 26 90
20 91 52 72 7 0 7 0.00 M M 7.4 13 110 M M 0 19 90
21 88 58 73 9 0 8 T M M 6.5 17 220 M M 2 3 22 220
22 88 55 72 8 0 7 0.09 M M 7.5 23 60 M M 2 3 32 60
23 82 61 72 8 0 7 0.00 M M 7.6 15 80 M M 2 21 240
24 74 58 66 3 0 1 0.80 M M 9.8 20 90 M M 6 13 27 150
25 75 58 67 4 0 2 0.44 M M 10.5 18 70 M M 4 13 24 80
26 80 53 67 4 0 2 0.06 M M 9.0 37 250 M M 1 3 47 250
27 83 52 68 6 0 3 T M M 10.0 22 240 M M 3 35 280
28 73 46 60 -2 5 0 0.00 M M 9.2 17 270 M M 1 25 270
29 83 43 63 1 2 0 0.00 M M 5.0 15 230 M M 0 21 270
30 90 50 70 8 0 5 0.00 M M 4.5 12 110 M M 0 15 290
31 93 53 73 12 0 8 0.00 M M 5.3 12 260 M M 0 16 260
================================================================================
SM 2667 1669 17 178 1.89 M 246.1 M 37
================================================================================
AV 86.0 53.8 7.9 FASTST M M 1 MAX(MPH)
MISC ----> 37 250 57 260
================================================================================
NOTES:
# LAST OF SEVERAL OCCURRENCES
COLUMN 17 PEAK WIND IN M.P.H.
PRELIMINARY LOCAL CLIMATOLOGICAL DATA (WS FORM: F-6) , PAGE 2
STATION: LEWISTOWN MT
MONTH: AUGUST
YEAR: 2022
LATITUDE: 47 2 N
LONGITUDE: 109 28 W
[TEMPERATURE DATA] [PRECIPITATION DATA] SYMBOLS USED IN COLUMN 16
AVERAGE MONTHLY: 69.9 TOTAL FOR MONTH: 1.89 1 = FOG OR MIST
DPTR FM NORMAL: 4.5 DPTR FM NORMAL: 0.20 2 = FOG REDUCING VISIBILITY
HIGHEST: 97 ON 4, 1 GRTST 24HR 1.24 ON 24-25 TO 1/4 MILE OR LESS
LOWEST: 43 ON 29 3 = THUNDER
SNOW, ICE PELLETS, HAIL 4 = ICE PELLETS
TOTAL MONTH: M 5 = HAIL
GRTST 24HR M ON M 6 = FREEZING RAIN OR DRIZZLE
GRTST DEPTH: M ON M 7 = DUSTSTORM OR SANDSTORM:
VSBY 1/2 MILE OR LESS
8 = SMOKE OR HAZE
[NO. OF DAYS WITH] [WEATHER - DAYS WITH] 9 = BLOWING SNOW
X = TORNADO
MAX 32 OR BELOW: 0 0.01 INCH OR MORE: 8
MAX 90 OR ABOVE: 10 0.10 INCH OR MORE: 4
MIN 32 OR BELOW: 0 0.50 INCH OR MORE: 1
MIN 0 OR BELOW: 0 1.00 INCH OR MORE: 0
[HDD (BASE 65) ]
TOTAL THIS MO. 17 CLEAR (SCALE 0-3) 28
DPTR FM NORMAL -64 PTCLDY (SCALE 4-7) 3
TOTAL FM JUL 1 27 CLOUDY (SCALE 8-10) 0
DPTR FM NORMAL -119
[CDD (BASE 65) ]
TOTAL THIS MO. 178
DPTR FM NORMAL 87 [PRESSURE DATA]
TOTAL FM JAN 1 343 HIGHEST SLP 30.18 ON 24
DPTR FM NORMAL 133 LOWEST SLP 29.48 ON 27
[REMARKS]
#FINAL-08-22#