000
CXUS56 KTFX 040532
CF6LWT
PRELIMINARY LOCAL CLIMATOLOGICAL DATA (WS FORM: F-6)
STATION: LEWISTOWN MT
MONTH: JUNE
YEAR: 2022
LATITUDE: 47 2 N
LONGITUDE: 109 28 W
TEMPERATURE IN F: :PCPN: SNOW: WIND :SUNSHINE: SKY :PK WND
================================================================================
1 2 3 4 5 6A 6B 7 8 9 10 11 12 13 14 15 16 17 18
12Z AVG MX 2MIN
DY MAX MIN AVG DEP HDD CDD WTR SNW DPTH SPD SPD DIR MIN PSBL S-S WX SPD DR
================================================================================
1 61 35 48 -7 17 0 0.00 M M 5.1 12 230 M M 5 17 340
2 66 34 50 -5 15 0 0.00 M M 5.2 10 110 M M 3 15 200
3 68 39 54 -1 11 0 0.35 M M 10.6 21 80 M M 5 13 28 80
4 71 42 57 2 8 0 0.48 M M 6.4 37 200 M M 5 13 53 210
5 70 45 58 2 7 0 0.01 M M 5.8 23 290 M M 5 12 33 300
6 61 45 53 -3 12 0 0.22 M M 6.5 23 260 M M 7 13 35 280
7 65 41 53 -3 12 0 0.01 M M 10.6 21 310 M M 4 31 310
8 69 39 54 -2 11 0 T M M 9.2 23 230 M M 2 31 200
9 75 49 62 6 3 0 0.00 M M 5.4 15 270 M M 5 21 290
10 80 52 66 9 0 1 0.08 M M 12.2 29 270 M M 6 38 280
11 70 49 60 3 5 0 0.03 M M 8.9 23 200 M M 4 32 190
12 68 44 56 -1 9 0 0.00 M M 4.0 14 250 M M 2 18 250
13 65 44 55 -2 10 0 0.12 M M 9.6 21 220 M M 5 1 28 220
14 50 41 46 -12 19 0 T M M 24.2 38 240 M M 7 49 240
15 59 43 51 -7 14 0 0.06 M M 19.5 39 300 M M 8 58 290
16 80 38 59 1 6 0 0.00 M M 11.4 26 120 M M 0 36 120
17 90 53 72 14 0 7 0.00 M M 11.5 26 190 M M 0 36 190
18 83 53 68 10 0 3 0.01 M M 7.3 26 200 M M 1 3 37 310
19 58 50 54 -5 11 0 0.17 M M 6.3 14 310 M M 8 1 23 290
20 66 43 55 -4 10 0 0.32 M M 14.3 28 300 M M 5 12 41 300
21 71 47 59 0 6 0 0.15 M M 7.6 23 270 M M 5 1 32 260
22 82 47 65 5 0 0 0.00 M M 6.7 18 240 M M 0 25 230
23 85 48 67 7 0 2 0.07 M M 6.1 21 240 M M 3 3 28 240
24 64 46 55 -5 10 0 0.01 M M 7.5 26 290 M M 9 41 310
25 65 40 53 -7 12 0 0.00 M M 7.3 15 300 M M 5 22 300
26 75 37 56 -5 9 0 0.00 M M 4.3 12 110 M M 0 13 70
27 83 43 63 2 2 0 0.00 M M 5.4 14 100 M M 0 20 110
28 87 51 69 8 0 4 T M M 7.4 29 200 M M 2 3 41 200
29 81 50 66 4 0 1 0.00 M M 10.9 23 300 M M 0 36 250
30 74 44 59 -3 6 0 0.00 M M 6.4 13 270 M M 1 22 340
================================================================================
SM 2142 1332 225 18 2.09 M 263.6 M 112
================================================================================
AV 71.4 44.4 8.8 FASTST M M 4 MAX(MPH)
MISC ----> 39 300 58 290
================================================================================
NOTES:
# LAST OF SEVERAL OCCURRENCES
COLUMN 17 PEAK WIND IN M.P.H.
PRELIMINARY LOCAL CLIMATOLOGICAL DATA (WS FORM: F-6) , PAGE 2
STATION: LEWISTOWN MT
MONTH: JUNE
YEAR: 2022
LATITUDE: 47 2 N
LONGITUDE: 109 28 W
[TEMPERATURE DATA] [PRECIPITATION DATA] SYMBOLS USED IN COLUMN 16
AVERAGE MONTHLY: 57.9 TOTAL FOR MONTH: 2.09 1 = FOG OR MIST
DPTR FM NORMAL: -0.1 DPTR FM NORMAL: -1.26 2 = FOG REDUCING VISIBILITY
HIGHEST: 90 ON 17 GRTST 24HR 0.48 ON 4- 4 TO 1/4 MILE OR LESS
LOWEST: 34 ON 2 3 = THUNDER
SNOW, ICE PELLETS, HAIL 4 = ICE PELLETS
TOTAL MONTH: M 5 = HAIL
GRTST 24HR M ON M 6 = FREEZING RAIN OR DRIZZLE
GRTST DEPTH: M ON M 7 = DUSTSTORM OR SANDSTORM:
VSBY 1/2 MILE OR LESS
8 = SMOKE OR HAZE
[NO. OF DAYS WITH] [WEATHER - DAYS WITH] 9 = BLOWING SNOW
X = TORNADO
MAX 32 OR BELOW: 0 0.01 INCH OR MORE: 15
MAX 90 OR ABOVE: 1 0.10 INCH OR MORE: 7
MIN 32 OR BELOW: 0 0.50 INCH OR MORE: 0
MIN 0 OR BELOW: 0 1.00 INCH OR MORE: 0
[HDD (BASE 65) ]
TOTAL THIS MO. 225 CLEAR (SCALE 0-3) 12
DPTR FM NORMAL -1 PTCLDY (SCALE 4-7) 17
TOTAL FM JUL 1 8035 CLOUDY (SCALE 8-10) 1
DPTR FM NORMAL -142
[CDD (BASE 65) ]
TOTAL THIS MO. 18
DPTR FM NORMAL 1 [PRESSURE DATA]
TOTAL FM JAN 1 18 HIGHEST SLP 30.44 ON 25
DPTR FM NORMAL 0 LOWEST SLP 29.45 ON 18
[REMARKS]
#FINAL-06-22#