000
CXUS53 KILX 010900
CF6LWV
PRELIMINARY LOCAL CLIMATOLOGICAL DATA (WS FORM: F-6)
STATION: LAWRENCEVILLE IL AIRPORT
MONTH: JULY
YEAR: 2021
LATITUDE: 38 45 N
LONGITUDE: 87 36 W
TEMPERATURE IN F: :PCPN: SNOW: WIND :SUNSHINE: SKY :PK WND
================================================================================
1 2 3 4 5 6A 6B 7 8 9 10 11 12 13 14 15 16 17 18
12Z AVG MX 2MIN
DY MAX MIN AVG DEP HDD CDD WTR SNW DPTH SPD SPD DIR MIN PSBL S-S WX SPD DR
================================================================================
1 85 63 74 -3 0 9 0.29 M M 6.3 16 10 M M 5 18 23 10
2 79 57 68 -9 0 3 0.00 M M 8.2 15 20 M M 1 22 60
3 80 57 69 -8 0 4 0.00 M M 4.3 10 290 M M 0 16 360
4 86 63 75 -2 0 10 0.00 M M 3.5 10 280 M M 0 14 290
5 90 67 79 2 0 14 0.00 M M 3.3 10 190 M M 0 1 14 280
6 91 70 81 4 0 16 0.00 M M 2.4 16 110 M M 2 138 21 120
7 91 71 81 3 0 16 0.00 M M 5.8 14 190 M M 2 13 18 170
8 90 70 80 2 0 15 0.07 M M 7.5 16 290 M M 4 13 22 350
9 81 65 73 -5 0 8 0.00 M M 4.7 10 220 M M 1 1 16 160
10 83 69 76 -2 0 11 1.55 M M 8.1 21 160 M M 7 138 27 300
11 78 69 74 -4 0 9 0.02 M M 7.0 17 200 M M 8 18 23 210
12 84 70 77 -1 0 12 0.01 M M 7.9 22 160 M M 6 38 29 160
13 83 69 76 -2 0 11 0.08 M M 7.8 16 260 M M 6 1 22 280
14 86 67 77 -1 0 12 0.00 M M 5.4 15 200 M M 1 1 19 190
15 89 70 80 2 0 15 0.40 M M 8.2 23 250 M M 2 13 40 270
16 83 70 77 -1 0 12 0.80 M M 6.1 16 240 M M 8 13 22 260
17 82 69 76 -2 0 11 0.00 M M 4.7 10 310 M M 5 1 18 340
18 85 68 77 -1 0 12 0.01 M M 5.5 25 180 M M 2 31 180
19 85 66 76 -2 0 11 0.00 M M 7.1 14 20 M M 0 22 40
20 86 66 76 -2 0 11 0.00 M M 4.6 10 340 M M 1 15 20
21 87 66 77 0 0 12 0.00 M M 2.7 9 40 M M 4 18 13 360
22 86 69 78 1 0 13 0.00 M M 3.8 8 110 M M 2 18 12 150
23 88 69 79 2 0 14 0.00 M M 3.4 10 160 M M 1 1 15 160
24 90 70 80 3 0 15 0.00 M M 7.5 18 210 M M 2 1 25 210
25 88 71 80 3 0 15 0.69 M M 4.7 24 320 M M 3 123 34 320
26 90 72 81 4 0 16 0.00 M M 4.4 10 340 M M 1 1 17 40
27 90 67 79 2 0 14 0.00 M M 3.0 10 10 M M 0 14 20
28 89 67 78 1 0 13 0.00 M M 1.5 8 290 M M 0 1 13 290
29 90 72 81 4 0 16 0.30 M M 5.9 20 230 M M 2 13 26 250
30 82 66 74 -3 0 9 0.00 M M 7.9 24 300 M M 3 31 300
31 71 63 67 -10 0 2 0.60 M M 4.2 10 120 M M 7 18 14 270
================================================================================
SM 2648 2088 0 361 4.82 M 167.4 M 86
================================================================================
AV 85.4 67.4 5.4 FASTST M M 3 MAX(MPH)
MISC ----> 25 180 40 270
================================================================================
NOTES:
# LAST OF SEVERAL OCCURRENCES
COLUMN 17 PEAK WIND IN M.P.H.
PRELIMINARY LOCAL CLIMATOLOGICAL DATA (WS FORM: F-6) , PAGE 2
STATION: LAWRENCEVILLE IL AIRPORT
MONTH: JULY
YEAR: 2021
LATITUDE: 38 45 N
LONGITUDE: 87 36 W
[TEMPERATURE DATA] [PRECIPITATION DATA] SYMBOLS USED IN COLUMN 16
AVERAGE MONTHLY: 76.4 TOTAL FOR MONTH: 4.82 1 = FOG OR MIST
DPTR FM NORMAL: -1.0 DPTR FM NORMAL: 0.60 2 = FOG REDUCING VISIBILITY
HIGHEST: 91 ON 7, 6 GRTST 24HR 1.55 ON 10-10 TO 1/4 MILE OR LESS
LOWEST: 57 ON 3, 2 3 = THUNDER
SNOW, ICE PELLETS, HAIL 4 = ICE PELLETS
TOTAL MONTH: M 5 = HAIL
GRTST 24HR M ON M 6 = FREEZING RAIN OR DRIZZLE
GRTST DEPTH: M ON M 7 = DUSTSTORM OR SANDSTORM:
VSBY 1/2 MILE OR LESS
8 = SMOKE OR HAZE
[NO. OF DAYS WITH] [WEATHER - DAYS WITH] 9 = BLOWING SNOW
X = TORNADO
MAX 32 OR BELOW: 0 0.01 INCH OR MORE: 12
MAX 90 OR ABOVE: 8 0.10 INCH OR MORE: 7
MIN 32 OR BELOW: 0 0.50 INCH OR MORE: 4
MIN 0 OR BELOW: 0 1.00 INCH OR MORE: 1
[HDD (BASE 65) ]
TOTAL THIS MO. 0 CLEAR (SCALE 0-3) 20
DPTR FM NORMAL 0 PTCLDY (SCALE 4-7) 11
TOTAL FM JUL 1 0 CLOUDY (SCALE 8-10) 0
DPTR FM NORMAL 0
[CDD (BASE 65) ]
TOTAL THIS MO. 361
DPTR FM NORMAL -23 [PRESSURE DATA]
TOTAL FM JAN 1 831 HIGHEST SLP 30.21 ON 14
DPTR FM NORMAL -5 LOWEST SLP 29.78 ON 11
[REMARKS]
#FINAL-07-21#