000
CXUS53 KGID 011519
CF6LXN
PRELIMINARY LOCAL CLIMATOLOGICAL DATA (WS FORM: F-6)
STATION: LEXINGTON
MONTH: APRIL
YEAR: 2020
LATITUDE: 40 47 N
LONGITUDE: 99 46 W
TEMPERATURE IN F: :PCPN: SNOW: WIND :SUNSHINE: SKY :PK WND
================================================================================
1 2 3 4 5 6A 6B 7 8 9 10 11 12 13 14 15 16 17 18
12Z AVG MX 2MIN
DY MAX MIN AVG DEP HDD CDD WTR SNW DPTH SPD SPD DIR MIN PSBL S-S WX SPD DR
================================================================================
1 68 38 53 M 12 0 0.00 M M 8.1 17 10 M M 1 24 160
2 44 21 33 M 32 0 M M M 17.9 21 10 M M 10 1 27 20
3 40 18 29 M 36 0 M M M 12.6 20 350 M M 4 25 340
4 52 20 36 M 29 0 0.00 M M 7.0 17 160 M M 1 21 160
5 60 28 44 M 21 0 0.00 M M 12.3 22 140 M M 4 18 29 140
6 76 38 57 M 8 0 0.00 M M 3.7 8 160 M M 4 1 M M
7 80 39 60 M 5 0 0.00 M M 11.8 31 290 M M 0 40 300
8 66 35 51 M 14 0 0.00 M M 13.7 25 350 M M 1 31 20
9 55 26 41 M 24 0 0.00 M M 12.5 25 350 M M 2 33 350
10 70 23 47 M 18 0 0.00 M M 12.7 28 200 M M 1 37 200
11 69 37 53 M 12 0 0.00 M M 10.3 18 30 M M 1 27 60
12 43 19 31 M 34 0 M M M 25.7 37 340 M M 7 1 44 10
13 39 18 29 M 36 0 0.00 M M 13.1 20 330 M M 2 28 350
14 51 13 32 M 33 0 0.00 M M 12.7 29 300 M M 6 35 260
15 55 17 36 M 29 0 T M M 7.0 17 350 M M 5 30 270
16 38 24 31 M 34 0 M M M 14.4 22 30 M M 10 1 28 80
17 52 20 36 M 29 0 0.00 M M 9.8 17 260 M M 0 1 25 260
18 71 26 49 M 16 0 0.00 M M 6.0 14 30 M M 0 M M
19 64 33 49 M 16 0 0.10 M M 9.1 24 330 M M 3 32 330
20 69 36 53 M 12 0 0.00 M M 11.5 27 340 M M 2 1 32 310
21 76 30 53 M 12 0 0.00 M M 8.5 20 220 M M 1 27 210
22 77 43 60 M 5 0 0.00 M M 10.1 20 350 M M 2 27 10
23 76 38 57 M 8 0 0.00 M M 9.1 29 30 M M 1 35 30
24 63 44 54 M 11 0 0.22 M M 12.1 17 10 M M 8 22 10
25 66 37 52 M 13 0 0.00 M M 11.6 21 330 M M 2 8 30 340
26 78 32 55 M 10 0 0.00 M M 10.4 25 150 M M 3 35 200
27 83 43 63 M 2 0 0.00 M M 6.5 20 170 M M 1 27 170
28 72 43 58 M 7 0 T M M 16.2 35 350 M M 2 48 350
29 67 37 52 M 13 0 0.00 M M 15.4 31 340 M M 1 40 340
30 80 33 57 M 8 0 0.00 M M 11.2 21 160 M M 0 25 180
================================================================================
SM 1900 909 539 0 M M 343.0 M 85
================================================================================
AV 63.3 30.3 11.4 FASTST M M 3 MAX(MPH)
MISC ----> # 37 340 # M M
================================================================================
NOTES:
# LAST OF SEVERAL OCCURRENCES
COLUMN 17 PEAK WIND IN M.P.H.
PRELIMINARY LOCAL CLIMATOLOGICAL DATA (WS FORM: F-6) , PAGE 2
STATION: LEXINGTON
MONTH: APRIL
YEAR: 2020
LATITUDE: 40 47 N
LONGITUDE: 99 46 W
[TEMPERATURE DATA] [PRECIPITATION DATA] SYMBOLS USED IN COLUMN 16
AVERAGE MONTHLY: 46.8 TOTAL FOR MONTH: M 1 = FOG OR MIST
DPTR FM NORMAL: M DPTR FM NORMAL: M 2 = FOG REDUCING VISIBILITY
HIGHEST: 83 ON 27 GRTST 24HR M ON M TO 1/4 MILE OR LESS
LOWEST: 13 ON 14 3 = THUNDER
SNOW, ICE PELLETS, HAIL 4 = ICE PELLETS
TOTAL MONTH: M 5 = HAIL
GRTST 24HR M ON M 6 = FREEZING RAIN OR DRIZZLE
GRTST DEPTH: M ON M 7 = DUSTSTORM OR SANDSTORM:
VSBY 1/2 MILE OR LESS
8 = SMOKE OR HAZE
[NO. OF DAYS WITH] [WEATHER - DAYS WITH] 9 = BLOWING SNOW
X = TORNADO
MAX 32 OR BELOW: 0 0.01 INCH OR MORE: M
MAX 90 OR ABOVE: 0 0.10 INCH OR MORE: M
MIN 32 OR BELOW: 15 0.50 INCH OR MORE: M
MIN 0 OR BELOW: 0 1.00 INCH OR MORE: M
[HDD (BASE 65) ]
TOTAL THIS MO. 539 CLEAR (SCALE 0-3) 21
DPTR FM NORMAL M PTCLDY (SCALE 4-7) 6
TOTAL FM JUL 1 5881 CLOUDY (SCALE 8-10) 3
DPTR FM NORMAL M
[CDD (BASE 65) ]
TOTAL THIS MO. 0
DPTR FM NORMAL M [PRESSURE DATA]
TOTAL FM JAN 1 0 HIGHEST SLP M ON M
DPTR FM NORMAL M LOWEST SLP M ON M
[REMARKS]
#FINAL-04-20#