000
CXUS51 KRNK 010657 CCA
CF6LYH
PRELIMINARY LOCAL CLIMATOLOGICAL DATA (WS FORM: F-6)...CORRECTED
STATION: LYNCHBURG VA
MONTH: JULY
YEAR: 2020
LATITUDE: 37 19 N
LONGITUDE: 79 12 W
TEMPERATURE IN F: :PCPN: SNOW: WIND :SUNSHINE: SKY :PK WND
================================================================================
1 2 3 4 5 6A 6B 7 8 9 10 11 12 13 14 15 16 17 18
12Z AVG MX 2MIN
DY MAX MIN AVG DEP HDD CDD WTR SNW DPTH SPD SPD DIR MIN PSBL S-S WX SPD DR
================================================================================
1 90 68 79 4 0 14 0.32 0.0 0 3.7 25 40 M M 3 13 36 40
2 90 64 77 2 0 12 0.00 0.0 0 3.5 13 50 M M 2 12 17 40
3 93 64 79 4 0 14 0.00 0.0 0 1.6 8 250 M M 0 12 310
4 94 67 81 6 0 16 0.00 0.0 0 2.1 10 10 M M 2 16 30
5 93 71 82 7 0 17 0.00 0.0 0 4.3 14 180 M M 2 3 17 170
6 93 68 81 6 0 16 0.00 0.0 0 5.0 16 200 M M 0 1 21 190
7 90 68 79 4 0 14 0.00 0.0 0 3.7 12 180 M M 0 16 180
8 89 72 81 6 0 16 0.00 0.0 0 3.2 13 140 M M 4 16 40
9 91 69 80 5 0 15 0.00 0.0 0 5.7 14 50 M M 5 1 19 40
10 94 69 82 7 0 17 T 0.0 0 3.1 15 10 M M 2 3 21 10
11 92 68 80 5 0 15 0.00 0.0 0 5.2 15 270 M M 1 22 280
12 91 62 77 2 0 12 0.00 0.0 0 2.9 14 210 M M 1 17 190
13 91 66 79 4 0 14 0.02 0.0 0 1.4 12 300 M M 2 20 280
14 92 67 80 5 0 15 0.00 0.0 0 2.7 9 150 M M 3 12 50
15 93 69 81 6 0 16 0.00 0.0 0 4.4 14 140 M M 2 17 140
16 89 72 81 6 0 16 T 0.0 0 6.0 18 180 M M 6 1 22 190
17 96 73 85 10 0 20 0.10 0.0 0 3.4 15 40 M M 3 3 23 300
18 96 71 84 9 0 19 0.00 0.0 0 2.2 9 200 M M 0 1 12 220
19 99 72 86 11 0 21 0.00 0.0 0 3.7 12 190 M M 0 1 15 230
20 99 71 85 10 0 20 T 0.0 0 3.7 12 240 M M 1 3 17 260
21 98 72 85 10 0 20 T 0.0 0 2.7 15 200 M M 1 3 20 180
22 97 71 84 9 0 19 0.29 0.0 0 3.7 15 300 M M 2 13 22 310
23 92 72 82 7 0 17 0.19 0.0 0 3.5 23 200 M M 3 13 32 190
24 93 69 81 6 0 16 1.33 0.0 0 4.0 21 350 M M 5 13 37 10
25 94 67 81 6 0 16 0.00 0.0 0 1.9 9 170 M M 2 1 12 180
26 95 70 83 8 0 18 0.00 0.0 0 2.5 12 210 M M 2 1 20 190
27 94 70 82 7 0 17 0.00 0.0 0 3.6 14 200 M M 2 18 190
28 93 71 82 7 0 17 0.42 0.0 0 4.9 35 290 M M 1 3 44 290
29 91 72 82 7 0 17 0.03 0.0 0 2.7 9 230 M M 3 1 12 150
30 92 70 81 6 0 16 0.74 0.0 0 2.0 14 180 M M 4 13 20 160
31 91 74 83 8 0 18 0.30 0.0 0 4.4 13 300 M M 7 123 20 290
================================================================================
SM 2885 2149 0 510 3.74 0.0 107.4 M 71
================================================================================
AV 93.1 69.3 3.5 FASTST M M 2 MAX(MPH)
MISC ----> 35 290 44 290
================================================================================
NOTES:
# LAST OF SEVERAL OCCURRENCES
COLUMN 17 PEAK WIND IN M.P.H.
PRELIMINARY LOCAL CLIMATOLOGICAL DATA (WS FORM: F-6) , PAGE 2
STATION: LYNCHBURG VA
MONTH: JULY
YEAR: 2020
LATITUDE: 37 19 N
LONGITUDE: 79 12 W
[TEMPERATURE DATA] [PRECIPITATION DATA] SYMBOLS USED IN COLUMN 16
AVERAGE MONTHLY: 81.2 TOTAL FOR MONTH: 3.74 1 = FOG OR MIST
DPTR FM NORMAL: 5.9 DPTR FM NORMAL: -0.62 2 = FOG REDUCING VISIBILITY
HIGHEST: 99 ON 20,19 GRTST 24HR 1.33 ON 24-24 TO 1/4 MILE OR LESS
LOWEST: 62 ON 12 3 = THUNDER
SNOW, ICE PELLETS, HAIL 4 = ICE PELLETS
TOTAL MONTH: 0.0 INCH 5 = HAIL
GRTST 24HR 0.0 6 = FREEZING RAIN OR DRIZZLE
GRTST DEPTH: 0 7 = DUSTSTORM OR SANDSTORM:
VSBY 1/2 MILE OR LESS
8 = SMOKE OR HAZE
[NO. OF DAYS WITH] [WEATHER - DAYS WITH] 9 = BLOWING SNOW
X = TORNADO
MAX 32 OR BELOW: 0 0.01 INCH OR MORE: 10
MAX 90 OR ABOVE: 29 0.10 INCH OR MORE: 8
MIN 32 OR BELOW: 0 0.50 INCH OR MORE: 2
MIN 0 OR BELOW: 0 1.00 INCH OR MORE: 1
[HDD (BASE 65) ]
TOTAL THIS MO. 0 CLEAR (SCALE 0-3) 25
DPTR FM NORMAL -1 PTCLDY (SCALE 4-7) 6
TOTAL FM JUL 1 0 CLOUDY (SCALE 8-10) 0
DPTR FM NORMAL 0
[CDD (BASE 65) ]
TOTAL THIS MO. 510
DPTR FM NORMAL 192 [PRESSURE DATA]
TOTAL FM JAN 1 918 HIGHEST SLP M ON M
DPTR FM NORMAL 304 LOWEST SLP 29.75 ON 12
[REMARKS]
#FINAL-07-20#