000
CXUS51 KRNK 010823
CLSLYH
CLIMATE REPORT
NATIONAL WEATHER SERVICE BLACKSBURG, VA
323 AM EST FRI DEC 01 2023
...................................
...THE LYNCHBURG VA CLIMATE SUMMARY FOR THE SEASON, FROM
9/1/2023 TO 11/30/2023...
CLIMATE NORMAL PERIOD: 1991 TO 2020
CLIMATE RECORD PERIOD: 1893 TO 2023
WEATHER OBSERVED NORMAL DEPART LAST YEAR`S
VALUE DATE(S) VALUE FROM VALUE
NORMAL
..............................................................
TEMPERATURE (F)
RECORD
HIGH 102 09/01/1932
LOW 8 11/25/1970
HIGHEST 95 09/05 90
LOWEST 20 11/28 22
AVG. MAXIMUM 71.0 68.6 2.4 71.0
AVG. MINIMUM 45.6 45.6 0.0 47.2
MEAN 58.3 57.1 1.2 59.1
DAYS MAX >= 90 6 2.8 3.2 1
DAYS MAX <= 32 0 0.0 0.0 0
DAYS MIN <= 32 18 15.4 2.6 15
DAYS MIN <= 0 0 0.0 0.0 0
PRECIPITATION (INCHES)
RECORD
MAXIMUM 21.42 2020
MINIMUM 1.85 1931
TOTALS 6.76 10.47 -3.71 8.82
DAYS >= .01 18 24.3 -6.3 24
DAYS >= .10 6 14.9 -8.9 17
DAYS >= .50 5 7.0 -2.0 6
DAYS >= 1.00 2 3.4 -1.4 1
GREATEST
24 HR. TOTAL 2.23 2.19
SNOWFALL (INCHES)
TOTALS 0.0 0.0 0.0 0.0
DAYS >= TRACE 0 0.0 0.0 0
DAYS >= 1.0 0 0.0 0.0 0
GREATEST
24 HR TOTAL 0.0 0.0
DEGREE DAYS
HEATING TOTAL 776 869 -93 724
COOLING TOTAL 194 156 38 209
..............................................................
WIND (MPH)
AVERAGE WIND SPEED 3.5
RESULTANT WIND SPEED/DIRECTION 1/060
HIGHEST WIND SPEED/DIRECTION 28/140 DATE 09/08
HIGHEST GUST SPEED/DIRECTION 39/140 DATE 09/08
SKY COVER
AVERAGE SKY COVER 0.28
AVERAGE RH (PERCENT) 68
WEATHER CONDITIONS. NUMBER OF DAYS WITH
THUNDERSTORM 4 MIXED PRECIP 0
HEAVY RAIN 6 RAIN 6
LIGHT RAIN 27 FREEZING RAIN 0
LT FREEZING RAIN 0 HAIL 0
HEAVY SNOW 0 SNOW 0
LIGHT SNOW 0 SLEET 0
FOG 37 FOG W/VIS <= 1/4 MILE 7
HAZE 5
- INDICATES NEGATIVE NUMBERS.
R INDICATES RECORD WAS SET OR TIED.
MM INDICATES DATA IS MISSING.
T INDICATES TRACE AMOUNT.
$$
PW