000
CXUS54 KLZK 090521
CF6LZK
PRELIMINARY LOCAL CLIMATOLOGICAL DATA (WS FORM: F-6)
STATION: NORTH LITTLE ROCK
MONTH: MARCH
YEAR: 2023
LATITUDE: 34 50 N
LONGITUDE: 92 16 W
TEMPERATURE IN F: :PCPN: SNOW: WIND :SUNSHINE: SKY :PK WND
================================================================================
1 2 3 4 5 6A 6B 7 8 9 10 11 12 13 14 15 16 17 18
12Z AVG MX 2MIN
DY MAX MIN AVG DEP HDD CDD WTR SNW DPTH SPD SPD DIR MIN PSBL S-S WX SPD DR
================================================================================
1 71 60 66 18 0 1 0.76 0.0 0 M M M M M M 3 M M
2 60 54 57 8 8 0 0.54 0.0 0 M M M M M M 13 M M
3 62 46 54 5 11 0 1.13 0.0 0 M M M M M M 13 M M
4 64 45 55 6 10 0 0.00 0.0 0 M M M M M M M M
5 71 46 59 9 6 0 0.00 0.0 0 M M M M M M M M
6 79 54 67 17 0 2 0.00 0.0 0 M M M M M M M M
7 66 52 59 9 6 0 0.00 0.0 0 M M M M M M M M
8 52 46 49 -1 16 0 0.24 0.0 0 M M M M M M 3 M M
9 52 47 50 -1 15 0 1.04 0.0 0 M M M M M M M M
10 62 41 52 1 13 0 0.00 0.0 0 M M M M M M M M
11 50 41 46 -6 19 0 0.30 0.0 0 M M M M M M 13 M M
12 56 46 51 -1 14 0 T 0.0 0 M M M M M M M M
13 53 36 45 -7 20 0 0.00 0.0 0 M M M M M M M M
14 50 29 40 -12 25 0 0.00 0.0 0 M M M M M M M M
15 56 31 44 -9 21 0 0.00 0.0 0 M M M M M M M M
16 60 47 54 1 11 0 2.30 0.0 0 M M M M M M 3 M M
17 52 38 45 -8 20 0 0.00 0.0 0 M M M M M M M M
18 49 31 40 -14 25 0 0.00 0.0 0 M M M M M M M M
19 44 26 35 -19 30 0 0.00 0.0 0 M M M M M M M M
20 56 29 43 -11 22 0 0.00 0.0 0 M M M M M M M M
21 52 42 47 -7 18 0 0.09 0.0 0 M M M M M M M M
22 73 50 62 7 3 0 T 0.0 0 M M M M M M M M
23 80 66 73 18 0 8 T 0.0 0 M M M M M M M M
24 70 52 61 5 4 0 1.98 0.0 0 M M M M M M 13 M M
25 71 48 60 4 5 0 0.00 0.0 0 M M M M M M M M
26 77 49 63 7 2 0 0.00 0.0 0 M M M M M M M M
27 67 47 57 1 8 0 0.00 0.0 0 M M M M M M M M
28 63 46 55 -2 10 0 T 0.0 0 M M M M M M M M
29 64 41 53 -4 12 0 0.00 0.0 0 M M M M M M M M
30 74 51 63 6 2 0 0.00 0.0 0 M M M M M M M M
31 76 61 69 11 0 4 0.90 T 0 M M M M M M 35X M M
================================================================================
SM 1932 1398 356 15 9.28 T M M M
================================================================================
AV 62.3 45.1 M FASTST M M M MAX(MPH)
MISC ----> M M M M
================================================================================
NOTES:
# LAST OF SEVERAL OCCURRENCES
COLUMN 17 PEAK WIND IN M.P.H.
PRELIMINARY LOCAL CLIMATOLOGICAL DATA (WS FORM: F-6) , PAGE 2
STATION: NORTH LITTLE ROCK
MONTH: MARCH
YEAR: 2023
LATITUDE: 34 50 N
LONGITUDE: 92 16 W
[TEMPERATURE DATA] [PRECIPITATION DATA] SYMBOLS USED IN COLUMN 16
AVERAGE MONTHLY: 53.7 TOTAL FOR MONTH: 9.28 1 = FOG OR MIST
DPTR FM NORMAL: 0.7 DPTR FM NORMAL: 4.15 2 = FOG REDUCING VISIBILITY
HIGHEST: 80 ON 23 GRTST 24HR 2.30 ON 16-16 TO 1/4 MILE OR LESS
LOWEST: 26 ON 19 3 = THUNDER
SNOW, ICE PELLETS, HAIL 4 = ICE PELLETS
TOTAL MONTH: T 5 = HAIL
GRTST 24HR T ON 31-31 6 = FREEZING RAIN OR DRIZZLE
GRTST DEPTH: 0 7 = DUSTSTORM OR SANDSTORM:
VSBY 1/2 MILE OR LESS
8 = SMOKE OR HAZE
[NO. OF DAYS WITH] [WEATHER - DAYS WITH] 9 = BLOWING SNOW
X = TORNADO
MAX 32 OR BELOW: 0 0.01 INCH OR MORE: 10
MAX 90 OR ABOVE: 0 0.10 INCH OR MORE: 9
MIN 32 OR BELOW: 5 0.50 INCH OR MORE: 7
MIN 0 OR BELOW: 0 1.00 INCH OR MORE: 4
[HDD (BASE 65) ]
TOTAL THIS MO. 356 CLEAR (SCALE 0-3) 0
DPTR FM NORMAL -29 PTCLDY (SCALE 4-7) 0
TOTAL FM JUL 1 2558 CLOUDY (SCALE 8-10) 31
DPTR FM NORMAL -401
[CDD (BASE 65) ]
TOTAL THIS MO. 15
DPTR FM NORMAL 2 [PRESSURE DATA]
TOTAL FM JAN 1 17 HIGHEST SLP M ON M
DPTR FM NORMAL 3 LOWEST SLP 29.07 ON 3
[REMARKS]
#FINAL-03-23#