000
CXUS56 KHNX 011214
CF6MAE
PRELIMINARY LOCAL CLIMATOLOGICAL DATA (WS FORM: F-6)
STATION: MADERA CA AIRPORT
MONTH: APRIL
YEAR: 2021
LATITUDE: 36 58 N
LONGITUDE: 120 7 W
TEMPERATURE IN F: :PCPN: SNOW: WIND :SUNSHINE: SKY :PK WND
================================================================================
1 2 3 4 5 6A 6B 7 8 9 10 11 12 13 14 15 16 17 18
12Z AVG MX 2MIN
DY MAX MIN AVG DEP HDD CDD WTR SNW DPTH SPD SPD DIR MIN PSBL S-S WX SPD DR
================================================================================
1 86 42 64 8 1 0 0.00 0.0 0 2.7 8 340 M M 0 32 220
2 86 43 65 9 0 0 0.00 0.0 0 4.2 12 280 M M 0 37 180
3 79 47 63 7 2 0 0.00 0.0 0 7.2 15 320 M M 0 18 320
4 73 46 60 3 5 0 0.00 0.0 0 7.9 16 330 M M 0 21 320
5 72 46 59 2 6 0 0.00 0.0 0 9.0 18 320 M M 0 23 360
6 79 41 60 3 5 0 0.00 0.0 0 5.7 9 20 M M 0 1 14 350
7 81 46 64 7 1 0 0.00 0.0 0 6.7 14 310 M M 0 1 17 290
8 77 40 59 1 6 0 0.00 0.0 0 8.1 15 330 M M 0 19 290
9 79 43 61 3 4 0 0.00 0.0 0 6.1 13 290 M M 0 16 290
10 77 39 58 0 7 0 0.00 0.0 0 6.9 17 320 M M 0 22 330
11 81 44 63 5 2 0 0.00 0.0 0 4.0 14 310 M M 0 19 310
12 83 44 64 6 1 0 0.00 0.0 0 5.6 13 280 M M 0 17 290
13 77 44 61 2 4 0 0.00 0.0 0 7.9 18 280 M M 0 23 280
14 70 42 56 -3 9 0 0.00 0.0 0 5.6 14 340 M M 0 18 350
15 78 41 60 1 5 0 0.00 0.0 0 5.3 12 300 M M 0 16 330
16 80 40 60 0 5 0 0.00 0.0 0 7.1 16 350 M M 0 21 300
17 82 45 64 4 1 0 0.00 0.0 0 5.8 13 320 M M 0 17 280
18 88 42 65 5 0 0 0.00 0.0 0 5.0 16 330 M M 0 25 350
19 89 47 68 8 0 3 0.00 0.0 0 5.7 14 310 M M 0 18 290
20 80 47 64 3 1 0 0.00 0.0 0 8.2 18 300 M M 0 8 28 280
21 75 47 61 0 4 0 T 0.0 0 4.9 10 280 M M 1 14 230
22 80 44 62 1 3 0 0.00 0.0 0 7.0 15 290 M M 0 8 30 280
23 78 45 62 0 3 0 0.00 0.0 0 7.0 15 290 M M 0 20 310
24 75 46 61 -1 4 0 0.00 0.0 0 8.0 15 290 M M 0 33 280
25 66 50 58 -4 7 0 0.01 0.0 0 7.6 22 290 M M 6 1 36 290
26 69 47 58 -4 7 0 T 0.0 0 9.6 16 330 M M 3 23 310
27 76 39 58 -5 7 0 0.00 0.0 0 6.5 15 330 M M 0 23 20
28 83 41 62 -1 3 0 0.00 0.0 0 4.4 13 280 M M 0 19 20
29 90 48 69 6 0 4 0.00 0.0 0 4.9 9 300 M M 0 14 280
30 94 51 73 9 0 8 0.00 0.0 0 6.9 13 300 M M 0 19 310
================================================================================
SM 2383 1327 103 15 0.01 0.0 191.5 M 10
================================================================================
AV 79.4 44.2 6.4 FASTST M M 0 MAX(MPH)
MISC ----> 22 290 37 180
================================================================================
NOTES:
# LAST OF SEVERAL OCCURRENCES
COLUMN 17 PEAK WIND IN M.P.H.
PRELIMINARY LOCAL CLIMATOLOGICAL DATA (WS FORM: F-6) , PAGE 2
STATION: MADERA CA AIRPORT
MONTH: APRIL
YEAR: 2021
LATITUDE: 36 58 N
LONGITUDE: 120 7 W
[TEMPERATURE DATA] [PRECIPITATION DATA] SYMBOLS USED IN COLUMN 16
AVERAGE MONTHLY: 61.8 TOTAL FOR MONTH: 0.01 1 = FOG OR MIST
DPTR FM NORMAL: 2.2 DPTR FM NORMAL: -0.94 2 = FOG REDUCING VISIBILITY
HIGHEST: 94 ON 30 GRTST 24HR 0.01 ON 25-25 TO 1/4 MILE OR LESS
LOWEST: 39 ON 27,10 3 = THUNDER
SNOW, ICE PELLETS, HAIL 4 = ICE PELLETS
TOTAL MONTH: 0.0 INCH 5 = HAIL
GRTST 24HR 0.0 6 = FREEZING RAIN OR DRIZZLE
GRTST DEPTH: 0 7 = DUSTSTORM OR SANDSTORM:
VSBY 1/2 MILE OR LESS
8 = SMOKE OR HAZE
[NO. OF DAYS WITH] [WEATHER - DAYS WITH] 9 = BLOWING SNOW
X = TORNADO
MAX 32 OR BELOW: 0 0.01 INCH OR MORE: 1
MAX 90 OR ABOVE: 2 0.10 INCH OR MORE: 0
MIN 32 OR BELOW: 0 0.50 INCH OR MORE: 0
MIN 0 OR BELOW: 0 1.00 INCH OR MORE: 0
[HDD (BASE 65) ]
TOTAL THIS MO. 103 CLEAR (SCALE 0-3) 29
DPTR FM NORMAL -83 PTCLDY (SCALE 4-7) 1
TOTAL FM JUL 1 2152 CLOUDY (SCALE 8-10) 0
DPTR FM NORMAL -451
[CDD (BASE 65) ]
TOTAL THIS MO. 15
DPTR FM NORMAL -9 [PRESSURE DATA]
TOTAL FM JAN 1 15 HIGHEST SLP 30.21 ON 29
DPTR FM NORMAL -10 LOWEST SLP 29.75 ON 12
[REMARKS]
#FINAL-04-21#