000
CXUS54 KMAF 011231
CF6MAF
PRELIMINARY LOCAL CLIMATOLOGICAL DATA (WS FORM: F-6)
STATION: MIDLAND INTERNATIONAL AIRPORT
MONTH: MAY
YEAR: 2023
LATITUDE: 31 57 N
LONGITUDE: 102 11 W
TEMPERATURE IN F: :PCPN: SNOW: WIND :SUNSHINE: SKY :PK WND
================================================================================
1 2 3 4 5 6A 6B 7 8 9 10 11 12 13 14 15 16 17 18
12Z AVG MX 2MIN
DY MAX MIN AVG DEP HDD CDD WTR SNW DPTH SPD SPD DIR MIN PSBL S-S WX SPD DR
================================================================================
1 81 52 67 -3 0 2 0.00 0.0 0 11.1 23 60 M M 0 30 60
2 84 59 72 1 0 7 0.10 0.0 0 10.1 38 130 M M 3 138 62 140
3 85 58 72 1 0 7 0.02 0.0 0 12.2 31 210 M M 3 38 40 210
4 88 65 77 6 0 12 0.00 0.0 0 14.6 28 240 M M 2 1 38 240
5 93 61 77 5 0 12 0.00 0.0 0 8.3 24 240 M M 0 18 36 270
6 95 55 75 3 0 10 0.00 0.0 0 5.9 20 260 M M 0 8 24 260
7 94 61 78 6 0 13 0.00 0.0 0 8.3 17 170 M M 1 18 21 230
8 96 63 80 7 0 15 0.00 0.0 0 8.6 20 210 M M 0 18 27 210
9 96 66 81 8 0 16 0.00 0.0 0 14.7 32 140 M M 0 43 140
10 92 62 77 4 0 12 0.00 0.0 0 15.7 26 170 M M 0 34 140
11 89 62 76 2 0 11 0.00 0.0 0 13.0 25 250 M M 0 8 37 250
12 91 55 73 -1 0 8 0.19 0.0 0 11.0 36 120 M M 4 1358 42 120
13 70 58 64 -10 1 0 0.05 0.0 0 13.1 31 10 M M 7 1 39 20
14 79 57 68 -7 0 3 0.00 0.0 0 7.9 16 330 M M 6 1 22 320
15 82 58 70 -5 0 5 0.00 0.0 0 8.5 18 30 M M 4 18 27 20
16 84 63 74 -1 0 9 0.00 0.0 0 6.9 17 130 M M 4 18 23 140
17 89 60 75 -1 0 10 0.00 0.0 0 10.0 30 360 M M 2 138 39 10
18 89 64 77 1 0 12 0.01 0.0 0 11.9 26 120 M M 5 18 33 90
19 89 63 76 0 0 11 0.02 0.0 0 11.0 29 60 M M 3 3 40 360
20 72 58 65 -12 0 0 0.28 0.0 0 10.7 40 220 M M 4 138 59 210
21 81 63 72 -5 0 7 0.00 0.0 0 10.7 20 120 M M 5 18 25 160
22 87 63 75 -3 0 10 0.19 T 0 11.4 26 170 M M 3 138 34 200
23 94 62 78 0 0 13 0.00 0.0 0 11.8 28 190 M M 1 1 36 190
24 83 65 74 -4 0 9 0.00 0.0 0 15.6 24 150 M M 5 32 130
25 84 62 73 -5 0 8 T 0.0 0 16.5 23 130 M M 6 31 110
26 83 65 74 -5 0 9 0.01 0.0 0 17.2 25 140 M M 7 18 34 130
27 83 67 75 -4 0 10 0.11 0.0 0 15.1 25 160 M M 2 13 35 150
28 85 61 73 -6 0 8 T 0.0 0 12.0 23 160 M M 1 13 29 150
29 91 63 77 -3 0 12 0.00 0.0 0 10.4 22 160 M M 1 1 29 160
30 94 64 79 -1 0 14 0.00 0.0 0 14.2 24 130 M M 0 31 150
31 90 66 78 -2 0 13 0.00 0.0 0 19.7 33 150 M M 1 3 44 130
================================================================================
SM 2693 1901 1 288 0.98 T 368.1 M 80
================================================================================
AV 86.9 61.3 11.9 FASTST M M 3 MAX(MPH)
MISC ----> 40 220 62 140
================================================================================
NOTES:
# LAST OF SEVERAL OCCURRENCES
COLUMN 17 PEAK WIND IN M.P.H.
PRELIMINARY LOCAL CLIMATOLOGICAL DATA (WS FORM: F-6) , PAGE 2
STATION: MIDLAND INTERNATIONAL AIRPORT
MONTH: MAY
YEAR: 2023
LATITUDE: 31 57 N
LONGITUDE: 102 11 W
[TEMPERATURE DATA] [PRECIPITATION DATA] SYMBOLS USED IN COLUMN 16
AVERAGE MONTHLY: 74.1 TOTAL FOR MONTH: 0.98 1 = FOG OR MIST
DPTR FM NORMAL: -1.3 DPTR FM NORMAL: -0.59 2 = FOG REDUCING VISIBILITY
HIGHEST: 96 ON 9, 8 GRTST 24HR 0.30 ON 19-20 TO 1/4 MILE OR LESS
LOWEST: 52 ON 1 3 = THUNDER
SNOW, ICE PELLETS, HAIL 4 = ICE PELLETS
TOTAL MONTH: T 5 = HAIL
GRTST 24HR T ON 22-22 6 = FREEZING RAIN OR DRIZZLE
GRTST DEPTH: 0 7 = DUSTSTORM OR SANDSTORM:
VSBY 1/2 MILE OR LESS
8 = SMOKE OR HAZE
[NO. OF DAYS WITH] [WEATHER - DAYS WITH] 9 = BLOWING SNOW
X = TORNADO
MAX 32 OR BELOW: 0 0.01 INCH OR MORE: 10
MAX 90 OR ABOVE: 11 0.10 INCH OR MORE: 5
MIN 32 OR BELOW: 0 0.50 INCH OR MORE: 0
MIN 0 OR BELOW: 0 1.00 INCH OR MORE: 0
[HDD (BASE 65) ]
TOTAL THIS MO. 1 CLEAR (SCALE 0-3) 19
DPTR FM NORMAL -13 PTCLDY (SCALE 4-7) 12
TOTAL FM JUL 1 2438 CLOUDY (SCALE 8-10) 0
DPTR FM NORMAL 74
[CDD (BASE 65) ]
TOTAL THIS MO. 288
DPTR FM NORMAL -46 [PRESSURE DATA]
TOTAL FM JAN 1 395 HIGHEST SLP 30.24 ON 20
DPTR FM NORMAL -96 LOWEST SLP 29.56 ON 10
[REMARKS]
#FINAL-05-23#