000
CXUS52 KTAE 010800
CF6MAI
PRELIMINARY LOCAL CLIMATOLOGICAL DATA (WS FORM: F-6)
STATION: MARIANNA
MONTH: MAY
YEAR: 2021
LATITUDE: 30 50 N
LONGITUDE: 85 11 W
TEMPERATURE IN F: :PCPN: SNOW: WIND :SUNSHINE: SKY :PK WND
================================================================================
1 2 3 4 5 6A 6B 7 8 9 10 11 12 13 14 15 16 17 18
12Z AVG MX 2MIN
DY MAX MIN AVG DEP HDD CDD WTR SNW DPTH SPD SPD DIR MIN PSBL S-S WX SPD DR
================================================================================
1 84 57 71 -1 0 6 0.00 0.0 M 4.0 13 70 M M 0 16 90
2 86 61 74 2 0 9 0.02 0.0 M 5.6 16 200 M M 1 19 200
3 89 70 80 8 0 15 T 0.0 M 10.7 25 220 M M 4 33 220
4 91 66 79 6 0 14 0.06 0.0 M 12.4 35 340 M M 7 13 43 330
5 77 66 72 -1 0 7 0.03 0.0 M 6.5 22 180 M M 3 1 27 180
6 81 62 72 -1 0 7 0.00 0.0 0 6.6 15 330 M M 3 17 330
7 80 53 67 -7 0 2 M M M 6.1 20 300 M M 0 26 310
8 81 48 65 -9 0 0 0.00 0.0 0 2.5 9 190 M M 0 13 110
9 87 55 71 -3 0 6 0.00 0.0 0 8.9 21 210 M M 2 29 200
10 76 67 72 -2 0 7 0.53 0.0 0 4.8 21 270 M M 5 13 24 270
11 85 65 75 0 0 10 0.22 0.0 0 3.9 28 270 M M 6 13 32 280
12 80 57 69 -6 0 4 1.07 M M 6.1 25 280 M M 8 123 31 280
13 69 54 62 -13 3 0 0.14 M M 7.9 17 50 M M 8 1 22 60
14 77 52 65 -11 0 0 0.00 M M 4.9 16 40 M M 0 1 21 30
15 80 54 67 -9 0 2 0.00 M M 5.2 17 60 M M 0 23 60
16 80 54 67 -9 0 2 0.00 0.0 0 4.2 14 70 M M 0 18 80
17 84 63 74 -2 0 9 0.00 0.0 0 6.9 13 150 M M 0 19 120
18 84 66 75 -2 0 10 0.00 0.0 0 8.4 16 100 M M 2 23 100
19 85 65 75 -2 0 10 0.00 0.0 0 9.6 17 80 M M 2 24 100
20 85 66 76 -1 0 11 0.00 0.0 M 10.4 18 80 M M 0 25 80
21 87 63 75 -2 0 10 0.00 0.0 0 9.0 17 80 M M 1 25 110
22 86 64 75 -3 0 10 0.00 0.0 M 6.3 15 80 M M 1 20 150
23 88 63 76 -2 0 11 0.00 0.0 M 2.8 12 210 M M 1 15 210
24 91 63 77 -1 0 12 0.00 0.0 0 2.7 10 250 M M 1 14 130
25 92 65 79 1 0 14 0.00 0.0 0 4.1 12 260 M M 0 16 200
26 90 64 77 -1 0 12 0.00 0.0 0 4.3 13 290 M M 1 21 90
27 91 64 78 -1 0 13 0.00 0.0 0 5.6 15 210 M M 2 12 19 200
28 91 65 78 -1 0 13 T 0.0 0 9.2 21 240 M M 2 28 220
29 88 67 78 -1 0 13 0.28 0.0 M 6.4 14 320 M M 4 1 19 290
30 84 60 72 -7 0 7 0.00 0.0 0 5.6 14 30 M M 0 18 30
31 89 60 75 -4 0 10 0.00 0.0 0 6.3 13 80 M M 2 18 100
================================================================================
SM 2618 1899 3 256 2.35 0.0 197.9 M 66
================================================================================
AV 84.5 61.3 6.4 FASTST M M 2 MAX(MPH)
MISC ----> 35 340 43 330
================================================================================
NOTES:
# LAST OF SEVERAL OCCURRENCES
COLUMN 17 PEAK WIND IN M.P.H.
PRELIMINARY LOCAL CLIMATOLOGICAL DATA (WS FORM: F-6) , PAGE 2
STATION: MARIANNA
MONTH: MAY
YEAR: 2021
LATITUDE: 30 50 N
LONGITUDE: 85 11 W
[TEMPERATURE DATA] [PRECIPITATION DATA] SYMBOLS USED IN COLUMN 16
AVERAGE MONTHLY: 72.9 TOTAL FOR MONTH: 2.35 1 = FOG OR MIST
DPTR FM NORMAL: -3.0 DPTR FM NORMAL: -0.80 2 = FOG REDUCING VISIBILITY
HIGHEST: 92 ON 25 GRTST 24HR 1.21 ON 12-13 TO 1/4 MILE OR LESS
LOWEST: 48 ON 8 3 = THUNDER
SNOW, ICE PELLETS, HAIL 4 = ICE PELLETS
TOTAL MONTH: 0.0 INCH 5 = HAIL
GRTST 24HR 0.0 6 = FREEZING RAIN OR DRIZZLE
GRTST DEPTH: 0 7 = DUSTSTORM OR SANDSTORM:
VSBY 1/2 MILE OR LESS
8 = SMOKE OR HAZE
[NO. OF DAYS WITH] [WEATHER - DAYS WITH] 9 = BLOWING SNOW
X = TORNADO
MAX 32 OR BELOW: 0 0.01 INCH OR MORE: 8
MAX 90 OR ABOVE: 6 0.10 INCH OR MORE: 5
MIN 32 OR BELOW: 0 0.50 INCH OR MORE: 2
MIN 0 OR BELOW: 0 1.00 INCH OR MORE: 1
[HDD (BASE 65) ]
TOTAL THIS MO. 3 CLEAR (SCALE 0-3) 24
DPTR FM NORMAL 1 PTCLDY (SCALE 4-7) 7
TOTAL FM JUL 1 1427 CLOUDY (SCALE 8-10) 0
DPTR FM NORMAL -91
[CDD (BASE 65) ]
TOTAL THIS MO. 256
DPTR FM NORMAL -83 [PRESSURE DATA]
TOTAL FM JAN 1 474 HIGHEST SLP M ON M
DPTR FM NORMAL -70 LOWEST SLP 29.82 ON 3
[REMARKS]
#FINAL-05-21#