000
CXUS56 KHNX 012350
CF6MCE
PRELIMINARY LOCAL CLIMATOLOGICAL DATA (WS FORM: F-6)
STATION: MERCED CA AIRPORT
MONTH: OCTOBER
YEAR: 2021
LATITUDE: 37 16 N
LONGITUDE: 120 36 W
TEMPERATURE IN F: :PCPN: SNOW: WIND :SUNSHINE: SKY :PK WND
================================================================================
1 2 3 4 5 6A 6B 7 8 9 10 11 12 13 14 15 16 17 18
12Z AVG MX 2MIN
DY MAX MIN AVG DEP HDD CDD WTR SNW DPTH SPD SPD DIR MIN PSBL S-S WX SPD DR
================================================================================
1 92 50 71 2 0 6 0.00 0.0 0 2.2 7 350 M M 0 8 10 340
2 93 52 73 4 0 8 0.00 0.0 0 2.6 10 20 M M 0 8 13 20
3 87 51 69 0 0 4 0.00 0.0 0 3.0 7 330 M M 0 8 9 190
4 90 50 70 2 0 5 0.00 0.0 0 3.0 7 60 M M 6 8 11 80
5 90 53 72 4 0 7 0.00 0.0 0 5.4 13 330 M M 4 8 16 330
6 80 59 70 2 0 5 0.00 0.0 0 7.8 14 350 M M 1 16 340
7 79 54 67 0 0 2 0.00 0.0 0 6.0 12 340 M M 2 14 350
8 72 52 62 -5 3 0 0.04 0.0 0 6.0 14 340 M M 3 1 18 330
9 74 44 59 -8 6 0 0.00 0.0 0 4.9 13 320 M M 1 17 350
10 80 45 63 -3 2 0 0.00 0.0 0 3.5 9 310 M M 0 12 300
11 70 48 59 -7 6 0 0.00 0.0 0 19.1 36 330 M M 4 8 45 310
12 71 42 57 -9 8 0 0.00 0.0 0 11.8 23 320 M M 0 31 340
13 75 39 57 -8 8 0 0.00 0.0 0 5.0 10 150 M M 0 8 12 130
14 75 40 58 -7 7 0 0.00 0.0 0 5.3 15 320 M M 0 8 22 350
15 82 43 63 -2 2 0 0.00 0.0 0 2.8 7 140 M M 0 9 270
16 85 45 65 1 0 0 0.00 0.0 0 2.3 8 180 M M 0 10 190
17 82 45 64 0 1 0 T 0.0 0 8.1 20 260 M M 1 8 28 260
18 66 45 56 -8 9 0 0.00 0.0 0 4.4 15 320 M M 3 20 320
19 71 37 54 -9 11 0 0.00 0.0 0 4.8 13 110 M M 0 16 110
20 75 55 65 2 0 0 0.00 0.0 0 4.3 14 160 M M 9 8 18 180
21 83 58 71 8 0 6 0.00 0.0 0 3.4 13 260 M M 3 8 18 270
22 64 52 58 -4 7 0 0.12 0.0 0 6.2 14 350 M M 5 18 17 350
23 71 55 63 1 2 0 0.00 0.0 0 4.6 13 360 M M 4 17 340
24 72 58 65 3 0 0 T 0.0 0 18.0 29 150 M M 10 41 150
25 66 51 59 -2 6 0 1.57 0.0 0 6.0 24 160 M M 7 1 34 170
26 68 48 58 -3 7 0 0.00 0.0 0 3.5 9 340 M M 1 13 320
27 71 48 60 0 5 0 0.00 0.0 0 2.9 9 270 M M 2 18 12 350
28 75 50 63 3 2 0 0.00 0.0 0 2.3 6 120 M M 0 18 11 160
29 79 50 65 5 0 0 0.00 0.0 0 2.2 8 130 M M 0 18 10 280
30 76 53 65 5 0 0 0.00 0.0 0 4.1 14 340 M M 1 128 17 340
31 70 53 62 3 3 0 0.00 0.0 0 3.9 15 330 M M 4 21 320
================================================================================
SM 2384 1525 95 43 1.73 0.0 169.4 M 71
================================================================================
AV 76.9 49.2 5.5 FASTST M M 2 MAX(MPH)
MISC ----> 36 330 45 310
================================================================================
NOTES:
# LAST OF SEVERAL OCCURRENCES
COLUMN 17 PEAK WIND IN M.P.H.
PRELIMINARY LOCAL CLIMATOLOGICAL DATA (WS FORM: F-6) , PAGE 2
STATION: MERCED CA AIRPORT
MONTH: OCTOBER
YEAR: 2021
LATITUDE: 37 16 N
LONGITUDE: 120 36 W
[TEMPERATURE DATA] [PRECIPITATION DATA] SYMBOLS USED IN COLUMN 16
AVERAGE MONTHLY: 63.0 TOTAL FOR MONTH: 1.73 1 = FOG OR MIST
DPTR FM NORMAL: -1.3 DPTR FM NORMAL: 1.09 2 = FOG REDUCING VISIBILITY
HIGHEST: 93 ON 2 GRTST 24HR 1.57 ON 25-25 TO 1/4 MILE OR LESS
LOWEST: 37 ON 19 3 = THUNDER
SNOW, ICE PELLETS, HAIL 4 = ICE PELLETS
TOTAL MONTH: 0.0 INCH 5 = HAIL
GRTST 24HR 0.0 6 = FREEZING RAIN OR DRIZZLE
GRTST DEPTH: 0 7 = DUSTSTORM OR SANDSTORM:
VSBY 1/2 MILE OR LESS
8 = SMOKE OR HAZE
[NO. OF DAYS WITH] [WEATHER - DAYS WITH] 9 = BLOWING SNOW
X = TORNADO
MAX 32 OR BELOW: 0 0.01 INCH OR MORE: 3
MAX 90 OR ABOVE: 4 0.10 INCH OR MORE: 2
MIN 32 OR BELOW: 0 0.50 INCH OR MORE: 1
MIN 0 OR BELOW: 0 1.00 INCH OR MORE: 1
[HDD (BASE 65) ]
TOTAL THIS MO. 95 CLEAR (SCALE 0-3) 20
DPTR FM NORMAL 10 PTCLDY (SCALE 4-7) 9
TOTAL FM JUL 1 96 CLOUDY (SCALE 8-10) 2
DPTR FM NORMAL 2
[CDD (BASE 65) ]
TOTAL THIS MO. 43
DPTR FM NORMAL -21 [PRESSURE DATA]
TOTAL FM JAN 1 1980 HIGHEST SLP 30.35 ON 27
DPTR FM NORMAL 398 LOWEST SLP 29.61 ON 24
[REMARKS]
#FINAL-10-21#